{"id":5506,"date":"2020-04-13T17:40:04","date_gmt":"2020-04-13T15:40:04","guid":{"rendered":"http:\/\/agora.xtec.cat\/ceip-lespalmeres\/?page_id=5506"},"modified":"2020-04-24T15:05:13","modified_gmt":"2020-04-24T13:05:13","slug":"tercer","status":"publish","type":"page","link":"https:\/\/agora.xtec.cat\/ceip-lespalmeres\/tercer\/","title":{"rendered":"TERCER"},"content":{"rendered":"<table>\n<tbody>\n<tr style=\"height: 240px;\">\n<td style=\"width: 123px; height: 240px;\"><a href=\"https:\/\/accounts.google.com\/ServiceLogin\/signinchooser?service=mail&amp;passive=true&amp;rm=false&amp;continue=https%3A%2F%2Fmail.google.com%2Fmail%2F%3Ftab%3Dwm&amp;scc=1&amp;ltmpl=default&amp;ltmplcache=2&amp;emr=1&amp;osid=1&amp;flowName=GlifWebSignIn&amp;flowEntry=ServiceLogin\" target=\"_blank\" rel=\"noopener noreferrer\"><img loading=\"lazy\" decoding=\"async\" class=\"wp-image-5518 aligncenter\" src=\"https:\/\/agora.xtec.cat\/ceip-lespalmeres\/wp-content\/uploads\/usu1432\/2020\/04\/MAIL.png\" alt=\"\" width=\"106\" height=\"106\" srcset=\"https:\/\/agora.xtec.cat\/ceip-lespalmeres\/wp-content\/uploads\/usu1432\/2020\/04\/MAIL.png 225w, https:\/\/agora.xtec.cat\/ceip-lespalmeres\/wp-content\/uploads\/usu1432\/2020\/04\/MAIL-150x150.png 150w\" sizes=\"auto, (max-width: 106px) 100vw, 106px\" \/><\/a><\/p>\n<h3 style=\"text-align: center;\"><span style=\"color: #ff0000;\"><strong><a href=\"https:\/\/accounts.google.com\/ServiceLogin\/signinchooser?service=mail&amp;passive=true&amp;rm=false&amp;continue=https%3A%2F%2Fmail.google.com%2Fmail%2F%3Ftab%3Dwm&amp;scc=1&amp;ltmpl=default&amp;ltmplcache=2&amp;emr=1&amp;osid=1&amp;flowName=GlifWebSignIn&amp;flowEntry=ServiceLogin\" target=\"_blank\" rel=\"noopener noreferrer\">CORREU\u00a0<\/a>\u00a0<\/strong><\/span><\/h3>\n<\/td>\n<td style=\"width: 466px; height: 240px;\" colspan=\"2\">\n<table style=\"height: 131px; width: 452px;\">\n<tbody>\n<tr style=\"height: 33px;\">\n<td style=\"height: 33px; width: 78px; text-align: center;\"><span style=\"color: #333333;\"><strong>DILLUNS<\/strong><\/span><\/td>\n<td style=\"height: 33px; width: 86px; text-align: center;\"><span style=\"color: #333333;\"><strong>DIMARTS<\/strong><\/span><\/td>\n<td style=\"height: 33px; width: 129px; text-align: center;\"><span style=\"color: #333333;\"><strong>DIMECRES<\/strong><\/span><\/td>\n<td style=\"height: 33px; width: 102px; text-align: center;\"><span style=\"color: #333333;\"><strong>DIJOUS<\/strong><\/span><\/td>\n<td style=\"height: 33px; width: 89px; text-align: center;\"><span style=\"color: #333333;\"><strong>DIVENDRES<\/strong><\/span><\/td>\n<\/tr>\n<tr style=\"height: 35px;\">\n<td style=\"height: 35px; width: 78px; text-align: center;\"><span style=\"font-weight: 400;\">MATES<\/span><\/td>\n<td style=\"height: 35px; width: 86px; text-align: center;\"><span style=\"font-weight: 400;\">LLENGUA<\/span><\/td>\n<td style=\"height: 35px; width: 129px; text-align: center;\"><span style=\"font-weight: 400;\">PROJECTE<\/span><\/td>\n<td style=\"height: 35px; width: 102px; text-align: center;\">TALLERS<\/td>\n<td style=\"height: 35px; width: 89px; text-align: center;\">CAPSES<\/td>\n<\/tr>\n<tr style=\"height: 27px;\">\n<td style=\"width: 78px; text-align: center; height: 27px;\"><span style=\"font-weight: 400;\">\u00a0<\/span><\/td>\n<td style=\"width: 86px; text-align: center; height: 27px;\"><span style=\"font-weight: 400;\">\u00a0<\/span><\/td>\n<td style=\"width: 129px; text-align: center; height: 27px;\"><span style=\"font-weight: 400;\">\u00a0<\/span><\/td>\n<td style=\"width: 102px; text-align: center; height: 27px;\"><\/td>\n<td style=\"width: 89px; text-align: center; height: 27px;\"><\/td>\n<\/tr>\n<tr style=\"height: 42px;\">\n<td style=\"height: 10px; width: 78px; text-align: center;\"><span style=\"font-weight: 400;\">LECTURA: <\/span><\/p>\n<p><span style=\"font-weight: 400;\">CLUB DE LECTURA\u00a0<\/span><\/td>\n<td style=\"height: 10px; width: 86px; text-align: center;\"><span style=\"font-weight: 400;\">LECTURA: <\/span><\/p>\n<p><span style=\"font-weight: 400;\">GUST PER LLEGIR<\/span><\/td>\n<td style=\"height: 10px; width: 129px; text-align: center;\"><span style=\"font-weight: 400;\">LECTURA:<\/span><\/p>\n<p>PARAULES IMPRESCINDIBLES<\/td>\n<td style=\"height: 10px; width: 102px; text-align: center;\"><span style=\"font-weight: 400;\">LECTURA:<\/span><\/p>\n<p>COMPRENSI\u00d3 LECTORA<\/td>\n<td style=\"height: 10px; width: 89px; text-align: center;\"><span style=\"font-weight: 400;\">LECTURA:\u00a0<\/span><\/p>\n<p><span style=\"font-weight: 400;\">GUST\u00a0 <\/span><span style=\"font-weight: 400;\">PER LLEGIR<\/span><\/td>\n<\/tr>\n<tr style=\"height: 16px;\">\n<td style=\"height: 16px; width: 78px; text-align: center;\"><\/td>\n<td style=\"height: 16px; width: 86px; text-align: center;\"><\/td>\n<td style=\"height: 16px; width: 129px; text-align: center;\"><\/td>\n<td style=\"height: 16px; width: 102px; text-align: center;\"><\/td>\n<td style=\"height: 16px; width: 89px; text-align: center;\"><\/td>\n<\/tr>\n<tr style=\"height: 10px;\">\n<td style=\"height: 10px; width: 78px; text-align: center;\"><span style=\"font-weight: 400;\">M\u00daSICA<\/span><\/td>\n<td style=\"height: 10px; width: 86px; text-align: center;\"><span style=\"font-weight: 400;\">EDUCACI\u00d3\u00a0 <\/span>F\u00cdSICA<\/td>\n<td style=\"height: 10px; width: 129px; text-align: center;\">ANGL\u00c8S<\/td>\n<td style=\"height: 10px; width: 102px; text-align: center;\"><span style=\"font-weight: 400;\">CASTELL\u00c0<\/span><\/td>\n<td style=\"height: 10px; width: 89px; text-align: center;\"><span style=\"font-weight: 400;\">VALORS<\/span><\/td>\n<\/tr>\n<\/tbody>\n<\/table>\n<\/td>\n<td style=\"width: 182px; height: 240px;\"><a href=\"https:\/\/meet.google.com\/\" target=\"_blank\" rel=\"noopener noreferrer\"><img loading=\"lazy\" decoding=\"async\" class=\"wp-image-5519 aligncenter\" src=\"https:\/\/agora.xtec.cat\/ceip-lespalmeres\/wp-content\/uploads\/usu1432\/2020\/04\/Meet-logo-2x-web-512dp-png.png\" alt=\"\" width=\"77\" height=\"77\" srcset=\"https:\/\/agora.xtec.cat\/ceip-lespalmeres\/wp-content\/uploads\/usu1432\/2020\/04\/Meet-logo-2x-web-512dp-png.png 1024w, https:\/\/agora.xtec.cat\/ceip-lespalmeres\/wp-content\/uploads\/usu1432\/2020\/04\/Meet-logo-2x-web-512dp-png-150x150.png 150w, https:\/\/agora.xtec.cat\/ceip-lespalmeres\/wp-content\/uploads\/usu1432\/2020\/04\/Meet-logo-2x-web-512dp-png-300x300.png 300w, https:\/\/agora.xtec.cat\/ceip-lespalmeres\/wp-content\/uploads\/usu1432\/2020\/04\/Meet-logo-2x-web-512dp-png-768x768.png 768w\" sizes=\"auto, (max-width: 77px) 100vw, 77px\" \/><\/a><\/p>\n<h3 style=\"text-align: center;\"><a href=\"https:\/\/meet.google.com\/\" target=\"_blank\" rel=\"noopener noreferrer\"><span style=\"color: #008080;\"><strong>REUNIONS<\/strong><\/span><\/a><\/h3>\n<\/td>\n<\/tr>\n<tr style=\"height: 107px;\">\n<td style=\"width: 123px; height: 107px;\"><a href=\"https:\/\/drive.google.com\/drive\/folders\/1qEAeljaxrGdBLdpFbuNFhA_0IjPrqALG?usp=sharing\" target=\"_blank\" rel=\"noopener noreferrer\"><img loading=\"lazy\" decoding=\"async\" class=\"alignleft wp-image-5530 size-full\" src=\"https:\/\/agora.xtec.cat\/ceip-lespalmeres\/wp-content\/uploads\/usu1432\/2020\/04\/projectes_petits_talents.jpg\" alt=\"\" width=\"450\" height=\"196\" srcset=\"https:\/\/agora.xtec.cat\/ceip-lespalmeres\/wp-content\/uploads\/usu1432\/2020\/04\/projectes_petits_talents.jpg 450w, https:\/\/agora.xtec.cat\/ceip-lespalmeres\/wp-content\/uploads\/usu1432\/2020\/04\/projectes_petits_talents-300x131.jpg 300w\" sizes=\"auto, (max-width: 450px) 100vw, 450px\" \/><\/a><\/td>\n<td style=\"width: 236px; height: 107px;\"><a href=\"https:\/\/drive.google.com\/drive\/folders\/1raXNIUPYc8izqxMgMXR0Ynb2FfIsCYZN?usp=sharing\" target=\"_blank\" rel=\"noopener noreferrer\"><img loading=\"lazy\" decoding=\"async\" class=\"aligncenter wp-image-5556\" src=\"https:\/\/agora.xtec.cat\/ceip-lespalmeres\/wp-content\/uploads\/usu1432\/2020\/04\/calaixets.jpg\" alt=\"\" width=\"107\" height=\"75\" \/><\/a><\/p>\n<h4 style=\"text-align: center;\"><span style=\"color: #ff6600;\"><strong>CALAIXETS<\/strong><\/span><\/h4>\n<\/td>\n<td style=\"width: 228px; height: 107px;\"><a href=\"https:\/\/drive.google.com\/drive\/folders\/1muVjV3WyuqH3HBIb0RggaXw2ZtY0TUDq?usp=sharing\" target=\"_blank\" rel=\"noopener noreferrer\"><img loading=\"lazy\" decoding=\"async\" class=\"aligncenter wp-image-5532\" src=\"https:\/\/agora.xtec.cat\/ceip-lespalmeres\/wp-content\/uploads\/usu1432\/2020\/04\/valors_Noticia-Ampliada.jpg\" alt=\"\" width=\"96\" height=\"56\" srcset=\"https:\/\/agora.xtec.cat\/ceip-lespalmeres\/wp-content\/uploads\/usu1432\/2020\/04\/valors_Noticia-Ampliada.jpg 765w, https:\/\/agora.xtec.cat\/ceip-lespalmeres\/wp-content\/uploads\/usu1432\/2020\/04\/valors_Noticia-Ampliada-300x176.jpg 300w\" sizes=\"auto, (max-width: 96px) 100vw, 96px\" \/><\/a><\/p>\n<h4 style=\"text-align: center;\"><span style=\"color: #993366;\"><strong>VALORS<\/strong><\/span><\/h4>\n<\/td>\n<td style=\"width: 182px; height: 107px;\"><a href=\"https:\/\/drive.google.com\/drive\/folders\/18oOWgiYljWqB6bA8SEtb-1X9H6N1VxgT?usp=sharing\" target=\"_blank\" rel=\"noopener noreferrer\"><img loading=\"lazy\" decoding=\"async\" class=\"aligncenter wp-image-5534\" src=\"https:\/\/agora.xtec.cat\/ceip-lespalmeres\/wp-content\/uploads\/usu1432\/2020\/04\/montessori-matematiques.jpg\" alt=\"\" width=\"132\" height=\"57\" srcset=\"https:\/\/agora.xtec.cat\/ceip-lespalmeres\/wp-content\/uploads\/usu1432\/2020\/04\/montessori-matematiques.jpg 600w, https:\/\/agora.xtec.cat\/ceip-lespalmeres\/wp-content\/uploads\/usu1432\/2020\/04\/montessori-matematiques-300x130.jpg 300w\" sizes=\"auto, (max-width: 132px) 100vw, 132px\" \/><\/a><\/p>\n<h4 style=\"text-align: center;\"><span style=\"color: #026102;\"><strong>MATEM\u00c0TIQUES<\/strong><\/span><\/h4>\n<\/td>\n<\/tr>\n<tr>\n<td style=\"width: 123px;\"><a href=\"https:\/\/drive.google.com\/drive\/folders\/1jeHNxUKsgT7YIinsgQ5T8tynyf4rlim4?usp=sharing\" target=\"_blank\" rel=\"noopener noreferrer\"><img loading=\"lazy\" decoding=\"async\" class=\"alignleft wp-image-5560 size-full\" src=\"https:\/\/agora.xtec.cat\/ceip-lespalmeres\/wp-content\/uploads\/usu1432\/2020\/04\/kisspng-box-animation-question-mark-clip-art-5ae92866cb56a3.4929828015252296708329.jpg\" alt=\"\" width=\"900\" height=\"800\" srcset=\"https:\/\/agora.xtec.cat\/ceip-lespalmeres\/wp-content\/uploads\/usu1432\/2020\/04\/kisspng-box-animation-question-mark-clip-art-5ae92866cb56a3.4929828015252296708329.jpg 900w, https:\/\/agora.xtec.cat\/ceip-lespalmeres\/wp-content\/uploads\/usu1432\/2020\/04\/kisspng-box-animation-question-mark-clip-art-5ae92866cb56a3.4929828015252296708329-300x267.jpg 300w, https:\/\/agora.xtec.cat\/ceip-lespalmeres\/wp-content\/uploads\/usu1432\/2020\/04\/kisspng-box-animation-question-mark-clip-art-5ae92866cb56a3.4929828015252296708329-768x683.jpg 768w\" sizes=\"auto, (max-width: 900px) 100vw, 900px\" \/><\/a><\/p>\n<h6 style=\"text-align: center;\"><span style=\"color: #993366;\"><strong>CAPSES\u00a0<\/strong><\/span><\/h6>\n<h6 style=\"text-align: center;\"><span style=\"color: #993366;\"><strong>D&#8217;APRENENTATGE<\/strong><\/span><\/h6>\n<\/td>\n<td style=\"width: 236px;\">\n<p style=\"font-family: 'Helvetica Neue', Helvetica, Helvetica, Arial, sans-serif; font-size: 14px; background-color: #f9f9f9;\"><a href=\"https:\/\/drive.google.com\/drive\/folders\/1s0qk_wrzRoQNNySA9FCkwQzri2i1Hoi5?usp=sharing\" target=\"_blank\" rel=\"noopener noreferrer\"><img loading=\"lazy\" decoding=\"async\" class=\"alignleft wp-image-5531 size-full\" src=\"https:\/\/agora.xtec.cat\/ceip-lespalmeres\/wp-content\/uploads\/usu1432\/2020\/04\/customLogo.png\" alt=\"\" width=\"500\" height=\"150\" srcset=\"https:\/\/agora.xtec.cat\/ceip-lespalmeres\/wp-content\/uploads\/usu1432\/2020\/04\/customLogo.png 500w, https:\/\/agora.xtec.cat\/ceip-lespalmeres\/wp-content\/uploads\/usu1432\/2020\/04\/customLogo-300x90.png 300w\" sizes=\"auto, (max-width: 500px) 100vw, 500px\" \/><\/a><\/p>\n<h4 style=\"text-align: center;\"><span style=\"color: #008000;\">EDUCACI\u00d3 F\u00cdSICA<\/span><\/h4>\n<\/td>\n<td style=\"width: 228px;\">\n<h4 style=\"text-align: center;\"><a href=\"https:\/\/drive.google.com\/drive\/folders\/12I_utFOgAwfPc6E__2P2tyI6bxiAgGtr?usp=sharing\" target=\"_blank\" rel=\"noopener noreferrer\"><img loading=\"lazy\" decoding=\"async\" class=\"aligncenter wp-image-5537\" src=\"https:\/\/agora.xtec.cat\/ceip-lespalmeres\/wp-content\/uploads\/usu1432\/2020\/04\/pintura-infantil-pincel-su-pequena-palma-mano-colorida-acuarela_6602-234.jpg\" alt=\"\" width=\"108\" height=\"71\" srcset=\"https:\/\/agora.xtec.cat\/ceip-lespalmeres\/wp-content\/uploads\/usu1432\/2020\/04\/pintura-infantil-pincel-su-pequena-palma-mano-colorida-acuarela_6602-234.jpg 626w, https:\/\/agora.xtec.cat\/ceip-lespalmeres\/wp-content\/uploads\/usu1432\/2020\/04\/pintura-infantil-pincel-su-pequena-palma-mano-colorida-acuarela_6602-234-300x198.jpg 300w\" sizes=\"auto, (max-width: 108px) 100vw, 108px\" \/><\/a><span style=\"color: #333399;\"><strong> TALLERS<\/strong><\/span><\/h4>\n<\/td>\n<td style=\"width: 182px;\"><a href=\"https:\/\/drive.google.com\/drive\/folders\/1qidRvhISxM6ZbjRyXGR0ViV0u7BVKVA6?usp=sharing\" target=\"_blank\" rel=\"noopener noreferrer\"><img loading=\"lazy\" decoding=\"async\" class=\"aligncenter wp-image-5536\" src=\"https:\/\/agora.xtec.cat\/ceip-lespalmeres\/wp-content\/uploads\/usu1432\/2020\/04\/MUSICA.png\" alt=\"\" width=\"163\" height=\"82\" srcset=\"https:\/\/agora.xtec.cat\/ceip-lespalmeres\/wp-content\/uploads\/usu1432\/2020\/04\/MUSICA.png 503w, https:\/\/agora.xtec.cat\/ceip-lespalmeres\/wp-content\/uploads\/usu1432\/2020\/04\/MUSICA-300x151.png 300w\" sizes=\"auto, (max-width: 163px) 100vw, 163px\" \/><\/a><\/p>\n<p style=\"text-align: center;\">\n<\/td>\n<\/tr>\n<tr>\n<td style=\"width: 123px; text-align: center;\"><a href=\"https:\/\/drive.google.com\/drive\/folders\/1fbpMA_DCH9wkBctstv3SO-aexeq07ALL?usp=sharing\" target=\"_blank\" rel=\"noopener noreferrer\"><img loading=\"lazy\" decoding=\"async\" class=\"alignleft wp-image-5553 size-full\" src=\"https:\/\/agora.xtec.cat\/ceip-lespalmeres\/wp-content\/uploads\/usu1432\/2020\/04\/refranes.jpg\" alt=\"\" width=\"980\" height=\"550\" srcset=\"https:\/\/agora.xtec.cat\/ceip-lespalmeres\/wp-content\/uploads\/usu1432\/2020\/04\/refranes.jpg 980w, https:\/\/agora.xtec.cat\/ceip-lespalmeres\/wp-content\/uploads\/usu1432\/2020\/04\/refranes-300x168.jpg 300w, https:\/\/agora.xtec.cat\/ceip-lespalmeres\/wp-content\/uploads\/usu1432\/2020\/04\/refranes-768x431.jpg 768w\" sizes=\"auto, (max-width: 980px) 100vw, 980px\" \/><\/a><strong><span style=\"color: #333399;\">LECTURA<\/span><\/strong><\/td>\n<td style=\"width: 236px;\"><a href=\"https:\/\/drive.google.com\/drive\/folders\/1SCJzbF3vICk7yYxr7jpdtfBnoYZaIaIt?usp=sharing\" target=\"_blank\" rel=\"noopener noreferrer\"><img loading=\"lazy\" decoding=\"async\" class=\"alignnone wp-image-5539\" src=\"https:\/\/agora.xtec.cat\/ceip-lespalmeres\/wp-content\/uploads\/usu1432\/2020\/04\/debe5f6f7963a9155b16e90a6e22ccd6.jpg\" alt=\"\" width=\"171\" height=\"82\" srcset=\"https:\/\/agora.xtec.cat\/ceip-lespalmeres\/wp-content\/uploads\/usu1432\/2020\/04\/debe5f6f7963a9155b16e90a6e22ccd6.jpg 835w, https:\/\/agora.xtec.cat\/ceip-lespalmeres\/wp-content\/uploads\/usu1432\/2020\/04\/debe5f6f7963a9155b16e90a6e22ccd6-300x144.jpg 300w, https:\/\/agora.xtec.cat\/ceip-lespalmeres\/wp-content\/uploads\/usu1432\/2020\/04\/debe5f6f7963a9155b16e90a6e22ccd6-768x369.jpg 768w\" sizes=\"auto, (max-width: 171px) 100vw, 171px\" \/><\/a><\/td>\n<td style=\"width: 228px; text-align: center;\"><a href=\"https:\/\/drive.google.com\/drive\/folders\/1V_GwLAewFkdOTjWNUwpB5-Utm4qpGc_E?usp=sharing\" target=\"_blank\" rel=\"noopener noreferrer\"><img loading=\"lazy\" decoding=\"async\" class=\"aligncenter wp-image-5540 size-large\" src=\"https:\/\/agora.xtec.cat\/ceip-lespalmeres\/wp-content\/uploads\/usu1432\/2020\/04\/Catala-1024x455.jpg\" alt=\"\" width=\"1024\" height=\"455\" \/><\/a><\/td>\n<td style=\"width: 182px;\">\n<h4 style=\"text-align: center;\"><a href=\"https:\/\/drive.google.com\/drive\/folders\/1duYoXYac-KmZ_Fkp8QlrtjVzvndTaacB?usp=sharing\" target=\"_blank\" rel=\"noopener noreferrer\"><img loading=\"lazy\" decoding=\"async\" class=\"aligncenter wp-image-5541\" src=\"https:\/\/agora.xtec.cat\/ceip-lespalmeres\/wp-content\/uploads\/usu1432\/2020\/04\/0_34054_1_bis.jpg\" alt=\"\" width=\"186\" height=\"91\" \/><\/a><\/h4>\n<\/td>\n<\/tr>\n<\/tbody>\n<\/table>\n","protected":false},"excerpt":{"rendered":"<p>CORREU\u00a0\u00a0 DILLUNS DIMARTS DIMECRES DIJOUS DIVENDRES MATES LLENGUA PROJECTE TALLERS CAPSES \u00a0 \u00a0 \u00a0 LECTURA: CLUB DE LECTURA\u00a0 LECTURA: GUST PER LLEGIR LECTURA: PARAULES IMPRESCINDIBLES LECTURA: COMPRENSI\u00d3 LECTORA LECTURA:\u00a0 GUST\u00a0 PER LLEGIR M\u00daSICA EDUCACI\u00d3\u00a0 F\u00cdSICA ANGL\u00c8S CASTELL\u00c0 VALORS REUNIONS CALAIXETS VALORS MATEM\u00c0TIQUES CAPSES\u00a0 D&#8217;APRENENTATGE EDUCACI\u00d3 F\u00cdSICA TALLERS LECTURA<\/p>\n","protected":false},"author":1,"featured_media":0,"parent":0,"menu_order":0,"comment_status":"closed","ping_status":"closed","template":"","meta":{"_bbp_topic_count":0,"_bbp_reply_count":0,"_bbp_total_topic_count":0,"_bbp_total_reply_count":0,"_bbp_voice_count":0,"_bbp_anonymous_reply_count":0,"_bbp_topic_count_hidden":0,"_bbp_reply_count_hidden":0,"_bbp_forum_subforum_count":0,"site-sidebar-layout":"default","site-content-layout":"","ast-site-content-layout":"","site-content-style":"default","site-sidebar-style":"default","ast-global-header-display":"","ast-banner-title-visibility":"","ast-main-header-display":"","ast-hfb-above-header-display":"","ast-hfb-below-header-display":"","ast-hfb-mobile-header-display":"","site-post-title":"","ast-breadcrumbs-content":"","ast-featured-img":"","footer-sml-layout":"","theme-transparent-header-meta":"","adv-header-id-meta":"","stick-header-meta":"","header-above-stick-meta":"","header-main-stick-meta":"","header-below-stick-meta":"","astra-migrate-meta-layouts":"default","ast-page-background-enabled":"default","ast-page-background-meta":{"desktop":{"background-color":"var(--ast-global-color-4)","background-image":"","background-repeat":"repeat","background-position":"center center","background-size":"auto","background-attachment":"scroll","background-type":"","background-media":"","overlay-type":"","overlay-color":"","overlay-opacity":"","overlay-gradient":""},"tablet":{"background-color":"","background-image":"","background-repeat":"repeat","background-position":"center center","background-size":"auto","background-attachment":"scroll","background-type":"","background-media":"","overlay-type":"","overlay-color":"","overlay-opacity":"","overlay-gradient":""},"mobile":{"background-color":"","background-image":"","background-repeat":"repeat","background-position":"center center","background-size":"auto","background-attachment":"scroll","background-type":"","background-media":"","overlay-type":"","overlay-color":"","overlay-opacity":"","overlay-gradient":""}},"ast-content-background-meta":{"desktop":{"background-color":"var(--ast-global-color-5)","background-image":"","background-repeat":"repeat","background-position":"center center","background-size":"auto","background-attachment":"scroll","background-type":"","background-media":"","overlay-type":"","overlay-color":"","overlay-opacity":"","overlay-gradient":""},"tablet":{"background-color":"var(--ast-global-color-5)","background-image":"","background-repeat":"repeat","background-position":"center center","background-size":"auto","background-attachment":"scroll","background-type":"","background-media":"","overlay-type":"","overlay-color":"","overlay-opacity":"","overlay-gradient":""},"mobile":{"background-color":"var(--ast-global-color-5)","background-image":"","background-repeat":"repeat","background-position":"center center","background-size":"auto","background-attachment":"scroll","background-type":"","background-media":"","overlay-type":"","overlay-color":"","overlay-opacity":"","overlay-gradient":""}},"footnotes":""},"class_list":["post-5506","page","type-page","status-publish","hentry"],"post_mailing_queue_ids":[],"_links":{"self":[{"href":"https:\/\/agora.xtec.cat\/ceip-lespalmeres\/wp-json\/wp\/v2\/pages\/5506","targetHints":{"allow":["GET"]}}],"collection":[{"href":"https:\/\/agora.xtec.cat\/ceip-lespalmeres\/wp-json\/wp\/v2\/pages"}],"about":[{"href":"https:\/\/agora.xtec.cat\/ceip-lespalmeres\/wp-json\/wp\/v2\/types\/page"}],"author":[{"embeddable":true,"href":"https:\/\/agora.xtec.cat\/ceip-lespalmeres\/wp-json\/wp\/v2\/users\/1"}],"replies":[{"embeddable":true,"href":"https:\/\/agora.xtec.cat\/ceip-lespalmeres\/wp-json\/wp\/v2\/comments?post=5506"}],"version-history":[{"count":3,"href":"https:\/\/agora.xtec.cat\/ceip-lespalmeres\/wp-json\/wp\/v2\/pages\/5506\/revisions"}],"predecessor-version":[{"id":5658,"href":"https:\/\/agora.xtec.cat\/ceip-lespalmeres\/wp-json\/wp\/v2\/pages\/5506\/revisions\/5658"}],"wp:attachment":[{"href":"https:\/\/agora.xtec.cat\/ceip-lespalmeres\/wp-json\/wp\/v2\/media?parent=5506"}],"curies":[{"name":"wp","href":"https:\/\/api.w.org\/{rel}","templated":true}]}}