{"id":5429,"date":"2020-03-31T12:14:23","date_gmt":"2020-03-31T10:14:23","guid":{"rendered":"http:\/\/agora.xtec.cat\/ceip-lespalmeres\/?page_id=5429"},"modified":"2021-01-20T15:45:23","modified_gmt":"2021-01-20T14:45:23","slug":"recursos-tv-radio-online","status":"publish","type":"page","link":"https:\/\/agora.xtec.cat\/ceip-lespalmeres\/recursos-tv-radio-online\/","title":{"rendered":"Recursos TV\/R\u00e0dio\/Online"},"content":{"rendered":"<table style=\"width: 763px;\">\n<tbody>\n<tr>\n<td style=\"width: 354px;\">Televisi\u00f3 de Catalunya i Catalunya R\u00e0dio han arribat a un acord amb el Departament d\u2019Educaci\u00f3 per fer difusi\u00f3 a trav\u00e9s de la seva programaci\u00f3 de les orientacions i consells que el Departament ha fet arribar als centres educatius per contribuir a l\u2019aprenentatge de tot l\u2019alumnat. En el cas de Televisi\u00f3 de Catalunya, es far\u00e0 a trav\u00e9s de diferents programes del canal Super3<\/td>\n<td style=\"width: 401px;\"><a href=\"https:\/\/www.ccma.cat\/tv3\/super3\/infok\/\" target=\"_blank\" rel=\"noopener noreferrer\"><img loading=\"lazy\" decoding=\"async\" class=\"wp-image-5432 aligncenter\" src=\"https:\/\/agora.xtec.cat\/ceip-lespalmeres\/wp-content\/uploads\/usu1432\/2020\/03\/infok-1024x583.jpg\" alt=\"\" width=\"254\" height=\"145\" srcset=\"https:\/\/agora.xtec.cat\/ceip-lespalmeres\/wp-content\/uploads\/usu1432\/2020\/03\/infok-1024x583.jpg 1024w, https:\/\/agora.xtec.cat\/ceip-lespalmeres\/wp-content\/uploads\/usu1432\/2020\/03\/infok-300x171.jpg 300w, https:\/\/agora.xtec.cat\/ceip-lespalmeres\/wp-content\/uploads\/usu1432\/2020\/03\/infok-768x437.jpg 768w, https:\/\/agora.xtec.cat\/ceip-lespalmeres\/wp-content\/uploads\/usu1432\/2020\/03\/infok.jpg 1063w\" sizes=\"auto, (max-width: 254px) 100vw, 254px\" \/><\/a><\/td>\n<\/tr>\n<tr>\n<td style=\"width: 354px;\"><a href=\"https:\/\/www.ccma.cat\/tv3\/super3\/fish-and-chips\/\" target=\"_blank\" rel=\"noopener noreferrer\"><img loading=\"lazy\" decoding=\"async\" class=\"wp-image-5433 aligncenter\" src=\"https:\/\/agora.xtec.cat\/ceip-lespalmeres\/wp-content\/uploads\/usu1432\/2020\/03\/FISH.jpg\" alt=\"\" width=\"205\" height=\"92\" srcset=\"https:\/\/agora.xtec.cat\/ceip-lespalmeres\/wp-content\/uploads\/usu1432\/2020\/03\/FISH.jpg 345w, https:\/\/agora.xtec.cat\/ceip-lespalmeres\/wp-content\/uploads\/usu1432\/2020\/03\/FISH-300x135.jpg 300w\" sizes=\"auto, (max-width: 205px) 100vw, 205px\" \/><\/a><\/td>\n<td style=\"width: 401px;\"><a href=\"https:\/\/www.ccma.cat\/tv3\/super3\/manduka\/\" target=\"_blank\" rel=\"noopener noreferrer\"><img loading=\"lazy\" decoding=\"async\" class=\"aligncenter\" src=\"https:\/\/statics.ccma.cat\/multimedia\/jpg\/7\/5\/1561629621157.jpg\" alt=\"El canal Super3 prepara el nou programa de cuina &quot;Manduka ...\" width=\"249\" height=\"140\" \/><\/a><\/td>\n<\/tr>\n<tr>\n<td style=\"width: 354px;\"><a href=\"https:\/\/www.ccma.cat\/tv3\/super3\/avui_aprenem\/\" target=\"_blank\" rel=\"noopener noreferrer\"><img loading=\"lazy\" decoding=\"async\" class=\"wp-image-5434 aligncenter\" src=\"https:\/\/agora.xtec.cat\/ceip-lespalmeres\/wp-content\/uploads\/usu1432\/2020\/03\/AVUI-APRENEM.jpg\" alt=\"\" width=\"204\" height=\"106\" \/><\/a><\/td>\n<td style=\"width: 401px;\"><a href=\"https:\/\/www.ccma.cat\/tv3\/super3\/dinamiks\/\" target=\"_blank\" rel=\"noopener noreferrer\"><img loading=\"lazy\" decoding=\"async\" class=\"wp-image-5431 aligncenter\" src=\"https:\/\/agora.xtec.cat\/ceip-lespalmeres\/wp-content\/uploads\/usu1432\/2020\/03\/DINAMIKS.jpg\" alt=\"\" width=\"225\" height=\"94\" srcset=\"https:\/\/agora.xtec.cat\/ceip-lespalmeres\/wp-content\/uploads\/usu1432\/2020\/03\/DINAMIKS.jpg 340w, https:\/\/agora.xtec.cat\/ceip-lespalmeres\/wp-content\/uploads\/usu1432\/2020\/03\/DINAMIKS-300x125.jpg 300w\" sizes=\"auto, (max-width: 225px) 100vw, 225px\" \/><\/a><\/td>\n<\/tr>\n<\/tbody>\n<\/table>\n<table style=\"width: 763px; height: 251px;\">\n<tbody>\n<tr style=\"height: 136px;\">\n<td style=\"width: 382px; height: 136px;\">Catalunya R\u00e0dio, per la seva banda, tamb\u00e9 far\u00e0 divulgaci\u00f3 d\u2019eines i accions telem\u00e0tiques adre\u00e7ades als alumnes a trav\u00e9s de les xarxes socials als espais \u201cAdolescents iCat\u201d i \u201diCat Kids\u201d. D\u2019aquesta manera, la r\u00e0dio p\u00fablica es posa al servei de la comunitat educativa per evitar la bretxa digital entre els alumnes que no tenen connectivitat a casa amb ordinador, per\u00f2 que en canvi s\u00ed que disposen de tel\u00e8fon m\u00f2bil i escolten la r\u00e0dio en FM.<\/td>\n<td style=\"width: 373px; height: 136px;\">\u00a0L\u2019objectiu \u00e9s que aquests continguts puguin refor\u00e7ar el desenvolupament de l\u2019autonomia personal, generar motivaci\u00f3 i curiositat a tot l\u2019alumnat i que tamb\u00e9 siguin significatius per al seu aprenentatge.<\/td>\n<\/tr>\n<tr style=\"height: 115px;\">\n<td style=\"width: 382px; height: 115px;\"><a href=\"https:\/\/www.ccma.cat\/catradio\/icatkids\/\" target=\"_blank\" rel=\"noopener noreferrer\"><img loading=\"lazy\" decoding=\"async\" class=\"wp-image-5445 aligncenter\" src=\"https:\/\/agora.xtec.cat\/ceip-lespalmeres\/wp-content\/uploads\/usu1432\/2020\/04\/icat.jpg\" alt=\"\" width=\"234\" height=\"157\" \/><\/a><\/td>\n<td style=\"width: 373px; height: 115px;\"><img loading=\"lazy\" decoding=\"async\" class=\"wp-image-5446 aligncenter\" src=\"https:\/\/agora.xtec.cat\/ceip-lespalmeres\/wp-content\/uploads\/usu1432\/2020\/04\/iicat.jpg\" alt=\"\" width=\"185\" height=\"156\" \/><\/td>\n<\/tr>\n<\/tbody>\n<\/table>\n<table style=\"width: 758px;\">\n<tbody>\n<tr>\n<td style=\"width: 147px;\"><a href=\"https:\/\/www.instagram.com\/stories\/highlights\/17866046518684343\/\" target=\"_blank\" rel=\"noopener noreferrer\"><img loading=\"lazy\" decoding=\"async\" class=\"alignleft wp-image-5278\" src=\"https:\/\/agora.xtec.cat\/ceip-lespalmeres\/wp-content\/uploads\/usu1432\/2020\/03\/dd734d6b-833f-4e35-83fe-2af26c055776-1024x993.png\" alt=\"\" width=\"119\" height=\"115\" srcset=\"https:\/\/agora.xtec.cat\/ceip-lespalmeres\/wp-content\/uploads\/usu1432\/2020\/03\/dd734d6b-833f-4e35-83fe-2af26c055776-1024x993.png 1024w, https:\/\/agora.xtec.cat\/ceip-lespalmeres\/wp-content\/uploads\/usu1432\/2020\/03\/dd734d6b-833f-4e35-83fe-2af26c055776-300x291.png 300w, https:\/\/agora.xtec.cat\/ceip-lespalmeres\/wp-content\/uploads\/usu1432\/2020\/03\/dd734d6b-833f-4e35-83fe-2af26c055776-768x745.png 768w\" sizes=\"auto, (max-width: 119px) 100vw, 119px\" \/><\/a><\/td>\n<td style=\"width: 603px;\">A les publicacions d&#8217;hist\u00f2ries\u00a0 del nostre perfil d&#8217;escola podeu visitar propostes interessants<\/p>\n<p><a href=\"https:\/\/www.instagram.com\/stories\/highlights\/17866046518684343\/\" target=\"_blank\" rel=\"noopener noreferrer\">#joemquedoacasa\u00a0<\/a><\/td>\n<\/tr>\n<\/tbody>\n<\/table>\n","protected":false},"excerpt":{"rendered":"<p>Televisi\u00f3 de Catalunya i Catalunya R\u00e0dio han arribat a un acord amb el Departament d\u2019Educaci\u00f3 per fer difusi\u00f3 a trav\u00e9s de la seva programaci\u00f3 de les orientacions i consells que el Departament ha fet arribar als centres educatius per contribuir a l\u2019aprenentatge de tot l\u2019alumnat. En el cas de Televisi\u00f3 de Catalunya, es far\u00e0 a [&hellip;]<\/p>\n","protected":false},"author":1,"featured_media":0,"parent":0,"menu_order":0,"comment_status":"closed","ping_status":"closed","template":"","meta":{"_bbp_topic_count":0,"_bbp_reply_count":0,"_bbp_total_topic_count":0,"_bbp_total_reply_count":0,"_bbp_voice_count":0,"_bbp_anonymous_reply_count":0,"_bbp_topic_count_hidden":0,"_bbp_reply_count_hidden":0,"_bbp_forum_subforum_count":0,"site-sidebar-layout":"default","site-content-layout":"","ast-site-content-layout":"","site-content-style":"default","site-sidebar-style":"default","ast-global-header-display":"","ast-banner-title-visibility":"","ast-main-header-display":"","ast-hfb-above-header-display":"","ast-hfb-below-header-display":"","ast-hfb-mobile-header-display":"","site-post-title":"","ast-breadcrumbs-content":"","ast-featured-img":"","footer-sml-layout":"","theme-transparent-header-meta":"","adv-header-id-meta":"","stick-header-meta":"","header-above-stick-meta":"","header-main-stick-meta":"","header-below-stick-meta":"","astra-migrate-meta-layouts":"default","ast-page-background-enabled":"default","ast-page-background-meta":{"desktop":{"background-color":"var(--ast-global-color-4)","background-image":"","background-repeat":"repeat","background-position":"center center","background-size":"auto","background-attachment":"scroll","background-type":"","background-media":"","overlay-type":"","overlay-color":"","overlay-opacity":"","overlay-gradient":""},"tablet":{"background-color":"","background-image":"","background-repeat":"repeat","background-position":"center center","background-size":"auto","background-attachment":"scroll","background-type":"","background-media":"","overlay-type":"","overlay-color":"","overlay-opacity":"","overlay-gradient":""},"mobile":{"background-color":"","background-image":"","background-repeat":"repeat","background-position":"center center","background-size":"auto","background-attachment":"scroll","background-type":"","background-media":"","overlay-type":"","overlay-color":"","overlay-opacity":"","overlay-gradient":""}},"ast-content-background-meta":{"desktop":{"background-color":"var(--ast-global-color-5)","background-image":"","background-repeat":"repeat","background-position":"center center","background-size":"auto","background-attachment":"scroll","background-type":"","background-media":"","overlay-type":"","overlay-color":"","overlay-opacity":"","overlay-gradient":""},"tablet":{"background-color":"var(--ast-global-color-5)","background-image":"","background-repeat":"repeat","background-position":"center center","background-size":"auto","background-attachment":"scroll","background-type":"","background-media":"","overlay-type":"","overlay-color":"","overlay-opacity":"","overlay-gradient":""},"mobile":{"background-color":"var(--ast-global-color-5)","background-image":"","background-repeat":"repeat","background-position":"center center","background-size":"auto","background-attachment":"scroll","background-type":"","background-media":"","overlay-type":"","overlay-color":"","overlay-opacity":"","overlay-gradient":""}},"footnotes":""},"class_list":["post-5429","page","type-page","status-publish","hentry"],"post_mailing_queue_ids":[],"_links":{"self":[{"href":"https:\/\/agora.xtec.cat\/ceip-lespalmeres\/wp-json\/wp\/v2\/pages\/5429","targetHints":{"allow":["GET"]}}],"collection":[{"href":"https:\/\/agora.xtec.cat\/ceip-lespalmeres\/wp-json\/wp\/v2\/pages"}],"about":[{"href":"https:\/\/agora.xtec.cat\/ceip-lespalmeres\/wp-json\/wp\/v2\/types\/page"}],"author":[{"embeddable":true,"href":"https:\/\/agora.xtec.cat\/ceip-lespalmeres\/wp-json\/wp\/v2\/users\/1"}],"replies":[{"embeddable":true,"href":"https:\/\/agora.xtec.cat\/ceip-lespalmeres\/wp-json\/wp\/v2\/comments?post=5429"}],"version-history":[{"count":4,"href":"https:\/\/agora.xtec.cat\/ceip-lespalmeres\/wp-json\/wp\/v2\/pages\/5429\/revisions"}],"predecessor-version":[{"id":5461,"href":"https:\/\/agora.xtec.cat\/ceip-lespalmeres\/wp-json\/wp\/v2\/pages\/5429\/revisions\/5461"}],"wp:attachment":[{"href":"https:\/\/agora.xtec.cat\/ceip-lespalmeres\/wp-json\/wp\/v2\/media?parent=5429"}],"curies":[{"name":"wp","href":"https:\/\/api.w.org\/{rel}","templated":true}]}}