{"id":713,"date":"2014-12-02T23:33:38","date_gmt":"2014-12-02T22:33:38","guid":{"rendered":"http:\/\/blocs.xtec.cat\/lesferreriespalafolls\/?page_id=713"},"modified":"2025-12-09T09:38:12","modified_gmt":"2025-12-09T08:38:12","slug":"equip-docent","status":"publish","type":"page","link":"https:\/\/agora.xtec.cat\/ceip-lesferreries-palafolls\/info\/equip-docent\/","title":{"rendered":"Equip docent"},"content":{"rendered":"<p><strong>EQUIP DIRECTIU<\/strong><\/p>\n<p>Directora: Maribel Queralt<\/p>\n<p>Cap d\u2019estudis: Anna Miranda<\/p>\n<p>Secret\u00e0ria: L\u00eddia Moral<\/p>\n<p><a href=\"https:\/\/agora.xtec.cat\/ceip-lesferreries-palafolls\/wp-content\/uploads\/usu670\/2025\/12\/Curriculums-eq.-directiu-1.pdf\" target=\"_blank\" rel=\"noopener\">Curr\u00edculums equip directiu<\/a><\/p>\n<p>&nbsp;<\/p>\n<p><strong>EDUCACI\u00d3 INFANTIL<\/strong><\/p>\n<p>EI3: Marta Villarte<\/p>\n<p>EI4: Sandra Garcia<\/p>\n<p>EI5: Laia Borrell<\/p>\n<p>T\u00e8cnica Educaci\u00f3 Infantil (TEI):\u00a0Susana Tejada G\u00f3mez<\/p>\n<p>&nbsp;<\/p>\n<p><strong>EDUCACI\u00d3 PRIM\u00c0RIA<\/strong><\/p>\n<p><strong>Cicle Inicial<\/strong><\/p>\n<p>1r: Laura Reixach<\/p>\n<p>2n-A: Elena Al\u00e1ez<\/p>\n<p>2n-B: Raquel Carb\u00f3<\/p>\n<p>&nbsp;<\/p>\n<p><strong>Cicle Mitj\u00e0<\/strong><\/p>\n<p>3r-A: Marian Salido<\/p>\n<p>3r-B: Jesica Castro<\/p>\n<p>4t-A: S\u00edlvia Delgado<\/p>\n<p><span style=\"font-family: inherit; font-size: 1em;\">4t-B: <\/span>Meritxell Torroella<\/p>\n<p>&nbsp;<\/p>\n<p><strong>Cicle Superior<\/strong><\/p>\n<p>5\u00e8-A:\u00a0<span style=\"font-size: 16px; font-style: normal; font-weight: 400;\">N\u00faria Vidal<\/span><\/p>\n<p>5\u00e8-B:\u00a0<span style=\"font-family: 'Helvetica Neue', Helvetica, Helvetica, Arial, sans-serif; font-size: 16px; font-style: normal; font-weight: 400;\">Eva G\u00fcell<\/span><\/p>\n<p>6\u00e8-A: Olga Estruch<\/p>\n<p>6\u00e8-B: Ramon Llamazares<\/p>\n<p>6\u00e8-C: Cristina Caimel<\/p>\n<p>&nbsp;<\/p>\n<p><strong>ESPECIALISTES<\/strong><\/p>\n<p><strong>Educaci\u00f3 F\u00edsica<\/strong><\/p>\n<p>Arcadi Agell<\/p>\n<p>Francisco C\u00e1rdenas<\/p>\n<p>Llu\u00eds Merino<\/p>\n<p><strong>M\u00fasica<\/strong><\/p>\n<p>Ainhoa P\u00e9rez<\/p>\n<p><strong>Angl\u00e8s<\/strong><\/p>\n<p>N\u00faria Bel<\/p>\n<p>Salvador Salv\u00e0<\/p>\n<p>Jennifer Frias<\/p>\n<p><strong>Religi\u00f3<\/strong><\/p>\n<p>Arcadi Agell Mas<\/p>\n<p><strong>Educaci\u00f3 Especial<\/strong><\/p>\n<p>Laura Also<\/p>\n<p>M\u00f2nica Rodr\u00edguez<\/p>\n<p>M\u00edriam Sol\u00e0<\/p>\n<p><strong>Rob\u00f2tica<\/strong><\/p>\n<p>Anna Miranda<\/p>\n<p>Francisco C\u00e1rdenas<\/p>\n<p><strong>EAP<\/strong><\/p>\n<p>In\u00e9s Ojeda<\/p>\n<p><strong>Logopeda CREDA<\/strong><\/p>\n<p>Annabel Garcia<\/p>\n","protected":false},"excerpt":{"rendered":"<p>EQUIP DIRECTIU Directora: Maribel Queralt Cap d\u2019estudis: Anna Miranda Secret\u00e0ria: L\u00eddia Moral Curr\u00edculums equip directiu &nbsp; EDUCACI\u00d3 INFANTIL EI3: Marta Villarte EI4: Sandra Garcia EI5: Laia Borrell T\u00e8cnica Educaci\u00f3 Infantil (TEI):\u00a0Susana Tejada G\u00f3mez &nbsp; EDUCACI\u00d3 PRIM\u00c0RIA Cicle Inicial 1r: Laura Reixach 2n-A: Elena Al\u00e1ez 2n-B: Raquel Carb\u00f3 &nbsp; Cicle Mitj\u00e0 3r-A: Marian Salido 3r-B: Jesica [&hellip;]<\/p>\n","protected":false},"author":1,"featured_media":0,"parent":181,"menu_order":40,"comment_status":"open","ping_status":"open","template":"","meta":{"_bbp_topic_count":0,"_bbp_reply_count":0,"_bbp_total_topic_count":0,"_bbp_total_reply_count":0,"_bbp_voice_count":0,"_bbp_anonymous_reply_count":0,"_bbp_topic_count_hidden":0,"_bbp_reply_count_hidden":0,"_bbp_forum_subforum_count":0,"site-sidebar-layout":"default","site-content-layout":"","ast-site-content-layout":"default","site-content-style":"default","site-sidebar-style":"default","ast-global-header-display":"","ast-banner-title-visibility":"","ast-main-header-display":"","ast-hfb-above-header-display":"","ast-hfb-below-header-display":"","ast-hfb-mobile-header-display":"","site-post-title":"","ast-breadcrumbs-content":"","ast-featured-img":"","footer-sml-layout":"","theme-transparent-header-meta":"default","adv-header-id-meta":"","stick-header-meta":"","header-above-stick-meta":"","header-main-stick-meta":"","header-below-stick-meta":"","astra-migrate-meta-layouts":"set","ast-page-background-enabled":"default","ast-page-background-meta":{"desktop":{"background-color":"var(--ast-global-color-4)","background-image":"","background-repeat":"repeat","background-position":"center center","background-size":"auto","background-attachment":"scroll","background-type":"","background-media":"","overlay-type":"","overlay-color":"","overlay-opacity":"","overlay-gradient":""},"tablet":{"background-color":"","background-image":"","background-repeat":"repeat","background-position":"center center","background-size":"auto","background-attachment":"scroll","background-type":"","background-media":"","overlay-type":"","overlay-color":"","overlay-opacity":"","overlay-gradient":""},"mobile":{"background-color":"","background-image":"","background-repeat":"repeat","background-position":"center center","background-size":"auto","background-attachment":"scroll","background-type":"","background-media":"","overlay-type":"","overlay-color":"","overlay-opacity":"","overlay-gradient":""}},"ast-content-background-meta":{"desktop":{"background-color":"var(--ast-global-color-5)","background-image":"","background-repeat":"repeat","background-position":"center center","background-size":"auto","background-attachment":"scroll","background-type":"","background-media":"","overlay-type":"","overlay-color":"","overlay-opacity":"","overlay-gradient":""},"tablet":{"background-color":"var(--ast-global-color-5)","background-image":"","background-repeat":"repeat","background-position":"center center","background-size":"auto","background-attachment":"scroll","background-type":"","background-media":"","overlay-type":"","overlay-color":"","overlay-opacity":"","overlay-gradient":""},"mobile":{"background-color":"var(--ast-global-color-5)","background-image":"","background-repeat":"repeat","background-position":"center center","background-size":"auto","background-attachment":"scroll","background-type":"","background-media":"","overlay-type":"","overlay-color":"","overlay-opacity":"","overlay-gradient":""}},"footnotes":""},"class_list":["post-713","page","type-page","status-publish","hentry"],"post_mailing_queue_ids":[],"_links":{"self":[{"href":"https:\/\/agora.xtec.cat\/ceip-lesferreries-palafolls\/wp-json\/wp\/v2\/pages\/713","targetHints":{"allow":["GET"]}}],"collection":[{"href":"https:\/\/agora.xtec.cat\/ceip-lesferreries-palafolls\/wp-json\/wp\/v2\/pages"}],"about":[{"href":"https:\/\/agora.xtec.cat\/ceip-lesferreries-palafolls\/wp-json\/wp\/v2\/types\/page"}],"author":[{"embeddable":true,"href":"https:\/\/agora.xtec.cat\/ceip-lesferreries-palafolls\/wp-json\/wp\/v2\/users\/1"}],"replies":[{"embeddable":true,"href":"https:\/\/agora.xtec.cat\/ceip-lesferreries-palafolls\/wp-json\/wp\/v2\/comments?post=713"}],"version-history":[{"count":7,"href":"https:\/\/agora.xtec.cat\/ceip-lesferreries-palafolls\/wp-json\/wp\/v2\/pages\/713\/revisions"}],"predecessor-version":[{"id":24463,"href":"https:\/\/agora.xtec.cat\/ceip-lesferreries-palafolls\/wp-json\/wp\/v2\/pages\/713\/revisions\/24463"}],"up":[{"embeddable":true,"href":"https:\/\/agora.xtec.cat\/ceip-lesferreries-palafolls\/wp-json\/wp\/v2\/pages\/181"}],"wp:attachment":[{"href":"https:\/\/agora.xtec.cat\/ceip-lesferreries-palafolls\/wp-json\/wp\/v2\/media?parent=713"}],"curies":[{"name":"wp","href":"https:\/\/api.w.org\/{rel}","templated":true}]}}

<p><strong>EQUIP DIRECTIU</strong></p>
<p>Directora: Maribel Queralt</p>
<p>Cap d’estudis: Anna Miranda</p>
<p>Secretària: Lídia Moral</p>
<p><a href="https://agora.xtec.cat/ceip-lesferreries-palafolls/wp-content/uploads/usu670/2025/12/Curriculums-eq.-directiu-1.pdf" target="_blank" rel="noopener">Currículums equip directiu</a></p>
<p>&nbsp;</p>
<p><strong>EDUCACIÓ INFANTIL</strong></p>
<p>EI3: Marta Villarte</p>
<p>EI4: Sandra Garcia</p>
<p>EI5: Laia Borrell</p>
<p>Tècnica Educació Infantil (TEI): Susana Tejada Gómez</p>
<p>&nbsp;</p>
<p><strong>EDUCACIÓ PRIMÀRIA</strong></p>
<p><strong>Cicle Inicial</strong></p>
<p>1r: Laura Reixach</p>
<p>2n-A: Elena Aláez</p>
<p>2n-B: Raquel Carbó</p>
<p>&nbsp;</p>
<p><strong>Cicle Mitjà</strong></p>
<p>3r-A: Marian Salido</p>
<p>3r-B: Jesica Castro</p>
<p>4t-A: Sílvia Delgado</p>
<p><span style="font-family: inherit; font-size: 1em;">4t-B: </span>Meritxell Torroella</p>
<p>&nbsp;</p>
<p><strong>Cicle Superior</strong></p>
<p>5è-A: <span style="font-size: 16px; font-style: normal; font-weight: 400;">Núria Vidal</span></p>
<p>5è-B: <span style="font-family: 'Helvetica Neue', Helvetica, Helvetica, Arial, sans-serif; font-size: 16px; font-style: normal; font-weight: 400;">Eva Güell</span></p>
<p>6è-A: Olga Estruch</p>
<p>6è-B: Ramon Llamazares</p>
<p>6è-C: Cristina Caimel</p>
<p>&nbsp;</p>
<p><strong>ESPECIALISTES</strong></p>
<p><strong>Educació Física</strong></p>
<p>Arcadi Agell</p>
<p>Francisco Cárdenas</p>
<p>Lluís Merino</p>
<p><strong>Música</strong></p>
<p>Ainhoa Pérez</p>
<p><strong>Anglès</strong></p>
<p>Núria Bel</p>
<p>Salvador Salvà</p>
<p>Jennifer Frias</p>
<p><strong>Religió</strong></p>
<p>Arcadi Agell Mas</p>
<p><strong>Educació Especial</strong></p>
<p>Laura Also</p>
<p>Mònica Rodríguez</p>
<p>Míriam Solà</p>
<p><strong>Robòtica</strong></p>
<p>Anna Miranda</p>
<p>Francisco Cárdenas</p>
<p><strong>EAP</strong></p>
<p>Inés Ojeda</p>
<p><strong>Logopeda CREDA</strong></p>
<p>Annabel Garcia</p>

<p>EQUIP DIRECTIU Directora: Maribel Queralt Cap d’estudis: Anna Miranda Secretària: Lídia Moral Currículums equip directiu &nbsp; EDUCACIÓ INFANTIL EI3: Marta Villarte EI4: Sandra Garcia EI5: Laia Borrell Tècnica Educació Infantil (TEI): Susana Tejada Gómez &nbsp; EDUCACIÓ PRIMÀRIA Cicle Inicial 1r: Laura Reixach 2n-A: Elena Aláez 2n-B: Raquel Carbó &nbsp; Cicle Mitjà 3r-A: Marian Salido 3r-B: Jesica [&hellip;]</p>
