{"id":592,"date":"2014-12-09T11:53:54","date_gmt":"2014-12-09T10:53:54","guid":{"rendered":"http:\/\/blocs.xtec.cat\/lesferreriespalafolls\/?page_id=592"},"modified":"2023-08-30T12:27:03","modified_gmt":"2023-08-30T10:27:03","slug":"benvinguts","status":"publish","type":"page","link":"https:\/\/agora.xtec.cat\/ceip-lesferreries-palafolls\/benvinguts-2\/benvinguts\/","title":{"rendered":"Hist\u00f2ria"},"content":{"rendered":"<p style=\"text-align: justify; font-size: 16px;\"><span style=\"font-size: 16px;\">La nostra escola va ser la primera escola de Palafolls tot i que no tenim la data exacta de\u00a0 la seva creaci\u00f3. Des de l&#8217;any 1998 ens trobem instal\u00b7lats en un nou edifici molt m\u00e9s gran i que ens permet tenir aules amb espais amples tan a l&#8217;Educaci\u00f3 Infantil com a l&#8217;Educaci\u00f3 Prim\u00e0ria, amb aules d&#8217;angl\u00e8s, de m\u00fasica, aules d&#8217;inform\u00e0tica, audiovisuals i rob\u00f2tica, sala de psicomotricitat, gimn\u00e0s i vestidors, aules de refor\u00e7, aules de suport, etc.<\/span><\/p>\n<p style=\"text-align: justify; font-size: 16px;\"><span style=\"font-size: 16px;\">Tamb\u00e9 disposem d&#8217;un pati per EI3, un altre per EI4 i EI5 i la resta de Prim\u00e0ria. Tots ells s\u00f3n grans i estan dotats amb diferents materials i instal\u00b7lacions esportives o estructures de joc.<\/span><\/p>\n<p style=\"text-align: justify; font-size: 16px;\"><span style=\"font-size: 16px;\">A trav\u00e9s d&#8217;aquesta p\u00e0gina web podreu descobrir com treballem, les activitats que a trav\u00e9s de l&#8217;escola s&#8217;organitzen, o en aquelles que l&#8217;escola participa.<\/span><\/p>\n<p style=\"text-align: justify; font-size: 16px;\"><span style=\"font-size: 16px;\">Esperem que us agradi la nostra escola i la manera que tenim d&#8217;entendre l&#8217;educaci\u00f3 dels nens i les nenes del nostre centre.\u00a0<span style=\"font-family: open sans,sans-serif;\">\u00a0\u00a0<\/span><\/span><\/p>\n<h5 style=\"text-align: center; font-size: 30px;\"><\/h5>\n<h5 style=\"text-align: justify; font-size: 16px;\"><span style=\"font-size: 16px;\"><span style=\"font-family: open sans,sans-serif;\">\u00a0<\/span><\/span><\/h5>\n<p>&nbsp;<\/p>\n","protected":false},"excerpt":{"rendered":"<p>La nostra escola va ser la primera escola de Palafolls tot i que no tenim la data exacta de\u00a0 la seva creaci\u00f3. Des de l&#8217;any 1998 ens trobem instal\u00b7lats en un nou edifici molt m\u00e9s gran i que ens permet tenir aules amb espais amples tan a l&#8217;Educaci\u00f3 Infantil com a l&#8217;Educaci\u00f3 Prim\u00e0ria, amb aules [&hellip;]<\/p>\n","protected":false},"author":1,"featured_media":454,"parent":1563,"menu_order":10,"comment_status":"open","ping_status":"open","template":"page-templates\/side-menu.php","meta":{"_bbp_topic_count":0,"_bbp_reply_count":0,"_bbp_total_topic_count":0,"_bbp_total_reply_count":0,"_bbp_voice_count":0,"_bbp_anonymous_reply_count":0,"_bbp_topic_count_hidden":0,"_bbp_reply_count_hidden":0,"_bbp_forum_subforum_count":0,"site-sidebar-layout":"default","site-content-layout":"","ast-site-content-layout":"","site-content-style":"default","site-sidebar-style":"default","ast-global-header-display":"","ast-banner-title-visibility":"","ast-main-header-display":"","ast-hfb-above-header-display":"","ast-hfb-below-header-display":"","ast-hfb-mobile-header-display":"","site-post-title":"","ast-breadcrumbs-content":"","ast-featured-img":"","footer-sml-layout":"","theme-transparent-header-meta":"","adv-header-id-meta":"","stick-header-meta":"","header-above-stick-meta":"","header-main-stick-meta":"","header-below-stick-meta":"","astra-migrate-meta-layouts":"default","ast-page-background-enabled":"default","ast-page-background-meta":{"desktop":{"background-color":"var(--ast-global-color-4)","background-image":"","background-repeat":"repeat","background-position":"center center","background-size":"auto","background-attachment":"scroll","background-type":"","background-media":"","overlay-type":"","overlay-color":"","overlay-opacity":"","overlay-gradient":""},"tablet":{"background-color":"","background-image":"","background-repeat":"repeat","background-position":"center center","background-size":"auto","background-attachment":"scroll","background-type":"","background-media":"","overlay-type":"","overlay-color":"","overlay-opacity":"","overlay-gradient":""},"mobile":{"background-color":"","background-image":"","background-repeat":"repeat","background-position":"center center","background-size":"auto","background-attachment":"scroll","background-type":"","background-media":"","overlay-type":"","overlay-color":"","overlay-opacity":"","overlay-gradient":""}},"ast-content-background-meta":{"desktop":{"background-color":"var(--ast-global-color-5)","background-image":"","background-repeat":"repeat","background-position":"center center","background-size":"auto","background-attachment":"scroll","background-type":"","background-media":"","overlay-type":"","overlay-color":"","overlay-opacity":"","overlay-gradient":""},"tablet":{"background-color":"var(--ast-global-color-5)","background-image":"","background-repeat":"repeat","background-position":"center center","background-size":"auto","background-attachment":"scroll","background-type":"","background-media":"","overlay-type":"","overlay-color":"","overlay-opacity":"","overlay-gradient":""},"mobile":{"background-color":"var(--ast-global-color-5)","background-image":"","background-repeat":"repeat","background-position":"center center","background-size":"auto","background-attachment":"scroll","background-type":"","background-media":"","overlay-type":"","overlay-color":"","overlay-opacity":"","overlay-gradient":""}},"footnotes":""},"class_list":["post-592","page","type-page","status-publish","has-post-thumbnail","hentry"],"post_mailing_queue_ids":[],"_links":{"self":[{"href":"https:\/\/agora.xtec.cat\/ceip-lesferreries-palafolls\/wp-json\/wp\/v2\/pages\/592","targetHints":{"allow":["GET"]}}],"collection":[{"href":"https:\/\/agora.xtec.cat\/ceip-lesferreries-palafolls\/wp-json\/wp\/v2\/pages"}],"about":[{"href":"https:\/\/agora.xtec.cat\/ceip-lesferreries-palafolls\/wp-json\/wp\/v2\/types\/page"}],"author":[{"embeddable":true,"href":"https:\/\/agora.xtec.cat\/ceip-lesferreries-palafolls\/wp-json\/wp\/v2\/users\/1"}],"replies":[{"embeddable":true,"href":"https:\/\/agora.xtec.cat\/ceip-lesferreries-palafolls\/wp-json\/wp\/v2\/comments?post=592"}],"version-history":[{"count":3,"href":"https:\/\/agora.xtec.cat\/ceip-lesferreries-palafolls\/wp-json\/wp\/v2\/pages\/592\/revisions"}],"predecessor-version":[{"id":22658,"href":"https:\/\/agora.xtec.cat\/ceip-lesferreries-palafolls\/wp-json\/wp\/v2\/pages\/592\/revisions\/22658"}],"up":[{"embeddable":true,"href":"https:\/\/agora.xtec.cat\/ceip-lesferreries-palafolls\/wp-json\/wp\/v2\/pages\/1563"}],"wp:featuredmedia":[{"embeddable":true,"href":"https:\/\/agora.xtec.cat\/ceip-lesferreries-palafolls\/wp-json\/wp\/v2\/media\/454"}],"wp:attachment":[{"href":"https:\/\/agora.xtec.cat\/ceip-lesferreries-palafolls\/wp-json\/wp\/v2\/media?parent=592"}],"curies":[{"name":"wp","href":"https:\/\/api.w.org\/{rel}","templated":true}]}}

Història

<p style="text-align: justify; font-size: 16px;"><span style="font-size: 16px;">La nostra escola va ser la primera escola de Palafolls tot i que no tenim la data exacta de  la seva creació. Des de l&#8217;any 1998 ens trobem instal·lats en un nou edifici molt més gran i que ens permet tenir aules amb espais amples tan a l&#8217;Educació Infantil com a l&#8217;Educació Primària, amb aules d&#8217;anglès, de música, aules d&#8217;informàtica, audiovisuals i robòtica, sala de psicomotricitat, gimnàs i vestidors, aules de reforç, aules de suport, etc.</span></p>
<p style="text-align: justify; font-size: 16px;"><span style="font-size: 16px;">També disposem d&#8217;un pati per EI3, un altre per EI4 i EI5 i la resta de Primària. Tots ells són grans i estan dotats amb diferents materials i instal·lacions esportives o estructures de joc.</span></p>
<p style="text-align: justify; font-size: 16px;"><span style="font-size: 16px;">A través d&#8217;aquesta pàgina web podreu descobrir com treballem, les activitats que a través de l&#8217;escola s&#8217;organitzen, o en aquelles que l&#8217;escola participa.</span></p>
<p style="text-align: justify; font-size: 16px;"><span style="font-size: 16px;">Esperem que us agradi la nostra escola i la manera que tenim d&#8217;entendre l&#8217;educació dels nens i les nenes del nostre centre. <span style="font-family: open sans,sans-serif;">  </span></span></p>
<h5 style="text-align: center; font-size: 30px;"></h5>
<h5 style="text-align: justify; font-size: 16px;"><span style="font-size: 16px;"><span style="font-family: open sans,sans-serif;"> </span></span></h5>
<p>&nbsp;</p>

<p>La nostra escola va ser la primera escola de Palafolls tot i que no tenim la data exacta de  la seva creació. Des de l&#8217;any 1998 ens trobem instal·lats en un nou edifici molt més gran i que ens permet tenir aules amb espais amples tan a l&#8217;Educació Infantil com a l&#8217;Educació Primària, amb aules [&hellip;]</p>
