{"id":329,"date":"2013-04-25T11:14:57","date_gmt":"2013-04-25T10:14:57","guid":{"rendered":"http:\/\/blocs.xtec.cat\/lesferreriespalafolls\/?page_id=329"},"modified":"2023-07-06T14:07:15","modified_gmt":"2023-07-06T12:07:15","slug":"servei-dacollida","status":"publish","type":"page","link":"https:\/\/agora.xtec.cat\/ceip-lesferreries-palafolls\/serveis-3\/servei-dacollida\/","title":{"rendered":"Servei d&#8217;acollida"},"content":{"rendered":"<p><span style=\"font-size: 16px; color: #000000;\">El servei d&#8217;acollida\u00a0ofereix la possibilitat d&#8217;avan\u00e7ar l&#8217;entrada dels alumnes al centre a primera hora del mat\u00ed, aix\u00ed com de poder\u00a0retardar la seva recollida al migdia.<\/span><\/p>\n<h1 style=\"text-align: justify; font-size: 16px;\"><span style=\"font-size: 16px; color: #000000;\">Aquest servei \u00e9s gestionat per l&#8217;empresa de <a href=\"https:\/\/agora.xtec.cat\/ceip-lesferreries-palafolls\/serveis-3\/menjador-escolar\/\" target=\"_blank\" rel=\"noopener noreferrer\">menjador escolar ReCrea,<\/a> els horaris s\u00f3n els seg\u00fcents:<\/span><\/h1>\n<ul class=\"font_0\" style=\"font-size: 24px;\">\n<li>\n<h1 style=\"text-align: justify; font-size: 16px;\"><span style=\"font-size: 16px; color: #000000;\">Horari de mati: de\u00a07:30 a 9:00.<\/span><\/h1>\n<\/li>\n<\/ul>\n<ul class=\"font_0\" style=\"font-size: 24px;\">\n<li>\n<h1 style=\"text-align: justify; font-size: 16px;\"><span style=\"font-size: 16px; color: #000000;\">Horari de migdia: de 12:30 a 13:30.<\/span><\/h1>\n<\/li>\n<\/ul>\n<p style=\"text-align: center;\">Tota la informaci\u00f3 per realitzar les <strong>inscripcions<\/strong> en el seg\u00fcent document:<br \/>\n<iframe loading=\"lazy\" src=\"https:\/\/drive.google.com\/file\/d\/1paqRVzGAP-UogxDk1jvlTXQ32cLU68L7\/preview\" width=\"640\" height=\"480\"><\/iframe><\/p>\n<table style=\"border-collapse: collapse; width: 100%;\">\n<tbody>\n<tr style=\"height: 47px;\">\n<td style=\"width: 41.5142%; text-align: center; height: 47px;\"><strong><span style=\"font-size: 16px;\"><img loading=\"lazy\" decoding=\"async\" class=\"alignnone wp-image-22614\" src=\"https:\/\/agora.xtec.cat\/ceip-lesferreries-palafolls\/wp-content\/uploads\/usu670\/2023\/07\/pngwing.com_.png\" alt=\"\" width=\"27\" height=\"27\" srcset=\"https:\/\/agora.xtec.cat\/ceip-lesferreries-palafolls\/wp-content\/uploads\/usu670\/2023\/07\/pngwing.com_.png 512w, https:\/\/agora.xtec.cat\/ceip-lesferreries-palafolls\/wp-content\/uploads\/usu670\/2023\/07\/pngwing.com_-300x300.png 300w, https:\/\/agora.xtec.cat\/ceip-lesferreries-palafolls\/wp-content\/uploads\/usu670\/2023\/07\/pngwing.com_-150x150.png 150w\" sizes=\"auto, (max-width: 27px) 100vw, 27px\" \/> <\/span><\/strong><strong><span style=\"font-size: 16px;\">Enlla\u00e7 a la Play Store (Android) per descarregar l&#8217;App:<\/span><\/strong><\/td>\n<td style=\"width: 49.532%; text-align: center; height: 47px;\"><strong><span style=\"font-size: 16px;\"><img loading=\"lazy\" decoding=\"async\" class=\"alignnone wp-image-22615\" src=\"https:\/\/agora.xtec.cat\/ceip-lesferreries-palafolls\/wp-content\/uploads\/usu670\/2023\/07\/pngegg.png\" alt=\"\" width=\"61\" height=\"41\" srcset=\"https:\/\/agora.xtec.cat\/ceip-lesferreries-palafolls\/wp-content\/uploads\/usu670\/2023\/07\/pngegg.png 820w, https:\/\/agora.xtec.cat\/ceip-lesferreries-palafolls\/wp-content\/uploads\/usu670\/2023\/07\/pngegg-300x201.png 300w, https:\/\/agora.xtec.cat\/ceip-lesferreries-palafolls\/wp-content\/uploads\/usu670\/2023\/07\/pngegg-768x514.png 768w\" sizes=\"auto, (max-width: 61px) 100vw, 61px\" \/>Enlla\u00e7 a la App Store (iOs &#8211; iPhone) per descarregar l&#8217;App:<\/span><\/strong><\/td>\n<\/tr>\n<tr style=\"height: 125px;\">\n<td style=\"width: 41.5142%; height: 125px;\"><a href=\"https:\/\/play.google.com\/store\/apps\/details?id=com.recrea.recreagastronomiacolectiva\" target=\"_blank\" rel=\"noopener\"><img loading=\"lazy\" decoding=\"async\" class=\"wp-image-22612 aligncenter\" src=\"https:\/\/agora.xtec.cat\/ceip-lesferreries-palafolls\/wp-content\/uploads\/usu670\/2023\/07\/Logo-App-play-store.png\" alt=\"Enlla\u00e7 a la Play Store (Sistema Android)\" width=\"105\" height=\"105\" srcset=\"https:\/\/agora.xtec.cat\/ceip-lesferreries-palafolls\/wp-content\/uploads\/usu670\/2023\/07\/Logo-App-play-store.png 225w, https:\/\/agora.xtec.cat\/ceip-lesferreries-palafolls\/wp-content\/uploads\/usu670\/2023\/07\/Logo-App-play-store-150x150.png 150w\" sizes=\"auto, (max-width: 105px) 100vw, 105px\" \/><\/a><\/td>\n<td style=\"width: 49.532%; height: 125px;\"><a href=\"https:\/\/apps.apple.com\/es\/app\/recrea-gastronomia\/id1635313088?l=en\" target=\"_blank\" rel=\"noopener\"><img loading=\"lazy\" decoding=\"async\" class=\"wp-image-22613 aligncenter\" src=\"https:\/\/agora.xtec.cat\/ceip-lesferreries-palafolls\/wp-content\/uploads\/usu670\/2023\/07\/Logo-App-store.png\" alt=\"\" width=\"244\" height=\"122\" srcset=\"https:\/\/agora.xtec.cat\/ceip-lesferreries-palafolls\/wp-content\/uploads\/usu670\/2023\/07\/Logo-App-store.png 318w, https:\/\/agora.xtec.cat\/ceip-lesferreries-palafolls\/wp-content\/uploads\/usu670\/2023\/07\/Logo-App-store-300x150.png 300w\" sizes=\"auto, (max-width: 244px) 100vw, 244px\" \/><\/a><\/td>\n<\/tr>\n<\/tbody>\n<\/table>\n<p>En el seg\u00fcent document hi ha la <strong>normativa<\/strong> de l&#8217;Espai de Migdia i Acollida Matinal del curs 2023-24:<\/p>\n<p style=\"text-align: center;\"><iframe loading=\"lazy\" src=\"https:\/\/drive.google.com\/file\/d\/1YDPfLF1VEmpM7n4orm5V3i_r8pit0MX6\/preview\" width=\"640\" height=\"480\"><\/iframe><\/p>\n","protected":false},"excerpt":{"rendered":"<p>El servei d&#8217;acollida\u00a0ofereix la possibilitat d&#8217;avan\u00e7ar l&#8217;entrada dels alumnes al centre a primera hora del mat\u00ed, aix\u00ed com de poder\u00a0retardar la seva recollida al migdia. Aquest servei \u00e9s gestionat per l&#8217;empresa de menjador escolar ReCrea, els horaris s\u00f3n els seg\u00fcents: Horari de mati: de\u00a07:30 a 9:00. Horari de migdia: de 12:30 a 13:30. Tota la [&hellip;]<\/p>\n","protected":false},"author":1,"featured_media":0,"parent":1697,"menu_order":30,"comment_status":"open","ping_status":"open","template":"page-templates\/side-menu.php","meta":{"_bbp_topic_count":0,"_bbp_reply_count":0,"_bbp_total_topic_count":0,"_bbp_total_reply_count":0,"_bbp_voice_count":0,"_bbp_anonymous_reply_count":0,"_bbp_topic_count_hidden":0,"_bbp_reply_count_hidden":0,"_bbp_forum_subforum_count":0,"site-sidebar-layout":"default","site-content-layout":"","ast-site-content-layout":"","site-content-style":"default","site-sidebar-style":"default","ast-global-header-display":"","ast-banner-title-visibility":"","ast-main-header-display":"","ast-hfb-above-header-display":"","ast-hfb-below-header-display":"","ast-hfb-mobile-header-display":"","site-post-title":"","ast-breadcrumbs-content":"","ast-featured-img":"","footer-sml-layout":"","theme-transparent-header-meta":"","adv-header-id-meta":"","stick-header-meta":"","header-above-stick-meta":"","header-main-stick-meta":"","header-below-stick-meta":"","astra-migrate-meta-layouts":"default","ast-page-background-enabled":"default","ast-page-background-meta":{"desktop":{"background-color":"var(--ast-global-color-4)","background-image":"","background-repeat":"repeat","background-position":"center center","background-size":"auto","background-attachment":"scroll","background-type":"","background-media":"","overlay-type":"","overlay-color":"","overlay-opacity":"","overlay-gradient":""},"tablet":{"background-color":"","background-image":"","background-repeat":"repeat","background-position":"center center","background-size":"auto","background-attachment":"scroll","background-type":"","background-media":"","overlay-type":"","overlay-color":"","overlay-opacity":"","overlay-gradient":""},"mobile":{"background-color":"","background-image":"","background-repeat":"repeat","background-position":"center center","background-size":"auto","background-attachment":"scroll","background-type":"","background-media":"","overlay-type":"","overlay-color":"","overlay-opacity":"","overlay-gradient":""}},"ast-content-background-meta":{"desktop":{"background-color":"var(--ast-global-color-5)","background-image":"","background-repeat":"repeat","background-position":"center center","background-size":"auto","background-attachment":"scroll","background-type":"","background-media":"","overlay-type":"","overlay-color":"","overlay-opacity":"","overlay-gradient":""},"tablet":{"background-color":"var(--ast-global-color-5)","background-image":"","background-repeat":"repeat","background-position":"center center","background-size":"auto","background-attachment":"scroll","background-type":"","background-media":"","overlay-type":"","overlay-color":"","overlay-opacity":"","overlay-gradient":""},"mobile":{"background-color":"var(--ast-global-color-5)","background-image":"","background-repeat":"repeat","background-position":"center center","background-size":"auto","background-attachment":"scroll","background-type":"","background-media":"","overlay-type":"","overlay-color":"","overlay-opacity":"","overlay-gradient":""}},"footnotes":""},"class_list":["post-329","page","type-page","status-publish","hentry"],"post_mailing_queue_ids":[],"_links":{"self":[{"href":"https:\/\/agora.xtec.cat\/ceip-lesferreries-palafolls\/wp-json\/wp\/v2\/pages\/329","targetHints":{"allow":["GET"]}}],"collection":[{"href":"https:\/\/agora.xtec.cat\/ceip-lesferreries-palafolls\/wp-json\/wp\/v2\/pages"}],"about":[{"href":"https:\/\/agora.xtec.cat\/ceip-lesferreries-palafolls\/wp-json\/wp\/v2\/types\/page"}],"author":[{"embeddable":true,"href":"https:\/\/agora.xtec.cat\/ceip-lesferreries-palafolls\/wp-json\/wp\/v2\/users\/1"}],"replies":[{"embeddable":true,"href":"https:\/\/agora.xtec.cat\/ceip-lesferreries-palafolls\/wp-json\/wp\/v2\/comments?post=329"}],"version-history":[{"count":3,"href":"https:\/\/agora.xtec.cat\/ceip-lesferreries-palafolls\/wp-json\/wp\/v2\/pages\/329\/revisions"}],"predecessor-version":[{"id":22616,"href":"https:\/\/agora.xtec.cat\/ceip-lesferreries-palafolls\/wp-json\/wp\/v2\/pages\/329\/revisions\/22616"}],"up":[{"embeddable":true,"href":"https:\/\/agora.xtec.cat\/ceip-lesferreries-palafolls\/wp-json\/wp\/v2\/pages\/1697"}],"wp:attachment":[{"href":"https:\/\/agora.xtec.cat\/ceip-lesferreries-palafolls\/wp-json\/wp\/v2\/media?parent=329"}],"curies":[{"name":"wp","href":"https:\/\/api.w.org\/{rel}","templated":true}]}}