{"id":325,"date":"2013-04-25T11:12:14","date_gmt":"2013-04-25T10:12:14","guid":{"rendered":"http:\/\/blocs.xtec.cat\/lesferreriespalafolls\/?page_id=325"},"modified":"2025-11-28T10:23:27","modified_gmt":"2025-11-28T09:23:27","slug":"menjador-escolar","status":"publish","type":"page","link":"https:\/\/agora.xtec.cat\/ceip-lesferreries-palafolls\/serveis-3\/menjador-escolar\/","title":{"rendered":"Menjador escolar"},"content":{"rendered":"<p><img loading=\"lazy\" decoding=\"async\" class=\"alignnone wp-image-22609\" src=\"https:\/\/agora.xtec.cat\/ceip-lesferreries-palafolls\/wp-content\/uploads\/usu670\/2023\/07\/Logo-ReCrea.png\" alt=\"\" width=\"155\" height=\"32\" srcset=\"https:\/\/agora.xtec.cat\/ceip-lesferreries-palafolls\/wp-content\/uploads\/usu670\/2023\/07\/Logo-ReCrea.png 495w, https:\/\/agora.xtec.cat\/ceip-lesferreries-palafolls\/wp-content\/uploads\/usu670\/2023\/07\/Logo-ReCrea-300x62.png 300w\" sizes=\"auto, (max-width: 155px) 100vw, 155px\" \/><\/p>\n<p><strong>ReCrea Gastronomia S.L<\/strong>, porta la gesti\u00f3 del servei de <strong>menjador<\/strong> de l&#8217;escola Les Ferreries.<\/p>\n<p><a href=\"https:\/\/drive.google.com\/drive\/folders\/13e0SFnzKyFeE1IyV85Z_qoga2HAoMgT5?usp=sharing\" target=\"_blank\" rel=\"noopener\">MEN\u00daS DEL MENJADOR<\/a><\/p>\n<p>Adjuntem la <strong>guia d&#8217;usuari\/\u00e0ria de l&#8217;APP ReCrea Gastronomia<\/strong> per poder fer les <strong>inscripcions pel curs 2025-26:<\/strong><\/p>\n<p style=\"text-align: center;\"><iframe loading=\"lazy\" src=\"https:\/\/drive.google.com\/file\/d\/1w0YHrVryDL0Ek6u7MYEO7OU7NcY8pWIu\/preview\" width=\"640\" height=\"480\"><\/iframe><\/p>\n<table style=\"border-collapse: collapse; width: 100%;\">\n<tbody>\n<tr style=\"height: 47px;\">\n<td style=\"width: 41.5142%; text-align: center; height: 47px;\"><strong><span style=\"font-size: 16px;\"><img loading=\"lazy\" decoding=\"async\" class=\"alignnone wp-image-22614\" src=\"https:\/\/agora.xtec.cat\/ceip-lesferreries-palafolls\/wp-content\/uploads\/usu670\/2023\/07\/pngwing.com_.png\" alt=\"\" width=\"27\" height=\"27\" srcset=\"https:\/\/agora.xtec.cat\/ceip-lesferreries-palafolls\/wp-content\/uploads\/usu670\/2023\/07\/pngwing.com_.png 512w, https:\/\/agora.xtec.cat\/ceip-lesferreries-palafolls\/wp-content\/uploads\/usu670\/2023\/07\/pngwing.com_-300x300.png 300w, https:\/\/agora.xtec.cat\/ceip-lesferreries-palafolls\/wp-content\/uploads\/usu670\/2023\/07\/pngwing.com_-150x150.png 150w\" sizes=\"auto, (max-width: 27px) 100vw, 27px\" \/> <\/span><\/strong><strong><span style=\"font-size: 16px;\">Enlla\u00e7 a la Play Store (Android) per descarregar l&#8217;App:<\/span><\/strong><\/td>\n<td style=\"width: 49.532%; text-align: center; height: 47px;\"><strong><span style=\"font-size: 16px;\"><img loading=\"lazy\" decoding=\"async\" class=\"alignnone wp-image-22615\" src=\"https:\/\/agora.xtec.cat\/ceip-lesferreries-palafolls\/wp-content\/uploads\/usu670\/2023\/07\/pngegg.png\" alt=\"\" width=\"61\" height=\"41\" srcset=\"https:\/\/agora.xtec.cat\/ceip-lesferreries-palafolls\/wp-content\/uploads\/usu670\/2023\/07\/pngegg.png 820w, https:\/\/agora.xtec.cat\/ceip-lesferreries-palafolls\/wp-content\/uploads\/usu670\/2023\/07\/pngegg-300x201.png 300w, https:\/\/agora.xtec.cat\/ceip-lesferreries-palafolls\/wp-content\/uploads\/usu670\/2023\/07\/pngegg-768x514.png 768w\" sizes=\"auto, (max-width: 61px) 100vw, 61px\" \/>Enlla\u00e7 a la App Store (iOs &#8211; iPhone) per descarregar l&#8217;App:<\/span><\/strong><\/td>\n<\/tr>\n<tr style=\"height: 125px;\">\n<td style=\"width: 41.5142%; height: 125px;\"><a href=\"https:\/\/play.google.com\/store\/apps\/details?id=com.recrea.recreagastronomiacolectiva\" target=\"_blank\" rel=\"noopener\"><img loading=\"lazy\" decoding=\"async\" class=\"wp-image-22612 aligncenter\" src=\"https:\/\/agora.xtec.cat\/ceip-lesferreries-palafolls\/wp-content\/uploads\/usu670\/2023\/07\/Logo-App-play-store.png\" alt=\"Enlla\u00e7 a la Play Store (Sistema Android)\" width=\"105\" height=\"105\" srcset=\"https:\/\/agora.xtec.cat\/ceip-lesferreries-palafolls\/wp-content\/uploads\/usu670\/2023\/07\/Logo-App-play-store.png 225w, https:\/\/agora.xtec.cat\/ceip-lesferreries-palafolls\/wp-content\/uploads\/usu670\/2023\/07\/Logo-App-play-store-150x150.png 150w\" sizes=\"auto, (max-width: 105px) 100vw, 105px\" \/><\/a><\/td>\n<td style=\"width: 49.532%; height: 125px;\"><a href=\"https:\/\/apps.apple.com\/es\/app\/recrea-gastronomia\/id1635313088?l=en\" target=\"_blank\" rel=\"noopener\"><img loading=\"lazy\" decoding=\"async\" class=\"wp-image-22613 aligncenter\" src=\"https:\/\/agora.xtec.cat\/ceip-lesferreries-palafolls\/wp-content\/uploads\/usu670\/2023\/07\/Logo-App-store.png\" alt=\"\" width=\"244\" height=\"122\" srcset=\"https:\/\/agora.xtec.cat\/ceip-lesferreries-palafolls\/wp-content\/uploads\/usu670\/2023\/07\/Logo-App-store.png 318w, https:\/\/agora.xtec.cat\/ceip-lesferreries-palafolls\/wp-content\/uploads\/usu670\/2023\/07\/Logo-App-store-300x150.png 300w\" sizes=\"auto, (max-width: 244px) 100vw, 244px\" \/><\/a><\/td>\n<\/tr>\n<\/tbody>\n<\/table>\n<p>En el seg\u00fcent document hi ha la <strong>normativa<\/strong> de l&#8217;Espai de Migdia i Acollida Matinal del curs 2025-26:<\/p>\n<p style=\"text-align: center;\"><iframe loading=\"lazy\" src=\"https:\/\/drive.google.com\/file\/d\/1idUdxoU9wIYBkbUcZxMo6UgSRNoQT1d5\/preview\" width=\"640\" height=\"480\"><\/iframe><\/p>\n<p>Us animen a donar una ullada a la nostra web (www.recreagastronomia.com). Hi trobareu un apartat blog des d&#8217;on compartim continguts molt interessants cada mes! Tamb\u00e9 us animem a seguir-nos a les xarxes socials:<\/p>\n<p>Instagram:<br \/>\n<a href=\"https:\/\/www.instagram.com\/recrea___\/\" target=\"_blank\" rel=\"noopener\">https:\/\/www.instagram.com\/recrea___\/<\/a><\/p>\n<p>Facebook:<br \/>\n<a href=\"https:\/\/www.facebook.com\/recreagastronomia\" target=\"_blank\" rel=\"noopener\">https:\/\/www.facebook.com\/recreagastronomia<\/a><\/p>\n<p>LinkedIn:<br \/>\n<a href=\"https:\/\/www.linkedin.com\/company\/recrea-gastronomia\" target=\"_blank\" rel=\"noopener\">https:\/\/www.linkedin.com\/company\/recrea-gastronomia<\/a><\/p>\n<p>Twitter:<br \/>\n<a href=\"https:\/\/twitter.com\/recrea___\" target=\"_blank\" rel=\"noopener\">https:\/\/twitter.com\/recrea___<\/a><\/p>\n<p>Us desitgem un feli\u00e7 dia,<\/p>\n<p><em>L&#8217;equip de ReCrea<\/em><\/p>\n","protected":false},"excerpt":{"rendered":"<p>ReCrea Gastronomia S.L, porta la gesti\u00f3 del servei de menjador de l&#8217;escola Les Ferreries. MEN\u00daS DEL MENJADOR Adjuntem la guia d&#8217;usuari\/\u00e0ria de l&#8217;APP ReCrea Gastronomia per poder fer les inscripcions pel curs 2025-26: Enlla\u00e7 a la Play Store (Android) per descarregar l&#8217;App: Enlla\u00e7 a la App Store (iOs &#8211; iPhone) per descarregar l&#8217;App: En el [&hellip;]<\/p>\n","protected":false},"author":1,"featured_media":0,"parent":1697,"menu_order":20,"comment_status":"open","ping_status":"open","template":"","meta":{"_bbp_topic_count":0,"_bbp_reply_count":0,"_bbp_total_topic_count":0,"_bbp_total_reply_count":0,"_bbp_voice_count":0,"_bbp_anonymous_reply_count":0,"_bbp_topic_count_hidden":0,"_bbp_reply_count_hidden":0,"_bbp_forum_subforum_count":0,"site-sidebar-layout":"default","site-content-layout":"","ast-site-content-layout":"default","site-content-style":"default","site-sidebar-style":"default","ast-global-header-display":"","ast-banner-title-visibility":"","ast-main-header-display":"","ast-hfb-above-header-display":"","ast-hfb-below-header-display":"","ast-hfb-mobile-header-display":"","site-post-title":"","ast-breadcrumbs-content":"","ast-featured-img":"","footer-sml-layout":"","theme-transparent-header-meta":"default","adv-header-id-meta":"","stick-header-meta":"","header-above-stick-meta":"","header-main-stick-meta":"","header-below-stick-meta":"","astra-migrate-meta-layouts":"set","ast-page-background-enabled":"default","ast-page-background-meta":{"desktop":{"background-color":"var(--ast-global-color-4)","background-image":"","background-repeat":"repeat","background-position":"center center","background-size":"auto","background-attachment":"scroll","background-type":"","background-media":"","overlay-type":"","overlay-color":"","overlay-opacity":"","overlay-gradient":""},"tablet":{"background-color":"","background-image":"","background-repeat":"repeat","background-position":"center center","background-size":"auto","background-attachment":"scroll","background-type":"","background-media":"","overlay-type":"","overlay-color":"","overlay-opacity":"","overlay-gradient":""},"mobile":{"background-color":"","background-image":"","background-repeat":"repeat","background-position":"center center","background-size":"auto","background-attachment":"scroll","background-type":"","background-media":"","overlay-type":"","overlay-color":"","overlay-opacity":"","overlay-gradient":""}},"ast-content-background-meta":{"desktop":{"background-color":"var(--ast-global-color-5)","background-image":"","background-repeat":"repeat","background-position":"center center","background-size":"auto","background-attachment":"scroll","background-type":"","background-media":"","overlay-type":"","overlay-color":"","overlay-opacity":"","overlay-gradient":""},"tablet":{"background-color":"var(--ast-global-color-5)","background-image":"","background-repeat":"repeat","background-position":"center center","background-size":"auto","background-attachment":"scroll","background-type":"","background-media":"","overlay-type":"","overlay-color":"","overlay-opacity":"","overlay-gradient":""},"mobile":{"background-color":"var(--ast-global-color-5)","background-image":"","background-repeat":"repeat","background-position":"center center","background-size":"auto","background-attachment":"scroll","background-type":"","background-media":"","overlay-type":"","overlay-color":"","overlay-opacity":"","overlay-gradient":""}},"footnotes":""},"class_list":["post-325","page","type-page","status-publish","hentry"],"post_mailing_queue_ids":[],"_links":{"self":[{"href":"https:\/\/agora.xtec.cat\/ceip-lesferreries-palafolls\/wp-json\/wp\/v2\/pages\/325","targetHints":{"allow":["GET"]}}],"collection":[{"href":"https:\/\/agora.xtec.cat\/ceip-lesferreries-palafolls\/wp-json\/wp\/v2\/pages"}],"about":[{"href":"https:\/\/agora.xtec.cat\/ceip-lesferreries-palafolls\/wp-json\/wp\/v2\/types\/page"}],"author":[{"embeddable":true,"href":"https:\/\/agora.xtec.cat\/ceip-lesferreries-palafolls\/wp-json\/wp\/v2\/users\/1"}],"replies":[{"embeddable":true,"href":"https:\/\/agora.xtec.cat\/ceip-lesferreries-palafolls\/wp-json\/wp\/v2\/comments?post=325"}],"version-history":[{"count":10,"href":"https:\/\/agora.xtec.cat\/ceip-lesferreries-palafolls\/wp-json\/wp\/v2\/pages\/325\/revisions"}],"predecessor-version":[{"id":24453,"href":"https:\/\/agora.xtec.cat\/ceip-lesferreries-palafolls\/wp-json\/wp\/v2\/pages\/325\/revisions\/24453"}],"up":[{"embeddable":true,"href":"https:\/\/agora.xtec.cat\/ceip-lesferreries-palafolls\/wp-json\/wp\/v2\/pages\/1697"}],"wp:attachment":[{"href":"https:\/\/agora.xtec.cat\/ceip-lesferreries-palafolls\/wp-json\/wp\/v2\/media?parent=325"}],"curies":[{"name":"wp","href":"https:\/\/api.w.org\/{rel}","templated":true}]}}

<p><img loading="lazy" decoding="async" class="alignnone wp-image-22609" src="https://agora.xtec.cat/ceip-lesferreries-palafolls/wp-content/uploads/usu670/2023/07/Logo-ReCrea.png" alt="" width="155" height="32" srcset="https://agora.xtec.cat/ceip-lesferreries-palafolls/wp-content/uploads/usu670/2023/07/Logo-ReCrea.png 495w, https://agora.xtec.cat/ceip-lesferreries-palafolls/wp-content/uploads/usu670/2023/07/Logo-ReCrea-300x62.png 300w" sizes="auto, (max-width: 155px) 100vw, 155px" /></p>
<p><strong>ReCrea Gastronomia S.L</strong>, porta la gestió del servei de <strong>menjador</strong> de l&#8217;escola Les Ferreries.</p>
<p><a href="https://drive.google.com/drive/folders/13e0SFnzKyFeE1IyV85Z_qoga2HAoMgT5?usp=sharing" target="_blank" rel="noopener">MENÚS DEL MENJADOR</a></p>
<p>Adjuntem la <strong>guia d&#8217;usuari/ària de l&#8217;APP ReCrea Gastronomia</strong> per poder fer les <strong>inscripcions pel curs 2025-26:</strong></p>
<p style="text-align: center;"><iframe loading="lazy" src="https://drive.google.com/file/d/1w0YHrVryDL0Ek6u7MYEO7OU7NcY8pWIu/preview" width="640" height="480"></iframe></p>
<table style="border-collapse: collapse; width: 100%;">
<tbody>
<tr style="height: 47px;">
<td style="width: 41.5142%; text-align: center; height: 47px;"><strong><span style="font-size: 16px;"><img loading="lazy" decoding="async" class="alignnone wp-image-22614" src="https://agora.xtec.cat/ceip-lesferreries-palafolls/wp-content/uploads/usu670/2023/07/pngwing.com_.png" alt="" width="27" height="27" srcset="https://agora.xtec.cat/ceip-lesferreries-palafolls/wp-content/uploads/usu670/2023/07/pngwing.com_.png 512w, https://agora.xtec.cat/ceip-lesferreries-palafolls/wp-content/uploads/usu670/2023/07/pngwing.com_-300x300.png 300w, https://agora.xtec.cat/ceip-lesferreries-palafolls/wp-content/uploads/usu670/2023/07/pngwing.com_-150x150.png 150w" sizes="auto, (max-width: 27px) 100vw, 27px" /> </span></strong><strong><span style="font-size: 16px;">Enllaç a la Play Store (Android) per descarregar l&#8217;App:</span></strong></td>
<td style="width: 49.532%; text-align: center; height: 47px;"><strong><span style="font-size: 16px;"><img loading="lazy" decoding="async" class="alignnone wp-image-22615" src="https://agora.xtec.cat/ceip-lesferreries-palafolls/wp-content/uploads/usu670/2023/07/pngegg.png" alt="" width="61" height="41" srcset="https://agora.xtec.cat/ceip-lesferreries-palafolls/wp-content/uploads/usu670/2023/07/pngegg.png 820w, https://agora.xtec.cat/ceip-lesferreries-palafolls/wp-content/uploads/usu670/2023/07/pngegg-300x201.png 300w, https://agora.xtec.cat/ceip-lesferreries-palafolls/wp-content/uploads/usu670/2023/07/pngegg-768x514.png 768w" sizes="auto, (max-width: 61px) 100vw, 61px" />Enllaç a la App Store (iOs &#8211; iPhone) per descarregar l&#8217;App:</span></strong></td>
</tr>
<tr style="height: 125px;">
<td style="width: 41.5142%; height: 125px;"><a href="https://play.google.com/store/apps/details?id=com.recrea.recreagastronomiacolectiva" target="_blank" rel="noopener"><img loading="lazy" decoding="async" class="wp-image-22612 aligncenter" src="https://agora.xtec.cat/ceip-lesferreries-palafolls/wp-content/uploads/usu670/2023/07/Logo-App-play-store.png" alt="Enllaç a la Play Store (Sistema Android)" width="105" height="105" srcset="https://agora.xtec.cat/ceip-lesferreries-palafolls/wp-content/uploads/usu670/2023/07/Logo-App-play-store.png 225w, https://agora.xtec.cat/ceip-lesferreries-palafolls/wp-content/uploads/usu670/2023/07/Logo-App-play-store-150x150.png 150w" sizes="auto, (max-width: 105px) 100vw, 105px" /></a></td>
<td style="width: 49.532%; height: 125px;"><a href="https://apps.apple.com/es/app/recrea-gastronomia/id1635313088?l=en" target="_blank" rel="noopener"><img loading="lazy" decoding="async" class="wp-image-22613 aligncenter" src="https://agora.xtec.cat/ceip-lesferreries-palafolls/wp-content/uploads/usu670/2023/07/Logo-App-store.png" alt="" width="244" height="122" srcset="https://agora.xtec.cat/ceip-lesferreries-palafolls/wp-content/uploads/usu670/2023/07/Logo-App-store.png 318w, https://agora.xtec.cat/ceip-lesferreries-palafolls/wp-content/uploads/usu670/2023/07/Logo-App-store-300x150.png 300w" sizes="auto, (max-width: 244px) 100vw, 244px" /></a></td>
</tr>
</tbody>
</table>
<p>En el següent document hi ha la <strong>normativa</strong> de l&#8217;Espai de Migdia i Acollida Matinal del curs 2025-26:</p>
<p style="text-align: center;"><iframe loading="lazy" src="https://drive.google.com/file/d/1idUdxoU9wIYBkbUcZxMo6UgSRNoQT1d5/preview" width="640" height="480"></iframe></p>
<p>Us animen a donar una ullada a la nostra web (www.recreagastronomia.com). Hi trobareu un apartat blog des d&#8217;on compartim continguts molt interessants cada mes! També us animem a seguir-nos a les xarxes socials:</p>
<p>Instagram:<br />
<a href="https://www.instagram.com/recrea___/" target="_blank" rel="noopener">https://www.instagram.com/recrea___/</a></p>
<p>Facebook:<br />
<a href="https://www.facebook.com/recreagastronomia" target="_blank" rel="noopener">https://www.facebook.com/recreagastronomia</a></p>
<p>LinkedIn:<br />
<a href="https://www.linkedin.com/company/recrea-gastronomia" target="_blank" rel="noopener">https://www.linkedin.com/company/recrea-gastronomia</a></p>
<p>Twitter:<br />
<a href="https://twitter.com/recrea___" target="_blank" rel="noopener">https://twitter.com/recrea___</a></p>
<p>Us desitgem un feliç dia,</p>
<p><em>L&#8217;equip de ReCrea</em></p>

<p>ReCrea Gastronomia S.L, porta la gestió del servei de menjador de l&#8217;escola Les Ferreries. MENÚS DEL MENJADOR Adjuntem la guia d&#8217;usuari/ària de l&#8217;APP ReCrea Gastronomia per poder fer les inscripcions pel curs 2025-26: Enllaç a la Play Store (Android) per descarregar l&#8217;App: Enllaç a la App Store (iOs &#8211; iPhone) per descarregar l&#8217;App: En el [&hellip;]</p>
