{"id":526,"date":"2020-02-10T10:27:05","date_gmt":"2020-02-10T09:27:05","guid":{"rendered":"https:\/\/agora.xtec.cat\/ceip-lesfalgueres\/?page_id=526"},"modified":"2024-10-21T11:48:12","modified_gmt":"2024-10-21T09:48:12","slug":"menjador-escolar","status":"publish","type":"page","link":"https:\/\/agora.xtec.cat\/ceip-lesfalgueres\/serveis\/menjador-escolar\/","title":{"rendered":"Menjador escolar"},"content":{"rendered":"<table style=\"height: 142px; width: 48.3584%;\" width=\"1205\">\n<tbody>\n<tr style=\"height: 102px;\">\n<td style=\"width: 341.111px; height: 18px; border-style: hidden; background-color: #fcfcfc;\"><\/td>\n<td style=\"width: 312.222px; height: 18px; border-style: hidden; background-color: #fcfcfc;\"><\/td>\n<\/tr>\n<tr style=\"height: 31px;\">\n<td style=\"width: 341.111px; height: 31px; border-style: hidden; background-color: #fcfcfc;\"><a href=\"https:\/\/agora.xtec.cat\/ceip-lesfalgueres\/wp-content\/uploads\/usu2081\/2020\/02\/33-5.jpg\"><img loading=\"lazy\" decoding=\"async\" class=\"alignnone size-large wp-image-1249\" src=\"https:\/\/agora.xtec.cat\/ceip-lesfalgueres\/wp-content\/uploads\/usu2081\/2020\/02\/33-5.jpg\" alt=\"\" width=\"640\" height=\"360\" srcset=\"https:\/\/agora.xtec.cat\/ceip-lesfalgueres\/wp-content\/uploads\/usu2081\/2020\/02\/33-5.jpg 640w, https:\/\/agora.xtec.cat\/ceip-lesfalgueres\/wp-content\/uploads\/usu2081\/2020\/02\/33-5-300x169.jpg 300w\" sizes=\"auto, (max-width: 640px) 100vw, 640px\" \/><\/a><\/td>\n<td style=\"width: 312.222px; height: 31px; border-style: hidden; background-color: #fcfcfc;\"><a href=\"https:\/\/agora.xtec.cat\/ceip-lesfalgueres\/wp-content\/uploads\/usu2081\/2021\/04\/10-1.jpg\"><img loading=\"lazy\" decoding=\"async\" class=\"alignnone size-full wp-image-1893\" src=\"https:\/\/agora.xtec.cat\/ceip-lesfalgueres\/wp-content\/uploads\/usu2081\/2021\/04\/10-1.jpg\" alt=\"\" width=\"360\" height=\"270\" srcset=\"https:\/\/agora.xtec.cat\/ceip-lesfalgueres\/wp-content\/uploads\/usu2081\/2021\/04\/10-1.jpg 360w, https:\/\/agora.xtec.cat\/ceip-lesfalgueres\/wp-content\/uploads\/usu2081\/2021\/04\/10-1-300x225.jpg 300w, https:\/\/agora.xtec.cat\/ceip-lesfalgueres\/wp-content\/uploads\/usu2081\/2021\/04\/10-1-200x150.jpg 200w\" sizes=\"auto, (max-width: 360px) 100vw, 360px\" \/><\/a><\/td>\n<\/tr>\n<tr style=\"height: 31px;\">\n<td style=\"width: 341.111px; border-style: hidden; background-color: #fcfcfc; height: 31px;\"><a href=\"https:\/\/agora.xtec.cat\/ceip-lesfalgueres\/wp-content\/uploads\/usu2081\/2020\/02\/34-4.jpg\"><img loading=\"lazy\" decoding=\"async\" class=\"alignnone size-large wp-image-1250\" src=\"https:\/\/agora.xtec.cat\/ceip-lesfalgueres\/wp-content\/uploads\/usu2081\/2020\/02\/34-4.jpg\" alt=\"\" width=\"640\" height=\"360\" srcset=\"https:\/\/agora.xtec.cat\/ceip-lesfalgueres\/wp-content\/uploads\/usu2081\/2020\/02\/34-4.jpg 640w, https:\/\/agora.xtec.cat\/ceip-lesfalgueres\/wp-content\/uploads\/usu2081\/2020\/02\/34-4-300x169.jpg 300w\" sizes=\"auto, (max-width: 640px) 100vw, 640px\" \/><\/a><\/td>\n<td style=\"width: 312.222px; border-style: hidden; background-color: #fcfcfc; height: 31px;\"><a href=\"https:\/\/agora.xtec.cat\/ceip-lesfalgueres\/wp-content\/uploads\/usu2081\/2020\/02\/36-4.jpg\"><img loading=\"lazy\" decoding=\"async\" class=\"alignnone size-full wp-image-1252\" src=\"https:\/\/agora.xtec.cat\/ceip-lesfalgueres\/wp-content\/uploads\/usu2081\/2020\/02\/36-4.jpg\" alt=\"\" width=\"640\" height=\"360\" srcset=\"https:\/\/agora.xtec.cat\/ceip-lesfalgueres\/wp-content\/uploads\/usu2081\/2020\/02\/36-4.jpg 640w, https:\/\/agora.xtec.cat\/ceip-lesfalgueres\/wp-content\/uploads\/usu2081\/2020\/02\/36-4-300x169.jpg 300w\" sizes=\"auto, (max-width: 640px) 100vw, 640px\" \/><\/a><\/td>\n<\/tr>\n<tr style=\"height: 31px;\">\n<td style=\"width: 341.111px; border-style: hidden; background-color: #fcfcfc; height: 31px;\"><a href=\"https:\/\/agora.xtec.cat\/ceip-lesfalgueres\/wp-content\/uploads\/usu2081\/2021\/04\/10-1-1.jpg\"><img loading=\"lazy\" decoding=\"async\" class=\"alignnone size-full wp-image-1895\" src=\"https:\/\/agora.xtec.cat\/ceip-lesfalgueres\/wp-content\/uploads\/usu2081\/2021\/04\/10-1-1.jpg\" alt=\"\" width=\"360\" height=\"270\" srcset=\"https:\/\/agora.xtec.cat\/ceip-lesfalgueres\/wp-content\/uploads\/usu2081\/2021\/04\/10-1-1.jpg 360w, https:\/\/agora.xtec.cat\/ceip-lesfalgueres\/wp-content\/uploads\/usu2081\/2021\/04\/10-1-1-300x225.jpg 300w, https:\/\/agora.xtec.cat\/ceip-lesfalgueres\/wp-content\/uploads\/usu2081\/2021\/04\/10-1-1-200x150.jpg 200w\" sizes=\"auto, (max-width: 360px) 100vw, 360px\" \/><\/a><\/td>\n<td style=\"width: 312.222px; border-style: hidden; background-color: #fcfcfc; height: 31px;\"><a href=\"https:\/\/agora.xtec.cat\/ceip-lesfalgueres\/wp-content\/uploads\/usu2081\/2021\/04\/09.jpg\"><img loading=\"lazy\" decoding=\"async\" class=\"alignnone size-full wp-image-1896\" src=\"https:\/\/agora.xtec.cat\/ceip-lesfalgueres\/wp-content\/uploads\/usu2081\/2021\/04\/09.jpg\" alt=\"\" width=\"360\" height=\"270\" srcset=\"https:\/\/agora.xtec.cat\/ceip-lesfalgueres\/wp-content\/uploads\/usu2081\/2021\/04\/09.jpg 360w, https:\/\/agora.xtec.cat\/ceip-lesfalgueres\/wp-content\/uploads\/usu2081\/2021\/04\/09-300x225.jpg 300w, https:\/\/agora.xtec.cat\/ceip-lesfalgueres\/wp-content\/uploads\/usu2081\/2021\/04\/09-200x150.jpg 200w\" sizes=\"auto, (max-width: 360px) 100vw, 360px\" \/><\/a><\/td>\n<\/tr>\n<tr style=\"height: 31px;\">\n<td style=\"width: 341.111px; border-style: hidden; background-color: #fcfcfc; height: 31px;\"><\/td>\n<td style=\"width: 312.222px; border-style: hidden; background-color: #fcfcfc; height: 31px;\"><\/td>\n<\/tr>\n<\/tbody>\n<\/table>\n<p>&nbsp;<\/p>\n<table class=\" alignleft\" style=\"height: 1186px; width: 71.6964%;\" border=\"0\" width=\"87.766%\" align=\"center\">\n<tbody>\n<tr style=\"height: 264px;\">\n<td style=\"border-style: hidden; background-color: #ffffff; height: 264px;\" colspan=\"3\" height=\"140\">\n<div align=\"right\">\n<p align=\"left\"><span style=\"font-size: large;\"><strong><span style=\"font-family: Arial, Helvetica, sans-serif;\">Objectius:\u00a0<\/span><\/strong><\/span><\/p>\n<div align=\"left\">\n<ul>\n<li style=\"text-align: left;\"><span style=\"font-family: Arial, Helvetica, sans-serif; font-size: large;\">Vetllar perqu\u00e8 el menjador escolar sigui un espai educatiu i de bona conviv\u00e8ncia i respecte entre els\/les comensals i les persones que hi treballen: monitors\/res i cuineres.<\/span><\/li>\n<li><span style=\"font-family: Arial, Helvetica, sans-serif; font-size: large;\">Procurar que els nostres prove\u00efdors siguin de la zona.<\/span><\/li>\n<li><span style=\"font-family: Arial, Helvetica, sans-serif; font-size: large;\">Reducci\u00f3 de fregits i arrebossats en els nostres men\u00fas.<\/span><\/li>\n<li><span style=\"font-family: Arial, Helvetica, sans-serif; font-size: large;\">Reduir els m\u00e0xim de productes edulcorats.<\/span><\/li>\n<li><span style=\"font-family: Arial, Helvetica, sans-serif; font-size: large;\">Potenciar el consum de verdures i peix.<\/span><\/li>\n<li><span style=\"font-family: Arial, Helvetica, sans-serif; font-size: large;\">Preparar men\u00fas equilibrats, variats, sans i saludables.<\/span><\/li>\n<\/ul>\n<\/div>\n<\/div>\n<\/td>\n<\/tr>\n<tr style=\"height: 256px;\">\n<td style=\"border-style: hidden; background-color: #ffffff; height: 256px;\" colspan=\"3\" height=\"345\"><span style=\"font-size: large;\"><strong><span style=\"font-family: Arial, Helvetica, sans-serif;\">\u00das del menjador\u00a0<\/span><\/strong><span style=\"font-family: Arial, Helvetica, sans-serif;\">:<\/span><\/span><\/p>\n<p><span style=\"font-family: Arial, Helvetica, sans-serif; font-size: large;\">Per gaudir del servei de menjador els\/les alumnes fixes ompliran un full d\u2019autoritzaci\u00f3 banc\u00e0ria, per on es realitzar\u00e0 el cobrament. Els\/les alumnes eventuals hauran de portar el tiquet de menjador el dia que es vulguin quedar i donar-lo al\/la tutor\/a. Els tiquets de menjador es poden comprar a la secretaria de l&#8217;escola els dilluns i dimecres a les 9h. A final de curs es retornaran els diners dels tiquets no utilitzats.<\/span><\/p>\n<p><span style=\"font-family: Arial, Helvetica, sans-serif; font-size: large;\">En el cas de men\u00fas especials per prescripci\u00f3 facultativa com al\u00b7l\u00e8rgies, diabetis, intoler\u00e0ncia a la lactosa&#8230; s\u2019haur\u00e0 de presentar pr\u00e8viament per part de l\u2019afectat el certificat m\u00e8dic. En el cas d\u2019 una indisposici\u00f3 espor\u00e0dica es podr\u00e0 demanar el men\u00fa de dieta el mateix dia.<\/span><\/p>\n<p align=\"left\"><span style=\"font-family: Arial, Helvetica, sans-serif; font-size: large;\">-El preu:<\/span><\/p>\n<div align=\"left\">\n<ul>\n<li><span style=\"font-family: Arial, Helvetica, sans-serif; font-size: large;\">Fixos i eventuals :6,58\u20ac<\/span><\/li>\n<\/ul>\n<\/div>\n<\/td>\n<\/tr>\n<tr style=\"height: 631px;\">\n<td style=\"border-style: hidden; background-color: #ffffff; height: 631px;\" colspan=\"3\" height=\"631\"><span style=\"font-size: large;\"><strong><span style=\"font-family: Arial, Helvetica, sans-serif;\">Organitzaci\u00f3 del menjador:<\/span><\/strong><\/span><\/p>\n<p><span style=\"font-family: Arial, Helvetica, sans-serif; font-size: large;\">El dinar es far\u00e0 amb dos torns:<\/span><\/p>\n<p><span style=\"font-family: Arial, Helvetica, sans-serif; font-size: large;\">&#8211; 1r torn: els nens i nenes d&#8217;I3, I4, I5, 1r i 2n de 2\/4 de 1a 2\/4 d&#8217;2h.<br \/>\n&#8211; 2n torn: els nens i nenes de 3r,4t,5\u00e8 i 6\u00e8 de 3\/4 d&#8217;2 a 3\/4 de 3h.<\/span><\/p>\n<p><span style=\"font-family: Arial, Helvetica, sans-serif; font-size: large;\"><strong>1r torn<\/strong>:<\/span><\/p>\n<ul>\n<li><span style=\"font-family: Arial, Helvetica, sans-serif; font-size: large;\">Les monitores d&#8217;I3,I4 i I5 van a buscar l&#8217;alumnat a la seva aula. Passen llista. Els alumnes ja han fet pip\u00eds i s&#8217;han rentat les mans.<\/span><\/li>\n<li><span style=\"font-family: Arial, Helvetica, sans-serif; font-size: large;\">Seguidament per files i en ordre entren al menjador en silenci.<\/span><\/li>\n<li><span style=\"font-family: Arial, Helvetica, sans-serif; font-size: large;\">Despr\u00e9s de dinar I3,I4 i I5<\/span><span style=\"font-family: Arial, Helvetica, sans-serif; font-size: large;\">\u00a0van al pati d&#8217;infantil i 1r i 2n al pati de prim\u00e0ria. Recullen cap a 3\/4 de 3h i entren a les aules corresponents esperant les tutores llegint o explicant un conte.<\/span><\/li>\n<\/ul>\n<p><span style=\"font-family: Arial, Helvetica, sans-serif; font-size: large;\"><strong>2n Torn:<\/strong><\/span><\/p>\n<ul>\n<li><span style=\"font-family: Arial, Helvetica, sans-serif; font-size: large;\">De 3r a 6\u00e8 baixen al pati on les esperen les monitores.<\/span><\/li>\n<li><span style=\"font-family: Arial, Helvetica, sans-serif; font-size: large;\">A 2\/4 d&#8217; 2h fan files per rentar mans i seguidament entren al menjador en silenci per comen\u00e7ar a dinar.<\/span><\/li>\n<li><span style=\"font-family: Arial, Helvetica, sans-serif; font-size: large;\">Un cop al menjador cada monitora es far\u00e0 c\u00e0rrec del seu grup d\u2019alumnes i vetllaran perqu\u00e8 seguin correctament, utilitzin b\u00e9 els coberts, masteguin amb polidesa, mengin els aliments en una quantitat adequada i parlin amb un to de veu baix.<\/span><\/li>\n<\/ul>\n<p><span style=\"font-family: Arial, Helvetica, sans-serif; font-size: large;\">En l\u2019estona d\u2019esbarjo les monitores vetllaran pel bon \u00fas de les joguines, lavabos i espais assignats.<br \/>\n<\/span><span style=\"font-family: Arial, Helvetica, sans-serif; font-size: large;\">\u00bc d\u2019hora abans d\u2019entrar, els\/les alumnes recolliran les joguines i les monitores els acompanyaran al lavabo, i seguidament a les seves respectives aules.<\/span><\/td>\n<\/tr>\n<tr style=\"height: 35px;\">\n<td style=\"border-style: hidden; background-color: #ffffff; height: 35px;\" colspan=\"3\"><span style=\"font-family: Arial, Helvetica, sans-serif; font-size: large;\">La coordinadora estar\u00e0 disponible per atendre a les fam\u00edlies d&#8217; 11 a 2\/4 de 12.<\/span><\/td>\n<\/tr>\n<\/tbody>\n<\/table>\n","protected":false},"excerpt":{"rendered":"<p><a href=\"https:\/\/agora.xtec.cat\/ceip-lesfalgueres\/wp-content\/uploads\/usu2081\/2020\/02\/33-5.jpg\"><\/a><br \/>\n<a href=\"https:\/\/agora.xtec.cat\/ceip-lesfalgueres\/wp-content\/uploads\/usu2081\/2021\/04\/10-1.jpg\"><\/a><\/p>\n<p><a href=\"https:\/\/agora.xtec.cat\/ceip-lesfalgueres\/wp-content\/uploads\/usu2081\/2020\/02\/34-4.jpg\"><\/a><br \/>\n<a href=\"https:\/\/agora.xtec.cat\/ceip-lesfalgueres\/wp-content\/uploads\/usu2081\/2020\/02\/36-4.jpg\"><\/a><\/p>\n<p><a href=\"https:\/\/agora.xtec.cat\/ceip-lesfalgueres\/wp-content\/uploads\/usu2081\/2021\/04\/10-1-1.jpg\"><\/a><br \/>\n<a href=\"https:\/\/agora.xtec.cat\/ceip-lesfalgueres\/wp-content\/uploads\/usu2081\/2021\/04\/09.jpg\"><\/a><\/p>\n<p>&nbsp;<\/p>\n<p>Objectius:\u00a0<\/p>\n<ul>\n<li style=\"text-align: left;\">Vetllar perqu\u00e8 el menjador escolar sigui un espai educatiu i de bona conviv\u00e8ncia i respecte entre els\/les comensals i les persones que hi treballen: monitors\/res i cuineres.<\/li>\n<li>Procurar que els nostres prove\u00efdors siguin de la zona.<\/li>\n<li>Reducci\u00f3 de fregits&hellip;  <a href=\"https:\/\/agora.xtec.cat\/ceip-lesfalgueres\/serveis\/menjador-escolar\/\" title=\"Read Menjador escolar\">Llegeix m\u00e9s\u00bb<\/a><br \/>\n","protected":false},"author":1,"featured_media":0,"parent":797,"menu_order":30,"comment_status":"closed","ping_status":"closed","template":"page-templates\/side-menu.php","meta":{"_bbp_topic_count":0,"_bbp_reply_count":0,"_bbp_total_topic_count":0,"_bbp_total_reply_count":0,"_bbp_voice_count":0,"_bbp_anonymous_reply_count":0,"_bbp_topic_count_hidden":0,"_bbp_reply_count_hidden":0,"_bbp_forum_subforum_count":0,"footnotes":""},"class_list":["post-526","page","type-page","status-publish","hentry"],"post_mailing_queue_ids":[],"_links":{"self":[{"href":"https:\/\/agora.xtec.cat\/ceip-lesfalgueres\/wp-json\/wp\/v2\/pages\/526","targetHints":{"allow":["GET"]}}],"collection":[{"href":"https:\/\/agora.xtec.cat\/ceip-lesfalgueres\/wp-json\/wp\/v2\/pages"}],"about":[{"href":"https:\/\/agora.xtec.cat\/ceip-lesfalgueres\/wp-json\/wp\/v2\/types\/page"}],"author":[{"embeddable":true,"href":"https:\/\/agora.xtec.cat\/ceip-lesfalgueres\/wp-json\/wp\/v2\/users\/1"}],"replies":[{"embeddable":true,"href":"https:\/\/agora.xtec.cat\/ceip-lesfalgueres\/wp-json\/wp\/v2\/comments?post=526"}],"version-history":[{"count":5,"href":"https:\/\/agora.xtec.cat\/ceip-lesfalgueres\/wp-json\/wp\/v2\/pages\/526\/revisions"}],"predecessor-version":[{"id":2651,"href":"https:\/\/agora.xtec.cat\/ceip-lesfalgueres\/wp-json\/wp\/v2\/pages\/526\/revisions\/2651"}],"up":[{"embeddable":true,"href":"https:\/\/agora.xtec.cat\/ceip-lesfalgueres\/wp-json\/wp\/v2\/pages\/797"}],"wp:attachment":[{"href":"https:\/\/agora.xtec.cat\/ceip-lesfalgueres\/wp-json\/wp\/v2\/media?parent=526"}],"curies":[{"name":"wp","href":"https:\/\/api.w.org\/{rel}","templated":true}]}}