{"id":515,"date":"2020-02-10T10:27:04","date_gmt":"2020-02-10T09:27:04","guid":{"rendered":"https:\/\/agora.xtec.cat\/ceip-lesfalgueres\/?page_id=515"},"modified":"2020-03-02T12:59:28","modified_gmt":"2020-03-02T11:59:28","slug":"gep","status":"publish","type":"page","link":"https:\/\/agora.xtec.cat\/ceip-lesfalgueres\/projectes\/gep\/","title":{"rendered":"GEP"},"content":{"rendered":"<p><span style=\"text-decoration: underline;\"><strong>ANGL\u00c8S A INFANTIL<\/strong><\/span><\/p>\n<p><strong>OBJECTIUS DEL PROJECTE<\/strong><\/p>\n<p>1- Introduir l&#8217;aprenentatge de la llengua anglesa des de P3 per tal de millorar les habilitats b\u00e0siques de comprensi\u00f3 i interacci\u00f3 oral.<br \/>\n2- Tenir una actitud positiva vers l&#8217;aprenentatge d&#8217;un nou idioma.<br \/>\n3- Recon\u00e8ixer els sons, l&#8217;entonaci\u00f3 i el ritme del nou idioma.<br \/>\n4- Comprendre textos orals senzills relacionats amb els seus interessos.<br \/>\n5- Comprendre f\u00f3rmules b\u00e0siques d&#8217;interacci\u00f3 social. Saludar, ordres, rutines\u2026.<br \/>\n6- Produir oralment breus textos r\u00edtmics i musicals. Poesies, can\u00e7ons\u2026<br \/>\n7- Introduir la pres\u00e8ncia de la llengua anglesa en activitats generals del centre en les festes escolars (cantada de Nadal, festa fi de curs\u2026.)<br \/>\n8- Mostrar-se receptiu vers la diversitat ling\u00fc\u00edstica.<br \/>\n9- Valorar el coneixement de lleng\u00fces estrangeres com un enriquiment personal.<\/p>\n<p><span style=\"text-decoration: underline;\"><strong>ANGL\u00c8S PRIM\u00c0RIA<\/strong><\/span><\/p>\n<p><strong>GEP &#8211; Grup d&#8217;Experimentaci\u00f3 per al Pluriling\u00fcisme<\/strong><\/p>\n<p>Durant el curs 16-17 vam entrar en el Grup d&#8217;Experimentaci\u00f3 per al Pluriling\u00fcisme (que t\u00e9 una durada d&#8217;implantaci\u00f3 de tres anys).<\/p>\n<p><strong>OBJECTIUS<\/strong><\/p>\n<ul>\n<li>Contribuir en el desenvolupament competencial de l&#8217;alumnat en l&#8217;aprenentatge al llarg de la vida.<\/li>\n<li>Promoure canvis sist\u00e8mics (D&#8217;INNOVACI\u00d3 EDUCATIVA), metodol\u00f2gics i de relaci\u00f3 educativa alumne &#8211; professor.<\/li>\n<li>Millorar la compet\u00e8ncia comunicativa en llengua estrangera.<\/li>\n<li>Desenvolupar compet\u00e8ncies clau per al s.XXI (b\u00e0siques, del pensament, personals)<\/li>\n<\/ul>\n","protected":false},"excerpt":{"rendered":"<p>ANGL\u00c8S A INFANTIL<br \/>\nOBJECTIUS DEL PROJECTE<br \/>\n1- Introduir l&#8217;aprenentatge de la llengua anglesa des de P3 per tal de millorar les habilitats b\u00e0siques de comprensi\u00f3 i interacci\u00f3 oral.<br \/>\n2- Tenir una actitud positiva vers l&#8217;aprenentatge d&#8217;un nou idioma.<br \/>\n3- Recon\u00e8ixer els sons, l&#8217;entonaci\u00f3 i el ritme del nou idioma.<br \/>\n4-&hellip;  <a href=\"https:\/\/agora.xtec.cat\/ceip-lesfalgueres\/projectes\/gep\/\" title=\"Read GEP\">Llegeix m\u00e9s\u00bb<\/a><\/p>\n","protected":false},"author":1,"featured_media":0,"parent":770,"menu_order":20,"comment_status":"closed","ping_status":"closed","template":"page-templates\/side-menu.php","meta":{"_bbp_topic_count":0,"_bbp_reply_count":0,"_bbp_total_topic_count":0,"_bbp_total_reply_count":0,"_bbp_voice_count":0,"_bbp_anonymous_reply_count":0,"_bbp_topic_count_hidden":0,"_bbp_reply_count_hidden":0,"_bbp_forum_subforum_count":0,"footnotes":""},"class_list":["post-515","page","type-page","status-publish","hentry"],"post_mailing_queue_ids":[],"_links":{"self":[{"href":"https:\/\/agora.xtec.cat\/ceip-lesfalgueres\/wp-json\/wp\/v2\/pages\/515","targetHints":{"allow":["GET"]}}],"collection":[{"href":"https:\/\/agora.xtec.cat\/ceip-lesfalgueres\/wp-json\/wp\/v2\/pages"}],"about":[{"href":"https:\/\/agora.xtec.cat\/ceip-lesfalgueres\/wp-json\/wp\/v2\/types\/page"}],"author":[{"embeddable":true,"href":"https:\/\/agora.xtec.cat\/ceip-lesfalgueres\/wp-json\/wp\/v2\/users\/1"}],"replies":[{"embeddable":true,"href":"https:\/\/agora.xtec.cat\/ceip-lesfalgueres\/wp-json\/wp\/v2\/comments?post=515"}],"version-history":[{"count":3,"href":"https:\/\/agora.xtec.cat\/ceip-lesfalgueres\/wp-json\/wp\/v2\/pages\/515\/revisions"}],"predecessor-version":[{"id":1271,"href":"https:\/\/agora.xtec.cat\/ceip-lesfalgueres\/wp-json\/wp\/v2\/pages\/515\/revisions\/1271"}],"up":[{"embeddable":true,"href":"https:\/\/agora.xtec.cat\/ceip-lesfalgueres\/wp-json\/wp\/v2\/pages\/770"}],"wp:attachment":[{"href":"https:\/\/agora.xtec.cat\/ceip-lesfalgueres\/wp-json\/wp\/v2\/media?parent=515"}],"curies":[{"name":"wp","href":"https:\/\/api.w.org\/{rel}","templated":true}]}}