{"id":514,"date":"2020-02-10T10:27:04","date_gmt":"2020-02-10T09:27:04","guid":{"rendered":"https:\/\/agora.xtec.cat\/ceip-lesfalgueres\/?page_id=514"},"modified":"2020-03-02T12:56:06","modified_gmt":"2020-03-02T11:56:06","slug":"escoltam","status":"publish","type":"page","link":"https:\/\/agora.xtec.cat\/ceip-lesfalgueres\/projectes\/escoltam\/","title":{"rendered":"Escolta&#8217;m"},"content":{"rendered":"<p><span style=\"text-decoration: underline;\"><strong>PROJECTE ESCOLTA&#8217;M: Tutoria personalitzada<\/strong><\/span><\/p>\n<p>El\u00a0 curs 16-17 vam iniciar aquest projecte per tal que arrel\u00e9s com a eina de treball a la nostra escola amb el convenciment que el di\u00e0leg \u00e9s la principal eina de transformaci\u00f3 no-violenta de conflictes i amb la finalitat de la millora de les compet\u00e8ncies emocionals.<\/p>\n<p>El projecte proposa personalitzar l\u2019escola amb un pla d\u2019intervenci\u00f3 educativa que estableixi una vinculaci\u00f3 de complicitat i empatia entre el tutor i l\u2019alumne diferent del que es viu a<a href=\"https:\/\/agora.xtec.cat\/ceip-lesfalgueres\/wp-content\/uploads\/usu2081\/2020\/02\/1-1.jpg\"><img loading=\"lazy\" decoding=\"async\" class=\"wp-image-1267 alignright\" src=\"https:\/\/agora.xtec.cat\/ceip-lesfalgueres\/wp-content\/uploads\/usu2081\/2020\/02\/1-1.jpg\" alt=\"\" width=\"276\" height=\"207\" srcset=\"https:\/\/agora.xtec.cat\/ceip-lesfalgueres\/wp-content\/uploads\/usu2081\/2020\/02\/1-1.jpg 640w, https:\/\/agora.xtec.cat\/ceip-lesfalgueres\/wp-content\/uploads\/usu2081\/2020\/02\/1-1-300x225.jpg 300w, https:\/\/agora.xtec.cat\/ceip-lesfalgueres\/wp-content\/uploads\/usu2081\/2020\/02\/1-1-200x150.jpg 200w\" sizes=\"auto, (max-width: 276px) 100vw, 276px\" \/><\/a> l&#8217;aula, per tal d&#8217;acompanyar\u00a0 l\u2019alumnat en el seu creixement per anar aconseguint cotes de seguretat personal que l\u2019ajudin a resoldre problemes i a desenvolupar-se de forma integral i satisfact\u00f2ria.<\/p>\n<p style=\"font-family: 'Helvetica Neue', Helvetica, Helvetica, Arial, sans-serif; font-size: 16px;\">Es portar\u00e0 a terme des de P4 a 6\u00e8 en sessions de mitja hora i grups de 4\/5 alumnes.<\/p>\n<p><strong>OBJECTIUS DEL PROJECTE<\/strong><\/p>\n<ul>\n<li>Crear cohesi\u00f3 de grup en un ambient d&#8217;estima i un clima de confian\u00e7a.<\/li>\n<li>Crear el sentiment de pertinen\u00e7a.<\/li>\n<li>Treballar m\u00e9s a partir dels recursos que de les debilitats.<\/li>\n<li>Construir un bon clima emocional i de motivaci\u00f3 per aprendre i treballar en el grup classe.<\/li>\n<li>Estructurar espais que afavoreixin altres formes de relaci\u00f3, complicitat i empatia m\u00fatua entre tutor i alumne.<\/li>\n<\/ul>\n<p>Mitjan\u00e7ant aquest projecte aconseguim tamb\u00e9:<\/p>\n<ul style=\"list-style-type: circle;\">\n<li>Fer emergir en els infants factors de resili\u00e8ncia (capacitat de recuperar-se davant de les l&#8217;adversitat per seguir endavant).<\/li>\n<li>Fer una mirada als alumnes m\u00e9s enll\u00e0 de les seves conductes conflictives.<\/li>\n<\/ul>\n<p>&nbsp;<\/p>\n","protected":false},"excerpt":{"rendered":"<p>PROJECTE ESCOLTA&#8217;M: Tutoria personalitzada<br \/>\nEl\u00a0 curs 16-17 vam iniciar aquest projecte per tal que arrel\u00e9s com a eina de treball a la nostra escola amb el convenciment que el di\u00e0leg \u00e9s la principal eina de transformaci\u00f3 no-violenta de conflictes i amb la finalitat de la millora&hellip;  <a href=\"https:\/\/agora.xtec.cat\/ceip-lesfalgueres\/projectes\/escoltam\/\" title=\"Read Escolta&#8217;m\">Llegeix m\u00e9s\u00bb<\/a><\/p>\n","protected":false},"author":1,"featured_media":0,"parent":770,"menu_order":10,"comment_status":"closed","ping_status":"closed","template":"page-templates\/side-menu.php","meta":{"_bbp_topic_count":0,"_bbp_reply_count":0,"_bbp_total_topic_count":0,"_bbp_total_reply_count":0,"_bbp_voice_count":0,"_bbp_anonymous_reply_count":0,"_bbp_topic_count_hidden":0,"_bbp_reply_count_hidden":0,"_bbp_forum_subforum_count":0,"footnotes":""},"class_list":["post-514","page","type-page","status-publish","hentry"],"post_mailing_queue_ids":[],"_links":{"self":[{"href":"https:\/\/agora.xtec.cat\/ceip-lesfalgueres\/wp-json\/wp\/v2\/pages\/514","targetHints":{"allow":["GET"]}}],"collection":[{"href":"https:\/\/agora.xtec.cat\/ceip-lesfalgueres\/wp-json\/wp\/v2\/pages"}],"about":[{"href":"https:\/\/agora.xtec.cat\/ceip-lesfalgueres\/wp-json\/wp\/v2\/types\/page"}],"author":[{"embeddable":true,"href":"https:\/\/agora.xtec.cat\/ceip-lesfalgueres\/wp-json\/wp\/v2\/users\/1"}],"replies":[{"embeddable":true,"href":"https:\/\/agora.xtec.cat\/ceip-lesfalgueres\/wp-json\/wp\/v2\/comments?post=514"}],"version-history":[{"count":3,"href":"https:\/\/agora.xtec.cat\/ceip-lesfalgueres\/wp-json\/wp\/v2\/pages\/514\/revisions"}],"predecessor-version":[{"id":1269,"href":"https:\/\/agora.xtec.cat\/ceip-lesfalgueres\/wp-json\/wp\/v2\/pages\/514\/revisions\/1269"}],"up":[{"embeddable":true,"href":"https:\/\/agora.xtec.cat\/ceip-lesfalgueres\/wp-json\/wp\/v2\/pages\/770"}],"wp:attachment":[{"href":"https:\/\/agora.xtec.cat\/ceip-lesfalgueres\/wp-json\/wp\/v2\/media?parent=514"}],"curies":[{"name":"wp","href":"https:\/\/api.w.org\/{rel}","templated":true}]}}

<p><span style="text-decoration: underline;"><strong>PROJECTE ESCOLTA&#8217;M: Tutoria personalitzada</strong></span></p>
<p>El  curs 16-17 vam iniciar aquest projecte per tal que arrelés com a eina de treball a la nostra escola amb el convenciment que el diàleg és la principal eina de transformació no-violenta de conflictes i amb la finalitat de la millora de les competències emocionals.</p>
<p>El projecte proposa personalitzar l’escola amb un pla d’intervenció educativa que estableixi una vinculació de complicitat i empatia entre el tutor i l’alumne diferent del que es viu a<a href="https://agora.xtec.cat/ceip-lesfalgueres/wp-content/uploads/usu2081/2020/02/1-1.jpg"><img loading="lazy" decoding="async" class="wp-image-1267 alignright" src="https://agora.xtec.cat/ceip-lesfalgueres/wp-content/uploads/usu2081/2020/02/1-1.jpg" alt="" width="276" height="207" srcset="https://agora.xtec.cat/ceip-lesfalgueres/wp-content/uploads/usu2081/2020/02/1-1.jpg 640w, https://agora.xtec.cat/ceip-lesfalgueres/wp-content/uploads/usu2081/2020/02/1-1-300x225.jpg 300w, https://agora.xtec.cat/ceip-lesfalgueres/wp-content/uploads/usu2081/2020/02/1-1-200x150.jpg 200w" sizes="auto, (max-width: 276px) 100vw, 276px" /></a> l&#8217;aula, per tal d&#8217;acompanyar  l’alumnat en el seu creixement per anar aconseguint cotes de seguretat personal que l’ajudin a resoldre problemes i a desenvolupar-se de forma integral i satisfactòria.</p>
<p style="font-family: 'Helvetica Neue', Helvetica, Helvetica, Arial, sans-serif; font-size: 16px;">Es portarà a terme des de P4 a 6è en sessions de mitja hora i grups de 4/5 alumnes.</p>
<p><strong>OBJECTIUS DEL PROJECTE</strong></p>
<ul>
<li>Crear cohesió de grup en un ambient d&#8217;estima i un clima de confiança.</li>
<li>Crear el sentiment de pertinença.</li>
<li>Treballar més a partir dels recursos que de les debilitats.</li>
<li>Construir un bon clima emocional i de motivació per aprendre i treballar en el grup classe.</li>
<li>Estructurar espais que afavoreixin altres formes de relació, complicitat i empatia mútua entre tutor i alumne.</li>
</ul>
<p>Mitjançant aquest projecte aconseguim també:</p>
<ul style="list-style-type: circle;">
<li>Fer emergir en els infants factors de resiliència (capacitat de recuperar-se davant de les l&#8217;adversitat per seguir endavant).</li>
<li>Fer una mirada als alumnes més enllà de les seves conductes conflictives.</li>
</ul>
<p>&nbsp;</p>

<p>PROJECTE ESCOLTA&#8217;M: Tutoria personalitzada<br />
El  curs 16-17 vam iniciar aquest projecte per tal que arrelés com a eina de treball a la nostra escola amb el convenciment que el diàleg és la principal eina de transformació no-violenta de conflictes i amb la finalitat de la millora&hellip;  <a href="https://agora.xtec.cat/ceip-lesfalgueres/projectes/escoltam/" title="Read Escolta&#8217;m">Llegeix més»</a></p>
