{"id":28,"date":"2014-09-18T12:29:35","date_gmt":"2014-09-18T11:29:35","guid":{"rendered":"http:\/\/agora.xtec.cat\/ceip-lesfalgueres\/?page_id=28"},"modified":"2025-10-20T12:56:16","modified_gmt":"2025-10-20T10:56:16","slug":"consell-escolar","status":"publish","type":"page","link":"https:\/\/agora.xtec.cat\/ceip-lesfalgueres\/lescola\/consell-escolar\/","title":{"rendered":"Consell escolar"},"content":{"rendered":"<p>\u00c9s el m\u00e0xim \u00f2rgan de govern de l\u2019escola. Es reuneix peri\u00f2dicament per tractar temes de la seva compet\u00e8ncia com ara: l\u2019aprovaci\u00f3 de la programaci\u00f3 anual de centre, aprovaci\u00f3 del pressupost escolar, aprovaci\u00f3 del calendari i horari escolar, sortides i activitats.<\/p>\n<p>Les persones que formen part del Consell Escolar de l\u2019escola s\u00f3n:<\/p>\n<div data-name=\"text\" data-action=\"text\"><\/div>\n<div class=\"cc-m-textwithimage-inline-rte\" data-name=\"text\" data-action=\"text\">\n<p><strong>Presidenta<\/strong><br \/>\nSusanna Canadell<\/p>\n<p><strong>Cap d&#8217;estudis<\/strong><br \/>\nRut Puigvert<\/p>\n<p><strong>Secret\u00e0ria<\/strong><br \/>\nAnna Mora<\/p>\n<div class=\"cc-m-textwithimage-inline-rte\" data-name=\"text\" data-action=\"text\"><strong>Sector mestres<\/strong><\/div>\n<div class=\"cc-m-textwithimage-inline-rte\" data-name=\"text\" data-action=\"text\">\n<p><strong style=\"font-family: inherit; font-size: 1em;\"><span style=\"font-family: inherit; font-size: 1em; font-weight: normal;\">Gemma Soler<br \/>\nAnna Poch<\/span><\/strong><\/p>\n<\/div>\n<p><strong style=\"font-family: inherit; font-size: 1em;\">Sector PAS<br \/>\n<\/strong><span style=\"font-family: inherit; font-size: 1em;\">Quim Serra<\/span><\/p>\n<\/div>\n<div class=\"cc-m-textwithimage-inline-rte\" data-name=\"text\" data-action=\"text\">\n<p><strong>Sector pares\/mares<br \/>\n<\/strong>Fran Gonz\u00e1lez<br \/>\nEva Artacho<br \/>\nEmma Ferrer<\/p>\n<p><strong>Representant de l\u2019AFA<\/strong><br \/>\nMireia Vendrell<\/p>\n<p><strong>Representant de l\u2019Ajuntament<\/strong><br \/>\n\u00cdria Mas\u00f3<\/p>\n<\/div>\n<p>&nbsp;<\/p>\n","protected":false},"excerpt":{"rendered":"<p>\u00c9s el m\u00e0xim \u00f2rgan de govern de l\u2019escola. Es reuneix peri\u00f2dicament per tractar temes de la seva compet\u00e8ncia com ara: l\u2019aprovaci\u00f3 de la programaci\u00f3 anual de centre, aprovaci\u00f3 del pressupost escolar, aprovaci\u00f3 del calendari i horari escolar, sortides i activitats.<br \/>\nLes persones que formen part del&hellip;  <a href=\"https:\/\/agora.xtec.cat\/ceip-lesfalgueres\/lescola\/consell-escolar\/\" title=\"Read Consell escolar\">Llegeix m\u00e9s\u00bb<\/a><\/p>\n","protected":false},"author":1,"featured_media":0,"parent":22,"menu_order":30,"comment_status":"closed","ping_status":"closed","template":"page-templates\/side-menu.php","meta":{"_bbp_topic_count":0,"_bbp_reply_count":0,"_bbp_total_topic_count":0,"_bbp_total_reply_count":0,"_bbp_voice_count":0,"_bbp_anonymous_reply_count":0,"_bbp_topic_count_hidden":0,"_bbp_reply_count_hidden":0,"_bbp_forum_subforum_count":0,"footnotes":""},"class_list":["post-28","page","type-page","status-publish","hentry"],"post_mailing_queue_ids":[],"_links":{"self":[{"href":"https:\/\/agora.xtec.cat\/ceip-lesfalgueres\/wp-json\/wp\/v2\/pages\/28","targetHints":{"allow":["GET"]}}],"collection":[{"href":"https:\/\/agora.xtec.cat\/ceip-lesfalgueres\/wp-json\/wp\/v2\/pages"}],"about":[{"href":"https:\/\/agora.xtec.cat\/ceip-lesfalgueres\/wp-json\/wp\/v2\/types\/page"}],"author":[{"embeddable":true,"href":"https:\/\/agora.xtec.cat\/ceip-lesfalgueres\/wp-json\/wp\/v2\/users\/1"}],"replies":[{"embeddable":true,"href":"https:\/\/agora.xtec.cat\/ceip-lesfalgueres\/wp-json\/wp\/v2\/comments?post=28"}],"version-history":[{"count":6,"href":"https:\/\/agora.xtec.cat\/ceip-lesfalgueres\/wp-json\/wp\/v2\/pages\/28\/revisions"}],"predecessor-version":[{"id":2710,"href":"https:\/\/agora.xtec.cat\/ceip-lesfalgueres\/wp-json\/wp\/v2\/pages\/28\/revisions\/2710"}],"up":[{"embeddable":true,"href":"https:\/\/agora.xtec.cat\/ceip-lesfalgueres\/wp-json\/wp\/v2\/pages\/22"}],"wp:attachment":[{"href":"https:\/\/agora.xtec.cat\/ceip-lesfalgueres\/wp-json\/wp\/v2\/media?parent=28"}],"curies":[{"name":"wp","href":"https:\/\/api.w.org\/{rel}","templated":true}]}}