{"id":1368,"date":"2020-03-10T12:40:02","date_gmt":"2020-03-10T11:40:02","guid":{"rendered":"https:\/\/agora.xtec.cat\/ceip-lesfalgueres\/?page_id=1368"},"modified":"2021-11-17T10:34:55","modified_gmt":"2021-11-17T09:34:55","slug":"xarxa-de-competencies-basiques","status":"publish","type":"page","link":"https:\/\/agora.xtec.cat\/ceip-lesfalgueres\/bones-practiques\/xarxa-de-competencies-basiques\/","title":{"rendered":"Xarxa compet\u00e8ncies b\u00e0siques"},"content":{"rendered":"<p><a href=\"https:\/\/agora.xtec.cat\/ceip-lesfalgueres\/wp-content\/uploads\/usu2081\/2021\/11\/baixa.png\"><img loading=\"lazy\" decoding=\"async\" class=\"alignnone size-full wp-image-2124\" src=\"https:\/\/agora.xtec.cat\/ceip-lesfalgueres\/wp-content\/uploads\/usu2081\/2021\/11\/baixa.png\" alt=\"\" width=\"313\" height=\"161\" srcset=\"https:\/\/agora.xtec.cat\/ceip-lesfalgueres\/wp-content\/uploads\/usu2081\/2021\/11\/baixa.png 313w, https:\/\/agora.xtec.cat\/ceip-lesfalgueres\/wp-content\/uploads\/usu2081\/2021\/11\/baixa-300x154.png 300w\" sizes=\"auto, (max-width: 313px) 100vw, 313px\" \/><\/a><\/p>\n<p>El nostre claustre forma part de la Xarxa de compet\u00e8ncies b\u00e0siques (Xarxa CB) que est\u00e0 formada per un equip de docents d\u2019educaci\u00f3 infantil i prim\u00e0ria, i d\u2019educaci\u00f3 secund\u00e0ria per tal de desenvolupar un treball molt m\u00e9s competencial\u00a0 i participatiu. Reflexionem sobre la gesti\u00f3 del curr\u00edculum per compet\u00e8ncies, compartim processos d&#8217;avaluaci\u00f3 i intentem que tot l&#8217;alumnat participi activament en l&#8217;aprenentatge i que aquest sigui funcional i que li permeti resoldre problemes de la vida quotidiana per desenvolupar-se com a persona en el m\u00f3n.<\/p>\n","protected":false},"excerpt":{"rendered":"<p><a href=\"https:\/\/agora.xtec.cat\/ceip-lesfalgueres\/wp-content\/uploads\/usu2081\/2021\/11\/baixa.png\"><\/a><br \/>\nEl nostre claustre forma part de la Xarxa de compet\u00e8ncies b\u00e0siques (Xarxa CB) que est\u00e0 formada per un equip de docents d\u2019educaci\u00f3 infantil i prim\u00e0ria, i d\u2019educaci\u00f3 secund\u00e0ria per tal de desenvolupar un treball molt m\u00e9s competencial\u00a0 i participatiu. Reflexionem sobre la gesti\u00f3 del&hellip;  <a href=\"https:\/\/agora.xtec.cat\/ceip-lesfalgueres\/bones-practiques\/xarxa-de-competencies-basiques\/\" title=\"Read Xarxa compet\u00e8ncies b\u00e0siques\">Llegeix m\u00e9s\u00bb<\/a><\/p>\n","protected":false},"author":1,"featured_media":0,"parent":521,"menu_order":50,"comment_status":"closed","ping_status":"closed","template":"page-templates\/side-menu.php","meta":{"_bbp_topic_count":0,"_bbp_reply_count":0,"_bbp_total_topic_count":0,"_bbp_total_reply_count":0,"_bbp_voice_count":0,"_bbp_anonymous_reply_count":0,"_bbp_topic_count_hidden":0,"_bbp_reply_count_hidden":0,"_bbp_forum_subforum_count":0,"footnotes":""},"class_list":["post-1368","page","type-page","status-publish","hentry"],"post_mailing_queue_ids":[],"_links":{"self":[{"href":"https:\/\/agora.xtec.cat\/ceip-lesfalgueres\/wp-json\/wp\/v2\/pages\/1368","targetHints":{"allow":["GET"]}}],"collection":[{"href":"https:\/\/agora.xtec.cat\/ceip-lesfalgueres\/wp-json\/wp\/v2\/pages"}],"about":[{"href":"https:\/\/agora.xtec.cat\/ceip-lesfalgueres\/wp-json\/wp\/v2\/types\/page"}],"author":[{"embeddable":true,"href":"https:\/\/agora.xtec.cat\/ceip-lesfalgueres\/wp-json\/wp\/v2\/users\/1"}],"replies":[{"embeddable":true,"href":"https:\/\/agora.xtec.cat\/ceip-lesfalgueres\/wp-json\/wp\/v2\/comments?post=1368"}],"version-history":[{"count":3,"href":"https:\/\/agora.xtec.cat\/ceip-lesfalgueres\/wp-json\/wp\/v2\/pages\/1368\/revisions"}],"predecessor-version":[{"id":2125,"href":"https:\/\/agora.xtec.cat\/ceip-lesfalgueres\/wp-json\/wp\/v2\/pages\/1368\/revisions\/2125"}],"up":[{"embeddable":true,"href":"https:\/\/agora.xtec.cat\/ceip-lesfalgueres\/wp-json\/wp\/v2\/pages\/521"}],"wp:attachment":[{"href":"https:\/\/agora.xtec.cat\/ceip-lesfalgueres\/wp-json\/wp\/v2\/media?parent=1368"}],"curies":[{"name":"wp","href":"https:\/\/api.w.org\/{rel}","templated":true}]}}

Xarxa competències bàsiques

<p><a href="https://agora.xtec.cat/ceip-lesfalgueres/wp-content/uploads/usu2081/2021/11/baixa.png"><img loading="lazy" decoding="async" class="alignnone size-full wp-image-2124" src="https://agora.xtec.cat/ceip-lesfalgueres/wp-content/uploads/usu2081/2021/11/baixa.png" alt="" width="313" height="161" srcset="https://agora.xtec.cat/ceip-lesfalgueres/wp-content/uploads/usu2081/2021/11/baixa.png 313w, https://agora.xtec.cat/ceip-lesfalgueres/wp-content/uploads/usu2081/2021/11/baixa-300x154.png 300w" sizes="auto, (max-width: 313px) 100vw, 313px" /></a></p>
<p>El nostre claustre forma part de la Xarxa de competències bàsiques (Xarxa CB) que està formada per un equip de docents d’educació infantil i primària, i d’educació secundària per tal de desenvolupar un treball molt més competencial  i participatiu. Reflexionem sobre la gestió del currículum per competències, compartim processos d&#8217;avaluació i intentem que tot l&#8217;alumnat participi activament en l&#8217;aprenentatge i que aquest sigui funcional i que li permeti resoldre problemes de la vida quotidiana per desenvolupar-se com a persona en el món.</p>

<p><a href="https://agora.xtec.cat/ceip-lesfalgueres/wp-content/uploads/usu2081/2021/11/baixa.png"></a><br />
El nostre claustre forma part de la Xarxa de competències bàsiques (Xarxa CB) que està formada per un equip de docents d’educació infantil i primària, i d’educació secundària per tal de desenvolupar un treball molt més competencial  i participatiu. Reflexionem sobre la gestió del&hellip;  <a href="https://agora.xtec.cat/ceip-lesfalgueres/bones-practiques/xarxa-de-competencies-basiques/" title="Read Xarxa competències bàsiques">Llegeix més»</a></p>
