{"id":846,"date":"2023-11-29T09:26:21","date_gmt":"2023-11-29T08:26:21","guid":{"rendered":"https:\/\/agora.xtec.cat\/ceip-lasedeta\/?page_id=846"},"modified":"2025-01-28T13:06:16","modified_gmt":"2025-01-28T12:06:16","slug":"educacio-infantil","status":"publish","type":"page","link":"https:\/\/agora.xtec.cat\/ceip-lasedeta\/lescola\/material-escolar\/educacio-infantil\/","title":{"rendered":"Educaci\u00f3 Infantil"},"content":{"rendered":"<p>\u25cf A Infantil, per tal d\u2019adequar-nos a les necessitats de l\u2019alumnat, treballem de manera molt\u00a0<strong>manipulativa<\/strong>. Per tant, no utilitzem llibres en aquesta etapa, ja que busquem treballar la part m\u00e9s experiencial establint una bona base pels aprenentatges.<\/p>\n<p><a href=\"https:\/\/agora.xtec.cat\/ceip-lasedeta\/wp-content\/uploads\/usu2430\/2024\/10\/IMG_2506-scaled.jpg\"><img loading=\"lazy\" decoding=\"async\" class=\"alignnone wp-image-1558\" src=\"https:\/\/agora.xtec.cat\/ceip-lasedeta\/wp-content\/uploads\/usu2430\/2024\/10\/IMG_2506-1024x768.jpg\" alt=\"\" width=\"204\" height=\"153\" srcset=\"https:\/\/agora.xtec.cat\/ceip-lasedeta\/wp-content\/uploads\/usu2430\/2024\/10\/IMG_2506-1024x768.jpg 1024w, https:\/\/agora.xtec.cat\/ceip-lasedeta\/wp-content\/uploads\/usu2430\/2024\/10\/IMG_2506-300x225.jpg 300w, https:\/\/agora.xtec.cat\/ceip-lasedeta\/wp-content\/uploads\/usu2430\/2024\/10\/IMG_2506-768x576.jpg 768w, https:\/\/agora.xtec.cat\/ceip-lasedeta\/wp-content\/uploads\/usu2430\/2024\/10\/IMG_2506-1536x1152.jpg 1536w, https:\/\/agora.xtec.cat\/ceip-lasedeta\/wp-content\/uploads\/usu2430\/2024\/10\/IMG_2506-2048x1536.jpg 2048w, https:\/\/agora.xtec.cat\/ceip-lasedeta\/wp-content\/uploads\/usu2430\/2024\/10\/IMG_2506-200x150.jpg 200w\" sizes=\"auto, (max-width: 204px) 100vw, 204px\" \/><\/a> <a style=\"color: #2795b6;\" href=\"https:\/\/agora.xtec.cat\/ceip-lasedeta\/wp-content\/uploads\/usu2430\/2024\/10\/I3-1-scaled.jpg\"><img loading=\"lazy\" decoding=\"async\" class=\"alignnone wp-image-1559\" src=\"https:\/\/agora.xtec.cat\/ceip-lasedeta\/wp-content\/uploads\/usu2430\/2024\/10\/I3-1-1024x768.jpg\" alt=\"\" width=\"203\" height=\"153\" srcset=\"https:\/\/agora.xtec.cat\/ceip-lasedeta\/wp-content\/uploads\/usu2430\/2024\/10\/I3-1-1024x768.jpg 1024w, https:\/\/agora.xtec.cat\/ceip-lasedeta\/wp-content\/uploads\/usu2430\/2024\/10\/I3-1-300x225.jpg 300w, https:\/\/agora.xtec.cat\/ceip-lasedeta\/wp-content\/uploads\/usu2430\/2024\/10\/I3-1-768x576.jpg 768w, https:\/\/agora.xtec.cat\/ceip-lasedeta\/wp-content\/uploads\/usu2430\/2024\/10\/I3-1-1536x1152.jpg 1536w, https:\/\/agora.xtec.cat\/ceip-lasedeta\/wp-content\/uploads\/usu2430\/2024\/10\/I3-1-2048x1536.jpg 2048w, https:\/\/agora.xtec.cat\/ceip-lasedeta\/wp-content\/uploads\/usu2430\/2024\/10\/I3-1-200x150.jpg 200w\" sizes=\"auto, (max-width: 203px) 100vw, 203px\" \/><\/a> <a style=\"color: #2795b6;\" href=\"https:\/\/agora.xtec.cat\/ceip-lasedeta\/wp-content\/uploads\/usu2430\/2024\/10\/microespai-I5-1-1-scaled.jpg\"><img loading=\"lazy\" decoding=\"async\" class=\"alignnone wp-image-1563\" src=\"https:\/\/agora.xtec.cat\/ceip-lasedeta\/wp-content\/uploads\/usu2430\/2024\/10\/microespai-I5-1-1-1024x576.jpg\" alt=\"\" width=\"271\" height=\"153\" srcset=\"https:\/\/agora.xtec.cat\/ceip-lasedeta\/wp-content\/uploads\/usu2430\/2024\/10\/microespai-I5-1-1-1024x576.jpg 1024w, https:\/\/agora.xtec.cat\/ceip-lasedeta\/wp-content\/uploads\/usu2430\/2024\/10\/microespai-I5-1-1-300x169.jpg 300w, https:\/\/agora.xtec.cat\/ceip-lasedeta\/wp-content\/uploads\/usu2430\/2024\/10\/microespai-I5-1-1-768x432.jpg 768w, https:\/\/agora.xtec.cat\/ceip-lasedeta\/wp-content\/uploads\/usu2430\/2024\/10\/microespai-I5-1-1-1536x864.jpg 1536w, https:\/\/agora.xtec.cat\/ceip-lasedeta\/wp-content\/uploads\/usu2430\/2024\/10\/microespai-I5-1-1-2048x1152.jpg 2048w\" sizes=\"auto, (max-width: 271px) 100vw, 271px\" \/><\/a><\/p>\n<p><a href=\"https:\/\/agora.xtec.cat\/ceip-lasedeta\/wp-content\/uploads\/usu2430\/2024\/10\/I3-1-scaled.jpg\">\u00a0<\/a><a href=\"https:\/\/agora.xtec.cat\/ceip-lasedeta\/wp-content\/uploads\/usu2430\/2024\/10\/microespai-I5-1-1-scaled.jpg\">\u00a0<\/a><a href=\"https:\/\/agora.xtec.cat\/ceip-lasedeta\/wp-content\/uploads\/usu2430\/2024\/01\/IMG_20240110_152428_1-scaled.jpg\">\u00a0<\/a><\/p>\n<p>\u25cf Dins de l\u2019aula, quan estem treballant amb tot el grup, realitzem\u00a0<strong>microespais.<\/strong> Alguns d\u2019aquests microespais s\u00f3n art, construccions, llengua, comunicaci\u00f3, conceptes matem\u00e0tics\u2026 A m\u00e9s a m\u00e9s, durant tres tardes a la setmana, ens barregem tot l\u2019alumnat d\u2019infantil per fer diferents espais (art, construccions, joc simb\u00f2lic, experimentaci\u00f3 i cos).<\/p>\n<p><a href=\"https:\/\/agora.xtec.cat\/ceip-lasedeta\/wp-content\/uploads\/usu2430\/2023\/10\/758d0d04-abe8-49fa-9839-bcb9e06f8b4d.jpg\"><img loading=\"lazy\" decoding=\"async\" class=\"alignnone wp-image-671\" src=\"https:\/\/agora.xtec.cat\/ceip-lasedeta\/wp-content\/uploads\/usu2430\/2023\/10\/758d0d04-abe8-49fa-9839-bcb9e06f8b4d.jpg\" alt=\"\" width=\"283\" height=\"152\" srcset=\"https:\/\/agora.xtec.cat\/ceip-lasedeta\/wp-content\/uploads\/usu2430\/2023\/10\/758d0d04-abe8-49fa-9839-bcb9e06f8b4d.jpg 1024w, https:\/\/agora.xtec.cat\/ceip-lasedeta\/wp-content\/uploads\/usu2430\/2023\/10\/758d0d04-abe8-49fa-9839-bcb9e06f8b4d-300x161.jpg 300w, https:\/\/agora.xtec.cat\/ceip-lasedeta\/wp-content\/uploads\/usu2430\/2023\/10\/758d0d04-abe8-49fa-9839-bcb9e06f8b4d-768x412.jpg 768w\" sizes=\"auto, (max-width: 283px) 100vw, 283px\" \/><\/a><a style=\"color: #2795b6;\" href=\"https:\/\/agora.xtec.cat\/ceip-lasedeta\/wp-content\/uploads\/usu2430\/2024\/01\/IMG_20240110_152428_1-scaled.jpg\"> <img loading=\"lazy\" decoding=\"async\" class=\"alignnone wp-image-1081\" src=\"https:\/\/agora.xtec.cat\/ceip-lasedeta\/wp-content\/uploads\/usu2430\/2024\/01\/IMG_20240110_152428_1-1024x768.jpg\" alt=\"\" width=\"202\" height=\"151\" srcset=\"https:\/\/agora.xtec.cat\/ceip-lasedeta\/wp-content\/uploads\/usu2430\/2024\/01\/IMG_20240110_152428_1-1024x768.jpg 1024w, https:\/\/agora.xtec.cat\/ceip-lasedeta\/wp-content\/uploads\/usu2430\/2024\/01\/IMG_20240110_152428_1-300x225.jpg 300w, https:\/\/agora.xtec.cat\/ceip-lasedeta\/wp-content\/uploads\/usu2430\/2024\/01\/IMG_20240110_152428_1-768x576.jpg 768w, https:\/\/agora.xtec.cat\/ceip-lasedeta\/wp-content\/uploads\/usu2430\/2024\/01\/IMG_20240110_152428_1-1536x1152.jpg 1536w, https:\/\/agora.xtec.cat\/ceip-lasedeta\/wp-content\/uploads\/usu2430\/2024\/01\/IMG_20240110_152428_1-2048x1536.jpg 2048w, https:\/\/agora.xtec.cat\/ceip-lasedeta\/wp-content\/uploads\/usu2430\/2024\/01\/IMG_20240110_152428_1-200x150.jpg 200w\" sizes=\"auto, (max-width: 202px) 100vw, 202px\" \/> <\/a><a href=\"https:\/\/agora.xtec.cat\/ceip-lasedeta\/wp-content\/uploads\/usu2430\/2024\/01\/1704983813256-scaled-e1733229434487.jpg\"><img loading=\"lazy\" decoding=\"async\" class=\"alignnone wp-image-1080\" src=\"https:\/\/agora.xtec.cat\/ceip-lasedeta\/wp-content\/uploads\/usu2430\/2024\/01\/1704983813256-scaled-e1733229434487-1024x652.jpg\" alt=\"\" width=\"239\" height=\"152\" srcset=\"https:\/\/agora.xtec.cat\/ceip-lasedeta\/wp-content\/uploads\/usu2430\/2024\/01\/1704983813256-scaled-e1733229434487-1024x652.jpg 1024w, https:\/\/agora.xtec.cat\/ceip-lasedeta\/wp-content\/uploads\/usu2430\/2024\/01\/1704983813256-scaled-e1733229434487-300x191.jpg 300w, https:\/\/agora.xtec.cat\/ceip-lasedeta\/wp-content\/uploads\/usu2430\/2024\/01\/1704983813256-scaled-e1733229434487-768x489.jpg 768w, https:\/\/agora.xtec.cat\/ceip-lasedeta\/wp-content\/uploads\/usu2430\/2024\/01\/1704983813256-scaled-e1733229434487-1536x978.jpg 1536w, https:\/\/agora.xtec.cat\/ceip-lasedeta\/wp-content\/uploads\/usu2430\/2024\/01\/1704983813256-scaled-e1733229434487-2048x1304.jpg 2048w\" sizes=\"auto, (max-width: 239px) 100vw, 239px\" \/><\/a><\/p>\n<p>\u25cf\u00a0Els nens i nenes fan servir les seves\u00a0<strong>caixes personalitzades<\/strong> per guardar tot el seu material. Aix\u00ed tot queda endre\u00e7at i recollit.<\/p>\n<p><a href=\"https:\/\/agora.xtec.cat\/ceip-lasedeta\/wp-content\/uploads\/usu2430\/2025\/01\/IMG_4748-scaled.jpg\"><img loading=\"lazy\" decoding=\"async\" class=\"alignnone wp-image-1843 \" src=\"https:\/\/agora.xtec.cat\/ceip-lasedeta\/wp-content\/uploads\/usu2430\/2025\/01\/IMG_4748-1024x768.jpg\" alt=\"\" width=\"203\" height=\"152\" srcset=\"https:\/\/agora.xtec.cat\/ceip-lasedeta\/wp-content\/uploads\/usu2430\/2025\/01\/IMG_4748-1024x768.jpg 1024w, https:\/\/agora.xtec.cat\/ceip-lasedeta\/wp-content\/uploads\/usu2430\/2025\/01\/IMG_4748-300x225.jpg 300w, https:\/\/agora.xtec.cat\/ceip-lasedeta\/wp-content\/uploads\/usu2430\/2025\/01\/IMG_4748-768x576.jpg 768w, https:\/\/agora.xtec.cat\/ceip-lasedeta\/wp-content\/uploads\/usu2430\/2025\/01\/IMG_4748-1536x1152.jpg 1536w, https:\/\/agora.xtec.cat\/ceip-lasedeta\/wp-content\/uploads\/usu2430\/2025\/01\/IMG_4748-2048x1536.jpg 2048w, https:\/\/agora.xtec.cat\/ceip-lasedeta\/wp-content\/uploads\/usu2430\/2025\/01\/IMG_4748-200x150.jpg 200w\" sizes=\"auto, (max-width: 203px) 100vw, 203px\" \/><\/a><a href=\"https:\/\/agora.xtec.cat\/ceip-lasedeta\/wp-content\/uploads\/usu2430\/2024\/01\/IMG_9827-min-scaled.jpg\">\u00a0<\/a><a href=\"https:\/\/agora.xtec.cat\/ceip-lasedeta\/wp-content\/uploads\/usu2430\/2025\/01\/IMG_4750-scaled.jpg\"><img loading=\"lazy\" decoding=\"async\" class=\"alignnone wp-image-1844 \" src=\"https:\/\/agora.xtec.cat\/ceip-lasedeta\/wp-content\/uploads\/usu2430\/2025\/01\/IMG_4750-1024x768.jpg\" alt=\"\" width=\"203\" height=\"152\" srcset=\"https:\/\/agora.xtec.cat\/ceip-lasedeta\/wp-content\/uploads\/usu2430\/2025\/01\/IMG_4750-1024x768.jpg 1024w, https:\/\/agora.xtec.cat\/ceip-lasedeta\/wp-content\/uploads\/usu2430\/2025\/01\/IMG_4750-300x225.jpg 300w, https:\/\/agora.xtec.cat\/ceip-lasedeta\/wp-content\/uploads\/usu2430\/2025\/01\/IMG_4750-768x576.jpg 768w, https:\/\/agora.xtec.cat\/ceip-lasedeta\/wp-content\/uploads\/usu2430\/2025\/01\/IMG_4750-1536x1152.jpg 1536w, https:\/\/agora.xtec.cat\/ceip-lasedeta\/wp-content\/uploads\/usu2430\/2025\/01\/IMG_4750-2048x1536.jpg 2048w, https:\/\/agora.xtec.cat\/ceip-lasedeta\/wp-content\/uploads\/usu2430\/2025\/01\/IMG_4750-200x150.jpg 200w\" sizes=\"auto, (max-width: 203px) 100vw, 203px\" \/> <\/a><a href=\"https:\/\/agora.xtec.cat\/ceip-lasedeta\/wp-content\/uploads\/usu2430\/2025\/01\/IMG_4747-scaled.jpg\"><img loading=\"lazy\" decoding=\"async\" class=\"alignnone  wp-image-1842\" src=\"https:\/\/agora.xtec.cat\/ceip-lasedeta\/wp-content\/uploads\/usu2430\/2025\/01\/IMG_4747-1024x768.jpg\" alt=\"\" width=\"203\" height=\"152\" srcset=\"https:\/\/agora.xtec.cat\/ceip-lasedeta\/wp-content\/uploads\/usu2430\/2025\/01\/IMG_4747-1024x768.jpg 1024w, https:\/\/agora.xtec.cat\/ceip-lasedeta\/wp-content\/uploads\/usu2430\/2025\/01\/IMG_4747-300x225.jpg 300w, https:\/\/agora.xtec.cat\/ceip-lasedeta\/wp-content\/uploads\/usu2430\/2025\/01\/IMG_4747-768x576.jpg 768w, https:\/\/agora.xtec.cat\/ceip-lasedeta\/wp-content\/uploads\/usu2430\/2025\/01\/IMG_4747-1536x1152.jpg 1536w, https:\/\/agora.xtec.cat\/ceip-lasedeta\/wp-content\/uploads\/usu2430\/2025\/01\/IMG_4747-2048x1536.jpg 2048w, https:\/\/agora.xtec.cat\/ceip-lasedeta\/wp-content\/uploads\/usu2430\/2025\/01\/IMG_4747-200x150.jpg 200w\" sizes=\"auto, (max-width: 203px) 100vw, 203px\" \/><\/a><\/p>\n<p>\u25cf Al\u00a0<strong>pati,<\/strong> l\u2019alumnat t\u00e9 diferents possibilitats de joc: la zona de sorral amb un petit tobogan i una caseta, patinets i motos per jugar a la zona tranquil\u00b7la, la zona de p\u00edcnic&#8230;<\/p>\n<p><a href=\"https:\/\/agora.xtec.cat\/ceip-lasedeta\/wp-content\/uploads\/usu2430\/2025\/01\/20250120_111040-1-scaled.jpg\"><img loading=\"lazy\" decoding=\"async\" class=\"alignnone wp-image-1778\" src=\"https:\/\/agora.xtec.cat\/ceip-lasedeta\/wp-content\/uploads\/usu2430\/2025\/01\/20250120_111040-1-1024x472.jpg\" alt=\"\" width=\"366\" height=\"169\" srcset=\"https:\/\/agora.xtec.cat\/ceip-lasedeta\/wp-content\/uploads\/usu2430\/2025\/01\/20250120_111040-1-1024x472.jpg 1024w, https:\/\/agora.xtec.cat\/ceip-lasedeta\/wp-content\/uploads\/usu2430\/2025\/01\/20250120_111040-1-300x138.jpg 300w, https:\/\/agora.xtec.cat\/ceip-lasedeta\/wp-content\/uploads\/usu2430\/2025\/01\/20250120_111040-1-768x354.jpg 768w, https:\/\/agora.xtec.cat\/ceip-lasedeta\/wp-content\/uploads\/usu2430\/2025\/01\/20250120_111040-1-1536x708.jpg 1536w, https:\/\/agora.xtec.cat\/ceip-lasedeta\/wp-content\/uploads\/usu2430\/2025\/01\/20250120_111040-1-2048x944.jpg 2048w\" sizes=\"auto, (max-width: 366px) 100vw, 366px\" \/><\/a> <a href=\"https:\/\/agora.xtec.cat\/ceip-lasedeta\/wp-content\/uploads\/usu2430\/2025\/01\/IMG_7573-1-scaled.jpg\"><img loading=\"lazy\" decoding=\"async\" class=\"alignnone wp-image-1779\" src=\"https:\/\/agora.xtec.cat\/ceip-lasedeta\/wp-content\/uploads\/usu2430\/2025\/01\/IMG_7573-1-1024x768.jpg\" alt=\"\" width=\"225\" height=\"169\" srcset=\"https:\/\/agora.xtec.cat\/ceip-lasedeta\/wp-content\/uploads\/usu2430\/2025\/01\/IMG_7573-1-1024x768.jpg 1024w, https:\/\/agora.xtec.cat\/ceip-lasedeta\/wp-content\/uploads\/usu2430\/2025\/01\/IMG_7573-1-300x225.jpg 300w, https:\/\/agora.xtec.cat\/ceip-lasedeta\/wp-content\/uploads\/usu2430\/2025\/01\/IMG_7573-1-768x576.jpg 768w, https:\/\/agora.xtec.cat\/ceip-lasedeta\/wp-content\/uploads\/usu2430\/2025\/01\/IMG_7573-1-1536x1152.jpg 1536w, https:\/\/agora.xtec.cat\/ceip-lasedeta\/wp-content\/uploads\/usu2430\/2025\/01\/IMG_7573-1-2048x1536.jpg 2048w, https:\/\/agora.xtec.cat\/ceip-lasedeta\/wp-content\/uploads\/usu2430\/2025\/01\/IMG_7573-1-200x150.jpg 200w\" sizes=\"auto, (max-width: 225px) 100vw, 225px\" \/><\/a><\/p>\n<p>\u25cf Als matins les nenes i nens fan una\u00a0<strong>petita assemblea<\/strong> on s\u2019explica el que farem durant el dia. L\u2019alumnat tamb\u00e9 aprofita aquest moment per explicar les seves pr\u00f2pies inquietuds.<\/p>\n<p>&nbsp;<\/p>\n<p>\u25cf Els infants es diverteixen molt a l\u2019hora de fer\u00a0<strong>psicomotricitat<\/strong>\u00a0amb mig grup, tant al pati com a l\u2019aula de psicomotricitat.<\/p>\n<p><a href=\"https:\/\/agora.xtec.cat\/ceip-lasedeta\/wp-content\/uploads\/usu2430\/2023\/12\/psico4.jpg\"><img loading=\"lazy\" decoding=\"async\" class=\"alignnone wp-image-1009\" src=\"https:\/\/agora.xtec.cat\/ceip-lasedeta\/wp-content\/uploads\/usu2430\/2023\/12\/psico4-963x1024.jpg\" alt=\"\" width=\"143\" height=\"152\" srcset=\"https:\/\/agora.xtec.cat\/ceip-lasedeta\/wp-content\/uploads\/usu2430\/2023\/12\/psico4-963x1024.jpg 963w, https:\/\/agora.xtec.cat\/ceip-lasedeta\/wp-content\/uploads\/usu2430\/2023\/12\/psico4-282x300.jpg 282w, https:\/\/agora.xtec.cat\/ceip-lasedeta\/wp-content\/uploads\/usu2430\/2023\/12\/psico4-768x816.jpg 768w, https:\/\/agora.xtec.cat\/ceip-lasedeta\/wp-content\/uploads\/usu2430\/2023\/12\/psico4-1445x1536.jpg 1445w, https:\/\/agora.xtec.cat\/ceip-lasedeta\/wp-content\/uploads\/usu2430\/2023\/12\/psico4-1927x2048.jpg 1927w\" sizes=\"auto, (max-width: 143px) 100vw, 143px\" \/> <\/a><a href=\"https:\/\/agora.xtec.cat\/ceip-lasedeta\/wp-content\/uploads\/usu2430\/2024\/06\/4-scaled.jpg\"><img loading=\"lazy\" decoding=\"async\" class=\"alignnone wp-image-1500\" src=\"https:\/\/agora.xtec.cat\/ceip-lasedeta\/wp-content\/uploads\/usu2430\/2024\/06\/4-1024x813.jpg\" alt=\"\" width=\"192\" height=\"152\" srcset=\"https:\/\/agora.xtec.cat\/ceip-lasedeta\/wp-content\/uploads\/usu2430\/2024\/06\/4-1024x813.jpg 1024w, https:\/\/agora.xtec.cat\/ceip-lasedeta\/wp-content\/uploads\/usu2430\/2024\/06\/4-300x238.jpg 300w, https:\/\/agora.xtec.cat\/ceip-lasedeta\/wp-content\/uploads\/usu2430\/2024\/06\/4-768x610.jpg 768w, https:\/\/agora.xtec.cat\/ceip-lasedeta\/wp-content\/uploads\/usu2430\/2024\/06\/4-1536x1220.jpg 1536w, https:\/\/agora.xtec.cat\/ceip-lasedeta\/wp-content\/uploads\/usu2430\/2024\/06\/4-2048x1626.jpg 2048w\" sizes=\"auto, (max-width: 192px) 100vw, 192px\" \/> <\/a><img loading=\"lazy\" decoding=\"async\" class=\"alignnone wp-image-1008\" src=\"https:\/\/agora.xtec.cat\/ceip-lasedeta\/wp-content\/uploads\/usu2430\/2023\/12\/psico3-1024x796.jpg\" alt=\"\" width=\"195\" height=\"152\" srcset=\"https:\/\/agora.xtec.cat\/ceip-lasedeta\/wp-content\/uploads\/usu2430\/2023\/12\/psico3-1024x796.jpg 1024w, https:\/\/agora.xtec.cat\/ceip-lasedeta\/wp-content\/uploads\/usu2430\/2023\/12\/psico3-300x233.jpg 300w, https:\/\/agora.xtec.cat\/ceip-lasedeta\/wp-content\/uploads\/usu2430\/2023\/12\/psico3-768x597.jpg 768w, https:\/\/agora.xtec.cat\/ceip-lasedeta\/wp-content\/uploads\/usu2430\/2023\/12\/psico3-1536x1194.jpg 1536w, https:\/\/agora.xtec.cat\/ceip-lasedeta\/wp-content\/uploads\/usu2430\/2023\/12\/psico3-2048x1592.jpg 2048w\" sizes=\"auto, (max-width: 195px) 100vw, 195px\" \/><\/p>\n<p>\u25cf Tamb\u00e9 els agrada fer\u00a0<strong>m\u00fasica<\/strong>\u00a0a l\u2019aula de psicomotricitat. Es mouen tot aprenent\u00a0<strong>can\u00e7ons<\/strong>\u00a0i\u00a0<strong>danses<\/strong>.<\/p>\n<p>&nbsp;<\/p>\n<p>&#8220;<em>L&#8217;educaci\u00f3 \u00e9s l&#8217;arma m\u00e9s poderosa que pots fer servir per canviar el m\u00f3n&#8221;.<\/em><\/p>\n<p>Nelson Mandela<\/p>\n<p>&nbsp;<\/p>\n","protected":false},"excerpt":{"rendered":"<p>\u25cf A Infantil, per tal d\u2019adequar-nos a les necessitats de l\u2019alumnat, treballem de manera molt\u00a0manipulativa. Per tant, no utilitzem llibres en aquesta etapa, ja que busquem treballar la part m\u00e9s experiencial establint una bona base pels aprenentatges.<br \/>\n<a href=\"https:\/\/agora.xtec.cat\/ceip-lasedeta\/wp-content\/uploads\/usu2430\/2024\/10\/IMG_2506-scaled.jpg\"><\/a> <a style=\"color: #2795b6;\" href=\"https:\/\/agora.xtec.cat\/ceip-lasedeta\/wp-content\/uploads\/usu2430\/2024\/10\/I3-1-scaled.jpg\"><\/a> <a style=\"color: #2795b6;\"&hellip;  <a href=\"https:\/\/agora.xtec.cat\/ceip-lasedeta\/lescola\/material-escolar\/educacio-infantil\/\" title=\"Read Educaci\u00f3 Infantil\">Llegeix m\u00e9s\u00bb<\/a><\/p>\n","protected":false},"author":1,"featured_media":0,"parent":36,"menu_order":10,"comment_status":"closed","ping_status":"closed","template":"page-templates\/side-menu.php","meta":{"_bbp_topic_count":0,"_bbp_reply_count":0,"_bbp_total_topic_count":0,"_bbp_total_reply_count":0,"_bbp_voice_count":0,"_bbp_anonymous_reply_count":0,"_bbp_topic_count_hidden":0,"_bbp_reply_count_hidden":0,"_bbp_forum_subforum_count":0,"footnotes":""},"class_list":["post-846","page","type-page","status-publish","hentry"],"post_mailing_queue_ids":[],"_links":{"self":[{"href":"https:\/\/agora.xtec.cat\/ceip-lasedeta\/wp-json\/wp\/v2\/pages\/846","targetHints":{"allow":["GET"]}}],"collection":[{"href":"https:\/\/agora.xtec.cat\/ceip-lasedeta\/wp-json\/wp\/v2\/pages"}],"about":[{"href":"https:\/\/agora.xtec.cat\/ceip-lasedeta\/wp-json\/wp\/v2\/types\/page"}],"author":[{"embeddable":true,"href":"https:\/\/agora.xtec.cat\/ceip-lasedeta\/wp-json\/wp\/v2\/users\/1"}],"replies":[{"embeddable":true,"href":"https:\/\/agora.xtec.cat\/ceip-lasedeta\/wp-json\/wp\/v2\/comments?post=846"}],"version-history":[{"count":6,"href":"https:\/\/agora.xtec.cat\/ceip-lasedeta\/wp-json\/wp\/v2\/pages\/846\/revisions"}],"predecessor-version":[{"id":1845,"href":"https:\/\/agora.xtec.cat\/ceip-lasedeta\/wp-json\/wp\/v2\/pages\/846\/revisions\/1845"}],"up":[{"embeddable":true,"href":"https:\/\/agora.xtec.cat\/ceip-lasedeta\/wp-json\/wp\/v2\/pages\/36"}],"wp:attachment":[{"href":"https:\/\/agora.xtec.cat\/ceip-lasedeta\/wp-json\/wp\/v2\/media?parent=846"}],"curies":[{"name":"wp","href":"https:\/\/api.w.org\/{rel}","templated":true}]}}