{"id":26,"date":"2014-09-18T12:24:32","date_gmt":"2014-09-18T11:24:32","guid":{"rendered":"http:\/\/agora.xtec.cat\/ceip-lasedeta\/?page_id=26"},"modified":"2026-01-19T15:55:13","modified_gmt":"2026-01-19T14:55:13","slug":"historia","status":"publish","type":"page","link":"https:\/\/agora.xtec.cat\/ceip-lasedeta\/lescola\/historia\/","title":{"rendered":"D&#8217;on venim"},"content":{"rendered":"<div class=\"entry-content\">\n<div id=\"attachment_1225\" class=\"wp-caption alignright\" style=\"width: 238px;\">\n<p><a href=\"https:\/\/agora.xtec.cat\/ceip-lasedeta\/wp-content\/uploads\/usu2430\/2025\/01\/Don-venim.jpg\"><img loading=\"lazy\" decoding=\"async\" class=\"alignnone wp-image-1808 \" src=\"https:\/\/agora.xtec.cat\/ceip-lasedeta\/wp-content\/uploads\/usu2430\/2025\/01\/Don-venim.jpg\" alt=\"\" width=\"238\" height=\"176\" srcset=\"https:\/\/agora.xtec.cat\/ceip-lasedeta\/wp-content\/uploads\/usu2430\/2025\/01\/Don-venim.jpg 1024w, https:\/\/agora.xtec.cat\/ceip-lasedeta\/wp-content\/uploads\/usu2430\/2025\/01\/Don-venim-300x222.jpg 300w, https:\/\/agora.xtec.cat\/ceip-lasedeta\/wp-content\/uploads\/usu2430\/2025\/01\/Don-venim-768x568.jpg 768w\" sizes=\"auto, (max-width: 238px) 100vw, 238px\" \/><\/a><\/p>\n<p class=\"wp-caption-text\">\u00a0La f\u00e0brica<\/p>\n<\/div>\n<p style=\"text-align: justify;\">Antigament l\u2019espai que ocupa aquest centre era una\u00a0<strong>ind\u00fastria de seda<\/strong>, d\u2019aqu\u00ed el seu nom. Est\u00e0 ubicada en un espai rehabilitat que \u00e9s\u00a0<strong>patrimoni hist\u00f2ric de la ciutat<\/strong>, i que es va aconseguir despr\u00e9s d\u2019una llarga reivindicaci\u00f3 ve\u00efnal a finals dels anys setanta. La f\u00e0brica t\u00e8xtil de La Sedeta va ser edificada per l\u2019empresa Pujol i Casacuberta, societat creada l\u2019any 1899. L\u2019any 1915 hi treballaven uns quatre-cents obrers i obreres del barri. Va ser una de les primeres ind\u00fastries d\u2019Europa en produir, amb telers mec\u00e0nics,\u00a0<strong>teixits de seda crua<\/strong>\u00a0\u201c<strong>Shantung<\/strong>\u201c. D\u2019aquesta activitat procedeix el popular nom de La Sedeta tot i que tamb\u00e9 produ\u00efa teixits de llana.<\/p>\n<div id=\"attachment_1224\" class=\"wp-caption alignleft\" style=\"width: 253px;\">\n<p>&nbsp;<\/p>\n<p><a href=\"https:\/\/agora.xtec.cat\/ceip-lasedeta\/wp-content\/uploads\/usu2430\/2024\/11\/2.una_fabrica_a_finals_del_SXIX.jpg\"><img loading=\"lazy\" decoding=\"async\" class=\"alignnone wp-image-1637\" src=\"https:\/\/agora.xtec.cat\/ceip-lasedeta\/wp-content\/uploads\/usu2430\/2024\/11\/2.una_fabrica_a_finals_del_SXIX-1024x748.jpg\" alt=\"\" width=\"253\" height=\"185\" srcset=\"https:\/\/agora.xtec.cat\/ceip-lasedeta\/wp-content\/uploads\/usu2430\/2024\/11\/2.una_fabrica_a_finals_del_SXIX-1024x748.jpg 1024w, https:\/\/agora.xtec.cat\/ceip-lasedeta\/wp-content\/uploads\/usu2430\/2024\/11\/2.una_fabrica_a_finals_del_SXIX-300x219.jpg 300w, https:\/\/agora.xtec.cat\/ceip-lasedeta\/wp-content\/uploads\/usu2430\/2024\/11\/2.una_fabrica_a_finals_del_SXIX-768x561.jpg 768w, https:\/\/agora.xtec.cat\/ceip-lasedeta\/wp-content\/uploads\/usu2430\/2024\/11\/2.una_fabrica_a_finals_del_SXIX.jpg 1511w\" sizes=\"auto, (max-width: 253px) 100vw, 253px\" \/><\/a><\/p>\n<p class=\"wp-caption-text\">La f\u00e0brica<\/p>\n<\/div>\n<p>&nbsp;<\/p>\n<p style=\"text-align: justify;\"><strong>\u201cLa Sedeta per al barri\u201d\u00a0<\/strong>va ser una campanya popular de llarg recorregut. L\u2019any 1953 havia comen\u00e7at el trasllat de l\u2019antiga f\u00e0brica fora del casc urb\u00e0, els ve\u00efns de la zona es van proposar recuperar per a \u00fas p\u00fablic (quasi 7.000 metres quadrats d\u2019extensi\u00f3).<\/p>\n<p style=\"text-align: justify;\">El 26 de maig de 1978, a primera hora del mat\u00ed, es va enderrocar la xemeneia de l\u2019antiga f\u00e0brica:\u00a0<strong>\u201cVolem equipaments\u201d, \u201cPisos no\u201d i \u201cLa Sedeta per al barri\u201d<\/strong>. Finalment la reivindicaci\u00f3 va tenir els primers fruits, ja que l\u2019Ajuntament de Barcelona va adquirir el solar a finals de 1978. L\u2019octubre de 1980, el Consell del districte va netejar el solar i va pagar una tanca per protegir-lo.<\/p>\n<p style=\"text-align: justify;\">L\u2019edifici \u00e9s un clar exemple de l\u2019<strong>arquitectura industrial de principis de segle<\/strong>. El projecte respectava el plantejament general del conjunt arquitect\u00f2nic i proposava de reconstruir nom\u00e9s all\u00f2 que estava en mal estat. Els espais exteriors es van habilitar com a pati escolar i pla\u00e7a p\u00fablica. Es van conservar les fa\u00e7anes de les ales de l\u2019antiga f\u00e0brica que donaven als carrers de la Ind\u00fastria i de Sic\u00edlia, que es van convertir en l\u2019actual\u00a0<strong>Escola<\/strong>, l\u2019<strong>Institut<\/strong>\u00a0i el\u00a0<strong>Centre C\u00edvic<\/strong>. Es va conservar la fa\u00e7ana del carrer de Sant Antoni Ma Claret, darrere la qual es troba un amfiteatre i la pla\u00e7a p\u00fablica. La urbanitzaci\u00f3 i recuperaci\u00f3 de l\u2019edifici industrial i la seva pla\u00e7a, van portar l\u2019obra a ser finalista del\u00a0<strong>premi FAD d\u2019arquitectura<\/strong>\u00a0l\u2019any 1983.<\/p>\n<p style=\"text-align: justify;\">L\u2019any\u00a0<strong>1982<\/strong>\u00a0es va inaugurar l\u2019<strong>Escola La Sedeta<\/strong>. Va comen\u00e7ar el segle com una f\u00e0brica i es va acabar com a una escola de vuit unitats d\u2019EGB, amb parvulari (P.4 i P.5).<\/p>\n<p style=\"text-align: justify;\">Un any despr\u00e9s (<strong>1983<\/strong>) es va inaugurar l\u2019<strong>Institut de Batxillerat La Sedeta<\/strong>.<\/p>\n<p style=\"text-align: justify;\">En\u00a0<strong>1982<\/strong>\u00a0es va inaugurar l\u2019edifici destinat a\u00a0<strong>centre c\u00edvic<\/strong>\u00a0i nom\u00e9s es va restaurar, ja que les naus de l\u2019antiga f\u00e0brica responien a una bona construcci\u00f3.<\/p>\n<p style=\"text-align: justify;\">L\u2019estiu de l\u2019any\u00a0<strong>2006<\/strong>, i despr\u00e9s d\u2019una llarga reivindicaci\u00f3 tant d\u2019ambd\u00f3s centres com del barri es va dur a terme la\u00a0<strong>reforma integral del pati<\/strong> que compartim amb l\u2019Institut. M\u00e9s endavant, a l&#8217;estiu del <strong>2024<\/strong>, vam formar part del <strong>Projecte Transformem patis,\u00a0<\/strong>i ens va donar l&#8217;oportunitat de fer un pati m\u00e9s naturalitzat i coeducatiu.<\/p>\n<p>Amb quasi 40 anys en funcionament, desitgem poder continuar molts anys m\u00e9s amb la mateixa for\u00e7a.<\/p>\n<\/div>\n","protected":false},"excerpt":{"rendered":"<p><a href=\"https:\/\/agora.xtec.cat\/ceip-lasedeta\/wp-content\/uploads\/usu2430\/2025\/01\/Don-venim.jpg\"><\/a><br \/>\n\u00a0La f\u00e0brica<\/p>\n<p>Antigament l\u2019espai que ocupa aquest centre era una\u00a0ind\u00fastria de seda, d\u2019aqu\u00ed el seu nom. Est\u00e0 ubicada en un espai rehabilitat que \u00e9s\u00a0patrimoni hist\u00f2ric de la ciutat, i que es va aconseguir despr\u00e9s d\u2019una llarga reivindicaci\u00f3 ve\u00efnal a finals dels anys setanta. La f\u00e0brica&hellip;  <a href=\"https:\/\/agora.xtec.cat\/ceip-lasedeta\/lescola\/historia\/\" title=\"Read D&#8217;on venim\">Llegeix m\u00e9s\u00bb<\/a><\/p>\n","protected":false},"author":1,"featured_media":0,"parent":22,"menu_order":10,"comment_status":"closed","ping_status":"closed","template":"page-templates\/side-menu.php","meta":{"_bbp_topic_count":0,"_bbp_reply_count":0,"_bbp_total_topic_count":0,"_bbp_total_reply_count":0,"_bbp_voice_count":0,"_bbp_anonymous_reply_count":0,"_bbp_topic_count_hidden":0,"_bbp_reply_count_hidden":0,"_bbp_forum_subforum_count":0,"footnotes":""},"class_list":["post-26","page","type-page","status-publish","hentry"],"post_mailing_queue_ids":[],"_links":{"self":[{"href":"https:\/\/agora.xtec.cat\/ceip-lasedeta\/wp-json\/wp\/v2\/pages\/26","targetHints":{"allow":["GET"]}}],"collection":[{"href":"https:\/\/agora.xtec.cat\/ceip-lasedeta\/wp-json\/wp\/v2\/pages"}],"about":[{"href":"https:\/\/agora.xtec.cat\/ceip-lasedeta\/wp-json\/wp\/v2\/types\/page"}],"author":[{"embeddable":true,"href":"https:\/\/agora.xtec.cat\/ceip-lasedeta\/wp-json\/wp\/v2\/users\/1"}],"replies":[{"embeddable":true,"href":"https:\/\/agora.xtec.cat\/ceip-lasedeta\/wp-json\/wp\/v2\/comments?post=26"}],"version-history":[{"count":6,"href":"https:\/\/agora.xtec.cat\/ceip-lasedeta\/wp-json\/wp\/v2\/pages\/26\/revisions"}],"predecessor-version":[{"id":2353,"href":"https:\/\/agora.xtec.cat\/ceip-lasedeta\/wp-json\/wp\/v2\/pages\/26\/revisions\/2353"}],"up":[{"embeddable":true,"href":"https:\/\/agora.xtec.cat\/ceip-lasedeta\/wp-json\/wp\/v2\/pages\/22"}],"wp:attachment":[{"href":"https:\/\/agora.xtec.cat\/ceip-lasedeta\/wp-json\/wp\/v2\/media?parent=26"}],"curies":[{"name":"wp","href":"https:\/\/api.w.org\/{rel}","templated":true}]}}