{"id":22,"date":"2014-09-18T12:19:57","date_gmt":"2014-09-18T11:19:57","guid":{"rendered":"http:\/\/agora.xtec.cat\/ceip-lasedeta\/?page_id=22"},"modified":"2025-01-20T16:08:33","modified_gmt":"2025-01-20T15:08:33","slug":"lescola","status":"publish","type":"page","link":"https:\/\/agora.xtec.cat\/ceip-lasedeta\/lescola\/","title":{"rendered":"L&#8217;escola"},"content":{"rendered":"<p>L\u2019Escola d\u2019Educaci\u00f3 infantil i prim\u00e0ria \u201c<strong>La Sedeta<\/strong>\u201d \u00e9s un centre de titularitat p\u00fablica d\u2019una l\u00ednia que imparteix els tres cursos d\u2019educaci\u00f3 infantil\u00a0(de 3 a 6 anys) i els sis cursos d\u2019educaci\u00f3 prim\u00e0ria (de 6 a 12 anys) repartits en tres cicles: inicial, mitj\u00e0 i superior.<\/p>\n<p><strong>La nostra comunitat<\/strong> est\u00e0 integrada per l\u2019alumnat, l\u2019equip de mestres, el personal no docent, aix\u00ed com les fam\u00edlies i l\u2019equip de monitoratge encarregat de l\u2019atenci\u00f3 i cura de l\u2019alumnat al menjador i en les diferents activitats extraescolars gestionades per l\u2019AFA.<\/p>\n<p>&nbsp;<\/p>\n<p><span style=\"color: #ff6600;\"><strong>PROJECTE EDUCATIU<\/strong><\/span><\/p>\n<ul style=\"list-style-type: circle;\">\n<li style=\"list-style-type: none;\">\n<ul style=\"list-style-type: circle;\">\n<li>Som una escola <strong>p\u00fablica<\/strong>\u00a0oberta a tothom. Defensem\u00a0 els\u00a0<strong>valors democr\u00e0tics<\/strong> en la gesti\u00f3, funcionament i presa de decisions.<\/li>\n<\/ul>\n<\/li>\n<\/ul>\n<ul style=\"list-style-type: circle;\">\n<li style=\"list-style-type: none;\">\n<ul style=\"list-style-type: circle;\">\n<li>Som una escola <strong>coeducadora<\/strong>\u00a0i propugnem la no diferenciaci\u00f3 per la ra\u00f3 de sexe.<\/li>\n<\/ul>\n<\/li>\n<\/ul>\n<ul style=\"list-style-type: circle;\">\n<li style=\"list-style-type: none;\">\n<ul style=\"list-style-type: circle;\">\n<li>La <strong>llengua catalana<\/strong>\u00a0\u00e9s la llengua d\u2019\u00fas i comunicaci\u00f3 del centre i la llengua vehicular en el proc\u00e9s d\u2019ensenyament-aprenentatge.<\/li>\n<\/ul>\n<\/li>\n<\/ul>\n<ul style=\"list-style-type: circle;\">\n<li style=\"list-style-type: none;\">\n<ul style=\"list-style-type: circle;\">\n<li>Transmetem els <strong>trets d\u2019identitat catalans<\/strong>, culturals i tradicionals i vetllem per tal que no es produeixi cap tipus de discriminaci\u00f3 d\u2019\u00fas i aprenentatge de les<strong>\u00a0dues lleng\u00fces oficials<\/strong>.<\/li>\n<\/ul>\n<\/li>\n<\/ul>\n<ul style=\"list-style-type: circle;\">\n<li style=\"list-style-type: none;\">\n<ul style=\"list-style-type: circle;\">\n<li>Fomentem en l\u2019alumnat una <strong>actitud activa, curiosa, investigadora i cr\u00edtica<\/strong>.<\/li>\n<\/ul>\n<\/li>\n<\/ul>\n<ul style=\"list-style-type: circle;\">\n<li style=\"list-style-type: none;\">\n<ul style=\"list-style-type: circle;\">\n<li>Som una escola <strong>laica<\/strong>, tot i que tenim present i mostrem la\u00a0<strong>cultura<\/strong>\u00a0en el qual estem inserits a trav\u00e9s de les\u00a0<strong>tradicions, els s\u00edmbols i fets culturals<\/strong>.<\/li>\n<\/ul>\n<\/li>\n<\/ul>\n<ul style=\"list-style-type: circle;\">\n<li style=\"list-style-type: none;\">\n<ul style=\"list-style-type: circle;\">\n<li>Ajudem els alumnes a <strong>descobrir i a potenciar<\/strong>\u00a0les seves possibilitats f\u00edsiques, intel\u00b7lectuals i afectives, a acceptar les pr\u00f2pies qualitats i limitacions. Fomentem l\u2019educaci\u00f3 per la salut i el benestar propi.<\/li>\n<\/ul>\n<\/li>\n<\/ul>\n<ul style=\"list-style-type: circle;\">\n<li style=\"list-style-type: none;\">\n<ul style=\"list-style-type: circle;\">\n<li>Acollim la<strong>\u00a0diversitat cultural<\/strong>\u00a0com a un valor positiu, fomentant i facilitant la conviv\u00e8ncia dels alumnes.<\/li>\n<\/ul>\n<\/li>\n<\/ul>\n<ul style=\"list-style-type: circle;\">\n<li style=\"list-style-type: none;\">\n<ul style=\"list-style-type: circle;\">\n<li>Promovem l\u2019educaci\u00f3 del consum i fomentem el respecte al <strong>medi ambient<\/strong>.<\/li>\n<\/ul>\n<\/li>\n<\/ul>\n<ul style=\"list-style-type: circle;\">\n<li style=\"list-style-type: none;\">\n<ul style=\"list-style-type: circle;\">\n<li>Ens basem en el <strong>principi d\u2019igualtat<\/strong>\u00a0i la l\u00ednia metodol\u00f2gica del centre va dirigida a respectar el\u00a0<strong>nivell i ritme personal<\/strong>\u00a0de cada nen i nena.<\/li>\n<\/ul>\n<\/li>\n<\/ul>\n<ul style=\"list-style-type: circle;\">\n<li style=\"list-style-type: none;\">\n<ul style=\"list-style-type: circle;\">\n<li>Partim del <strong>bagatge cultural i dels coneixement<\/strong>\u00a0de l\u2019alumnat per adequar els continguts a la seva<strong>\u00a0realitat m\u00e9s propera<\/strong>.<\/li>\n<\/ul>\n<\/li>\n<\/ul>\n<ul style=\"list-style-type: circle;\">\n<li style=\"list-style-type: none;\">\n<ul style=\"list-style-type: circle;\">\n<li>Promovem la <strong>resoluci\u00f3 de conflictes<\/strong>\u00a0 a partir de la\u00a0<strong>reflexi\u00f3, afavorint el di\u00e0leg<\/strong>.<\/li>\n<\/ul>\n<\/li>\n<\/ul>\n<ul style=\"list-style-type: circle;\">\n<li style=\"list-style-type: none;\">\n<ul style=\"list-style-type: circle;\">\n<li>L\u2019escola promou la<strong>\u00a0participaci\u00f3<\/strong>\u00a0en activitats proposades pel\u00a0<strong>barri i la ciutat<\/strong>.<\/li>\n<\/ul>\n<\/li>\n<\/ul>\n","protected":false},"excerpt":{"rendered":"<p>L\u2019Escola d\u2019Educaci\u00f3 infantil i prim\u00e0ria \u201cLa Sedeta\u201d \u00e9s un centre de titularitat p\u00fablica d\u2019una l\u00ednia que imparteix els tres cursos d\u2019educaci\u00f3 infantil\u00a0(de 3 a 6 anys) i els sis cursos d\u2019educaci\u00f3 prim\u00e0ria (de 6 a 12 anys) repartits en tres cicles: inicial, mitj\u00e0 i superior.<br \/>\nLa&hellip;  <a href=\"https:\/\/agora.xtec.cat\/ceip-lasedeta\/lescola\/\" title=\"Read L&#8217;escola\">Llegeix m\u00e9s\u00bb<\/a><\/p>\n","protected":false},"author":1,"featured_media":0,"parent":0,"menu_order":0,"comment_status":"closed","ping_status":"closed","template":"page-templates\/side-menu.php","meta":{"_bbp_topic_count":0,"_bbp_reply_count":0,"_bbp_total_topic_count":0,"_bbp_total_reply_count":0,"_bbp_voice_count":0,"_bbp_anonymous_reply_count":0,"_bbp_topic_count_hidden":0,"_bbp_reply_count_hidden":0,"_bbp_forum_subforum_count":0,"footnotes":""},"class_list":["post-22","page","type-page","status-publish","hentry"],"post_mailing_queue_ids":[],"_links":{"self":[{"href":"https:\/\/agora.xtec.cat\/ceip-lasedeta\/wp-json\/wp\/v2\/pages\/22","targetHints":{"allow":["GET"]}}],"collection":[{"href":"https:\/\/agora.xtec.cat\/ceip-lasedeta\/wp-json\/wp\/v2\/pages"}],"about":[{"href":"https:\/\/agora.xtec.cat\/ceip-lasedeta\/wp-json\/wp\/v2\/types\/page"}],"author":[{"embeddable":true,"href":"https:\/\/agora.xtec.cat\/ceip-lasedeta\/wp-json\/wp\/v2\/users\/1"}],"replies":[{"embeddable":true,"href":"https:\/\/agora.xtec.cat\/ceip-lasedeta\/wp-json\/wp\/v2\/comments?post=22"}],"version-history":[{"count":4,"href":"https:\/\/agora.xtec.cat\/ceip-lasedeta\/wp-json\/wp\/v2\/pages\/22\/revisions"}],"predecessor-version":[{"id":1770,"href":"https:\/\/agora.xtec.cat\/ceip-lasedeta\/wp-json\/wp\/v2\/pages\/22\/revisions\/1770"}],"wp:attachment":[{"href":"https:\/\/agora.xtec.cat\/ceip-lasedeta\/wp-json\/wp\/v2\/media?parent=22"}],"curies":[{"name":"wp","href":"https:\/\/api.w.org\/{rel}","templated":true}]}}