{"id":6911,"date":"2020-03-31T11:25:09","date_gmt":"2020-03-31T09:25:09","guid":{"rendered":"http:\/\/agora.xtec.cat\/ceip-lasardana\/?page_id=6911"},"modified":"2024-04-07T20:53:26","modified_gmt":"2024-04-07T18:53:26","slug":"amic-lector","status":"publish","type":"page","link":"https:\/\/agora.xtec.cat\/ceip-lasardana\/projecte-educatiu\/biblioteca-teresa-reverter\/amic-lector\/","title":{"rendered":"Amic lector"},"content":{"rendered":"<p>El nostre projecte d\u2019<b>amic lector<\/b> consisteix en crear parelles lectores d\u2019alumnes del cicle superior amb alumnes de cicle inicial. Es tracta de compartir estones plegats per fer petites activitats de lectura (explicant contes, llegint plegats petits textos , etc).<\/p>\n<p>A banda de millorar la compet\u00e8ncia lectora sent aquesta una activitat funcional de la lectura, els alumnes creen uns <b>vincles afectius<\/b> m\u00e9s enll\u00e0 de les trobades, la qual cosa incideix positivament en la millora de la cohesi\u00f3 social del centre. Creiem que la lectura i la formaci\u00f3 en valors s\u00f3n fonamentals en l\u2019educaci\u00f3 dels alumnes.<\/p>\n<p>FUNCIONAMENT DE LES SESSIONS:<\/p>\n<p>Abans de cada trobada els grans han\u00a0 de \u00a0preparar la lectura , a la sessi\u00f3 destinada a la biblioteca, assegurant la comprensi\u00f3 del conte o article, assajant la dicci\u00f3 i entonaci\u00f3 per llegir en veu alta i planificant la seva intervenci\u00f3 amb el seu amic lector.<\/p>\n<p>Durant les trobades els alumnes de cicle superior\u00a0 van llegint als petits i\u00a0 van anotant en una llibreta el conte o article amb un dibuix i una frase relacionada.<\/p>\n<p>Els alumnes de 5\u00e8 quan s&#8217;incorporen per primera vegada al projecte reben la seva llibreta de quan estaven a 2n, llavors ells eren els petits de la parella. \u00c9s un moment emocionant \u00a0recuperar l\u2019antiga llibreta amb tants bons records.<\/p>\n<p>Les trobades es fan quinzenalment en la mesura del possible.<a href=\"https:\/\/agora.xtec.cat\/ceip-lasardana\/wp-content\/uploads\/usu659\/2020\/03\/amiclector.jpg\"><img loading=\"lazy\" decoding=\"async\" class=\"alignnone size-large wp-image-6912\" src=\"https:\/\/agora.xtec.cat\/ceip-lasardana\/wp-content\/uploads\/usu659\/2020\/03\/amiclector-1024x768.jpg\" alt=\"\" width=\"1024\" height=\"768\" srcset=\"https:\/\/agora.xtec.cat\/ceip-lasardana\/wp-content\/uploads\/usu659\/2020\/03\/amiclector-1024x768.jpg 1024w, https:\/\/agora.xtec.cat\/ceip-lasardana\/wp-content\/uploads\/usu659\/2020\/03\/amiclector-300x225.jpg 300w, https:\/\/agora.xtec.cat\/ceip-lasardana\/wp-content\/uploads\/usu659\/2020\/03\/amiclector-768x576.jpg 768w, https:\/\/agora.xtec.cat\/ceip-lasardana\/wp-content\/uploads\/usu659\/2020\/03\/amiclector-200x150.jpg 200w, https:\/\/agora.xtec.cat\/ceip-lasardana\/wp-content\/uploads\/usu659\/2020\/03\/amiclector.jpg 2048w\" sizes=\"auto, (max-width: 1024px) 100vw, 1024px\" \/><\/a><\/p>\n","protected":false},"excerpt":{"rendered":"<p>El nostre projecte d\u2019amic lector consisteix en crear parelles lectores d\u2019alumnes del cicle superior amb alumnes de cicle inicial. Es tracta de compartir estones plegats per fer petites activitats de lectura (explicant contes, llegint plegats petits textos , etc).<br \/>\nA banda de millorar la compet\u00e8ncia lectora&hellip;  <a href=\"https:\/\/agora.xtec.cat\/ceip-lasardana\/projecte-educatiu\/biblioteca-teresa-reverter\/amic-lector\/\" title=\"Read Amic lector\">Llegeix m\u00e9s\u00bb<\/a><\/p>\n","protected":false},"author":8,"featured_media":0,"parent":2217,"menu_order":0,"comment_status":"closed","ping_status":"closed","template":"","meta":{"_bbp_topic_count":0,"_bbp_reply_count":0,"_bbp_total_topic_count":0,"_bbp_total_reply_count":0,"_bbp_voice_count":0,"_bbp_anonymous_reply_count":0,"_bbp_topic_count_hidden":0,"_bbp_reply_count_hidden":0,"_bbp_forum_subforum_count":0,"footnotes":""},"class_list":["post-6911","page","type-page","status-publish","hentry"],"post_mailing_queue_ids":[],"_links":{"self":[{"href":"https:\/\/agora.xtec.cat\/ceip-lasardana\/wp-json\/wp\/v2\/pages\/6911","targetHints":{"allow":["GET"]}}],"collection":[{"href":"https:\/\/agora.xtec.cat\/ceip-lasardana\/wp-json\/wp\/v2\/pages"}],"about":[{"href":"https:\/\/agora.xtec.cat\/ceip-lasardana\/wp-json\/wp\/v2\/types\/page"}],"author":[{"embeddable":true,"href":"https:\/\/agora.xtec.cat\/ceip-lasardana\/wp-json\/wp\/v2\/users\/8"}],"replies":[{"embeddable":true,"href":"https:\/\/agora.xtec.cat\/ceip-lasardana\/wp-json\/wp\/v2\/comments?post=6911"}],"version-history":[{"count":1,"href":"https:\/\/agora.xtec.cat\/ceip-lasardana\/wp-json\/wp\/v2\/pages\/6911\/revisions"}],"predecessor-version":[{"id":6913,"href":"https:\/\/agora.xtec.cat\/ceip-lasardana\/wp-json\/wp\/v2\/pages\/6911\/revisions\/6913"}],"up":[{"embeddable":true,"href":"https:\/\/agora.xtec.cat\/ceip-lasardana\/wp-json\/wp\/v2\/pages\/2217"}],"wp:attachment":[{"href":"https:\/\/agora.xtec.cat\/ceip-lasardana\/wp-json\/wp\/v2\/media?parent=6911"}],"curies":[{"name":"wp","href":"https:\/\/api.w.org\/{rel}","templated":true}]}}