{"id":6590,"date":"2020-02-01T10:30:20","date_gmt":"2020-02-01T09:30:20","guid":{"rendered":"http:\/\/agora.xtec.cat\/ceip-lasardana\/?page_id=6590"},"modified":"2021-10-13T15:46:23","modified_gmt":"2021-10-13T13:46:23","slug":"autoritzacions","status":"publish","type":"page","link":"https:\/\/agora.xtec.cat\/ceip-lasardana\/lescola\/documents-per-a-les-families\/autoritzacions\/","title":{"rendered":"Autoritzacions"},"content":{"rendered":"<p><span style=\"font-size: 14pt;\"><em><strong>AUTORITZACIONS<\/strong><\/em><\/span><\/p>\n<p><strong><span style=\"text-decoration: underline;\">PER SORTIR DEL CENTRE EN FINALITZAR LA JORNADA ESCOLAR<\/span><\/strong><\/p>\n<p>Si l&#8217;alumne\/a ha de ser recollit per algun familiar, diferent dels seus pares, heu d&#8217;omplir l&#8217;autoritzaci\u00f3 de <a href=\"https:\/\/drive.google.com\/open?id=1KtPZ5GzzJIEm9dT42q_WNt8v1GHyqImd\">Recollida d&#8217;alumnes<\/a>.<\/p>\n<p>Si el vostre fill cursa tercer o quart de prim\u00e0ria i voleu que marxi sol a casa heu d&#8217;autoritzar-lo amb aquest <a href=\"https:\/\/agora.xtec.cat\/ceip-lasardana\/wp-content\/uploads\/usu659\/2021\/09\/LS_AUTORITZACIONS_Sortida-dalumnes-no-acompanyats.pdf\" target=\"_blank\" rel=\"noopener\">document<\/a>, que haureu de lliurar al tutor o tutora.<\/p>\n<p>Si el vostre fill o filla cursa cinqu\u00e8 o sis\u00e8 de prim\u00e0ria i <span style=\"color: #ff0000;\"><em><strong>NO<\/strong><\/em><\/span> voleu que marxi sol a casa, heu d&#8217;informar-lo en aquest <a href=\"https:\/\/agora.xtec.cat\/ceip-lasardana\/wp-content\/uploads\/usu659\/2021\/09\/LS_AUTORITZACIONS_Sortida-dalumnes-no-acompanyats.pdf\" target=\"_blank\" rel=\"noopener\">document<\/a>, que haureu de lliurar al tutor o tutora.<\/p>\n<p>Si el vostre fill de 5\u00e8 o 6\u00e8 ha de sortir sol a la jornada intensiva en acabar el servei de menjador escolar heu d&#8217;omplir aquest document (<a href=\"https:\/\/agora.xtec.cat\/ceip-lasardana\/wp-content\/uploads\/usu659\/2020\/12\/LS_AUTORITZACIONS_Sortida-dalumnes-no-acompanyats_MENJADOR-ESCOLAR_Jornada-intensiva.pdf\">per imprimir<\/a>) (<a href=\"https:\/\/agora.xtec.cat\/ceip-lasardana\/wp-content\/uploads\/usu659\/2020\/12\/LS_AUTORITZACIONS_Sortida-dalumnes-no-acompanyats_MENJADOR-ESCOLAR_Jornada-intensiva_formulari.docx\">formulari<\/a>)<\/p>\n<p><strong><span style=\"text-decoration: underline;\">ADMINISTRACI\u00d3 DE MEDICAMENTS<\/span><\/strong><\/p>\n<p><a href=\"https:\/\/agora.xtec.cat\/ceip-lasardana\/wp-content\/uploads\/usu659\/2020\/07\/LS_AUTORITZACIONS_Paracetamol.pdf\">Administraci\u00f3 de Paracetamol<\/a><br \/>\n<a href=\"https:\/\/agora.xtec.cat\/ceip-lasardana\/wp-content\/uploads\/usu659\/2020\/07\/LS_AUTORITZACIONS_Adrenalina.pdf\">Administraci\u00f3 d&#8217;Adrenalina<\/a><br \/>\n<a href=\"https:\/\/agora.xtec.cat\/ceip-lasardana\/wp-content\/uploads\/usu659\/2020\/07\/LS_AUTORITZACIONS_Farmacs.pdf\">Administraci\u00f3 de tractament farmacol\u00f2gic<\/a><\/p>\n<p><strong><span style=\"text-decoration: underline;\">RECURSOS I EINES DIGITALS<\/span><\/strong><\/p>\n<p><a href=\"https:\/\/agora.xtec.cat\/ceip-lasardana\/wp-content\/uploads\/usu659\/2020\/07\/LS_AUTORITZACIONS_TokApp_formulari.docx\" target=\"_blank\" rel=\"noopener noreferrer\">Autoritzaci\u00f3 per a l&#8217;enviament de comunicacions a trav\u00e9s de TokApp School\u00ae<\/a><br \/>\n<a href=\"https:\/\/agora.xtec.cat\/ceip-lasardana\/wp-content\/uploads\/usu659\/2021\/10\/LS_Autoritzacio-relativa-als-alumnes-us-de-serveis-i-recursos-digitals_A253-convertido.pdf\" target=\"_blank\" rel=\"noopener\">Autoritzaci\u00f3 relativa als alumnes us de serveis i recursos digital<\/a><br \/>\n<a href=\"https:\/\/agora.xtec.cat\/ceip-lasardana\/wp-content\/uploads\/usu659\/2020\/10\/LS_Autoritzaci\u00f3-relativa-us-dimatges-publicaci\u00f3-de-dades-de-caracter-personal-i-material-que-elaboren_A251-convertido.pdf\" target=\"_blank\" rel=\"noopener noreferrer\">Autoritzaci\u00f3 relativa us d&#8217;imatges, publicaci\u00f3 de dades de caracter personal i material que elaboren<\/a><\/p>\n<p>&nbsp;<\/p>\n","protected":false},"excerpt":{"rendered":"<p>AUTORITZACIONS<br \/>\nPER SORTIR DEL CENTRE EN FINALITZAR LA JORNADA ESCOLAR<br \/>\nSi l&#8217;alumne\/a ha de ser recollit per algun familiar, diferent dels seus pares, heu d&#8217;omplir l&#8217;autoritzaci\u00f3 de <a href=\"https:\/\/drive.google.com\/open?id=1KtPZ5GzzJIEm9dT42q_WNt8v1GHyqImd\">Recollida d&#8217;alumnes<\/a>.<br \/>\nSi el vostre fill cursa tercer o quart de prim\u00e0ria i voleu que marxi sol a casa heu&hellip;  <a href=\"https:\/\/agora.xtec.cat\/ceip-lasardana\/lescola\/documents-per-a-les-families\/autoritzacions\/\" title=\"Read Autoritzacions\">Llegeix m\u00e9s\u00bb<\/a><\/p>\n","protected":false},"author":61,"featured_media":0,"parent":6222,"menu_order":0,"comment_status":"closed","ping_status":"closed","template":"page-templates\/side-menu.php","meta":{"_bbp_topic_count":0,"_bbp_reply_count":0,"_bbp_total_topic_count":0,"_bbp_total_reply_count":0,"_bbp_voice_count":0,"_bbp_anonymous_reply_count":0,"_bbp_topic_count_hidden":0,"_bbp_reply_count_hidden":0,"_bbp_forum_subforum_count":0,"footnotes":""},"class_list":["post-6590","page","type-page","status-publish","hentry"],"post_mailing_queue_ids":[],"_links":{"self":[{"href":"https:\/\/agora.xtec.cat\/ceip-lasardana\/wp-json\/wp\/v2\/pages\/6590","targetHints":{"allow":["GET"]}}],"collection":[{"href":"https:\/\/agora.xtec.cat\/ceip-lasardana\/wp-json\/wp\/v2\/pages"}],"about":[{"href":"https:\/\/agora.xtec.cat\/ceip-lasardana\/wp-json\/wp\/v2\/types\/page"}],"author":[{"embeddable":true,"href":"https:\/\/agora.xtec.cat\/ceip-lasardana\/wp-json\/wp\/v2\/users\/61"}],"replies":[{"embeddable":true,"href":"https:\/\/agora.xtec.cat\/ceip-lasardana\/wp-json\/wp\/v2\/comments?post=6590"}],"version-history":[{"count":4,"href":"https:\/\/agora.xtec.cat\/ceip-lasardana\/wp-json\/wp\/v2\/pages\/6590\/revisions"}],"predecessor-version":[{"id":9895,"href":"https:\/\/agora.xtec.cat\/ceip-lasardana\/wp-json\/wp\/v2\/pages\/6590\/revisions\/9895"}],"up":[{"embeddable":true,"href":"https:\/\/agora.xtec.cat\/ceip-lasardana\/wp-json\/wp\/v2\/pages\/6222"}],"wp:attachment":[{"href":"https:\/\/agora.xtec.cat\/ceip-lasardana\/wp-json\/wp\/v2\/media?parent=6590"}],"curies":[{"name":"wp","href":"https:\/\/api.w.org\/{rel}","templated":true}]}}