{"id":1583,"date":"2016-11-02T13:33:52","date_gmt":"2016-11-02T12:33:52","guid":{"rendered":"http:\/\/agora.xtec.cat\/ceip-lasardana\/?page_id=1583"},"modified":"2021-11-17T18:24:02","modified_gmt":"2021-11-17T17:24:02","slug":"eleccions-al-consell-escolar-2021","status":"publish","type":"page","link":"https:\/\/agora.xtec.cat\/ceip-lasardana\/lescola\/consell-escolar\/eleccions-al-consell-escolar-2021\/","title":{"rendered":"Eleccions al Consell Escolar 2021 (prorrogat)"},"content":{"rendered":"<p>Aquest curs hi ha eleccions al\u00a0<strong><a href=\"https:\/\/agora.xtec.cat\/ceip-lasardana\/lescola\/consell-escolar\/\" target=\"_blank\" rel=\"noopener\">Consell Escolar<\/a><\/strong>.<\/p>\n<p>Amb la publicaci\u00f3 de la <a href=\"http:\/\/portaldogc.gencat.cat\/utilsEADOP\/PDF\/7720\/1696429.pdf\" target=\"_blank\" rel=\"noopener noreferrer\">Resoluci\u00f3 ENS\/3043<\/a><a title=\"Obre finestra nova (Ves al DOGC)\" href=\"http:\/\/portaldogc.gencat.cat\/utilsEADOP\/PDF\/7720\/1696429.pdf\" target=\"_blank\" rel=\"noopener\">\/2021, <\/a>de 6 d&#8217;octubre, per la qual s&#8217;estableixel calendari i el r\u00e8gim del proc\u00e9s electoral per renovar els membres dels consells escolars dels centres p\u00fablics i privats sostinguts amb fons p\u00fablics.<\/p>\n<p>A la nostra escola s&#8217;ha de renovar <strong>3 representants del sector pares i mares d&#8217;alumnes, 3 representats del sector mestres, 1 representant del sector PAE i 1 representant del sector PAS.<\/strong><\/p>\n<p>El proc\u00e9s electoral s&#8217;inicia el dia 2 de novembre i finalitza el 20 de desembre de 2021.<\/p>\n<h6>ANIMA&#8217;T I PRESENTA LA TEVA CANDIDATURA!!\u00a0 abans del 12 de novembre a la direcci\u00f3 del centre.<\/h6>\n<p>&nbsp;<\/p>\n<h3 style=\"text-align: center;\">CANDIDATS AL SECTOR PARES<\/h3>\n<h4 style=\"text-align: center;\"><\/h4>\n<h3><a href=\"https:\/\/drive.google.com\/open?id=1rYgsb39SlZiaDzaQeCkyjbl5LzPV1XCA\" target=\"_blank\" rel=\"noopener\">CALENDARI:<\/a><\/h3>\n<p style=\"text-align: left;\"><strong>2 DE NOVEMBRE<\/strong>:\u00a0 Publicaci\u00f3 del cens provisional, convocat\u00f2ria de les eleccions, publicaci\u00f3 del nombre de representants<\/p>\n<p style=\"text-align: left;\">Del<strong> 3 al 5 DE NOVEMBRE<\/strong>: Per\u00edode de reclamacions sobre el cens provisional<\/p>\n<p style=\"text-align: left;\"><strong>5 DE NOVEMBRE<\/strong>: Sorteig membres de les meses electorals<\/p>\n<p style=\"text-align: left;\"><strong>11 DE NOVEMBRE<\/strong>: Constituci\u00f3 meses electorals i Publicaci\u00f3 cens definitiu<\/p>\n<p style=\"text-align: left;\"><strong>12 DE NOVEMBRE<\/strong>: Presentaci\u00f3 de les candidatures (\u00faltim dia)<\/p>\n<p style=\"text-align: left;\"><strong>19 DE NOVEMBRE<\/strong>: Publicaci\u00f3 de les candidatures i temps de campanya<\/p>\n<p style=\"text-align: left;\"><strong>24 DE NOVEMBRE<\/strong>: Fi de la campanya electoral<\/p>\n<h5 style=\"text-align: left;\"><span style=\"text-decoration: underline;\">26 DE NOVEMBRE: Votacions pares i mares d\u2019alumnes<\/span><\/h5>\n<p style=\"text-align: left;\">ABANS DEL 20 de DESEMBRE de 2021 : Constituci\u00f3 del nou consell escolar i presa de possessi\u00f3 dels seus membres.<\/p>\n<h3><\/h3>\n","protected":false},"excerpt":{"rendered":"<p>Aquest curs hi ha eleccions al\u00a0<a href=\"https:\/\/agora.xtec.cat\/ceip-lasardana\/lescola\/consell-escolar\/\" target=\"_blank\" rel=\"noopener\">Consell Escolar<\/a>.<br \/>\nAmb la publicaci\u00f3 de la <a href=\"http:\/\/portaldogc.gencat.cat\/utilsEADOP\/PDF\/7720\/1696429.pdf\" target=\"_blank\" rel=\"noopener noreferrer\">Resoluci\u00f3 ENS\/3043<\/a><a title=\"Obre finestra nova (Ves al DOGC)\" href=\"http:\/\/portaldogc.gencat.cat\/utilsEADOP\/PDF\/7720\/1696429.pdf\" target=\"_blank\" rel=\"noopener\">\/2021, <\/a>de 6 d&#8217;octubre, per la qual s&#8217;estableixel calendari i el r\u00e8gim del proc\u00e9s electoral per renovar&hellip;  <a href=\"https:\/\/agora.xtec.cat\/ceip-lasardana\/lescola\/consell-escolar\/eleccions-al-consell-escolar-2021\/\" title=\"Read Eleccions al Consell Escolar 2021 (prorrogat)\">Llegeix m\u00e9s\u00bb<\/a><\/p>\n","protected":false},"author":1,"featured_media":0,"parent":28,"menu_order":0,"comment_status":"closed","ping_status":"closed","template":"","meta":{"_bbp_topic_count":0,"_bbp_reply_count":0,"_bbp_total_topic_count":0,"_bbp_total_reply_count":0,"_bbp_voice_count":0,"_bbp_anonymous_reply_count":0,"_bbp_topic_count_hidden":0,"_bbp_reply_count_hidden":0,"_bbp_forum_subforum_count":0,"footnotes":""},"class_list":["post-1583","page","type-page","status-publish","hentry"],"post_mailing_queue_ids":[],"_links":{"self":[{"href":"https:\/\/agora.xtec.cat\/ceip-lasardana\/wp-json\/wp\/v2\/pages\/1583","targetHints":{"allow":["GET"]}}],"collection":[{"href":"https:\/\/agora.xtec.cat\/ceip-lasardana\/wp-json\/wp\/v2\/pages"}],"about":[{"href":"https:\/\/agora.xtec.cat\/ceip-lasardana\/wp-json\/wp\/v2\/types\/page"}],"author":[{"embeddable":true,"href":"https:\/\/agora.xtec.cat\/ceip-lasardana\/wp-json\/wp\/v2\/users\/1"}],"replies":[{"embeddable":true,"href":"https:\/\/agora.xtec.cat\/ceip-lasardana\/wp-json\/wp\/v2\/comments?post=1583"}],"version-history":[{"count":4,"href":"https:\/\/agora.xtec.cat\/ceip-lasardana\/wp-json\/wp\/v2\/pages\/1583\/revisions"}],"predecessor-version":[{"id":10120,"href":"https:\/\/agora.xtec.cat\/ceip-lasardana\/wp-json\/wp\/v2\/pages\/1583\/revisions\/10120"}],"up":[{"embeddable":true,"href":"https:\/\/agora.xtec.cat\/ceip-lasardana\/wp-json\/wp\/v2\/pages\/28"}],"wp:attachment":[{"href":"https:\/\/agora.xtec.cat\/ceip-lasardana\/wp-json\/wp\/v2\/media?parent=1583"}],"curies":[{"name":"wp","href":"https:\/\/api.w.org\/{rel}","templated":true}]}}