{"id":1314,"date":"2016-10-03T19:43:18","date_gmt":"2016-10-03T17:43:18","guid":{"rendered":"http:\/\/agora.xtec.cat\/ceip-lasardana\/?page_id=1314"},"modified":"2023-08-04T13:24:17","modified_gmt":"2023-08-04T11:24:17","slug":"organigrama","status":"publish","type":"page","link":"https:\/\/agora.xtec.cat\/ceip-lasardana\/lescola\/organigrama\/","title":{"rendered":"Qui som"},"content":{"rendered":"<p style=\"text-align: center;\"><img loading=\"lazy\" decoding=\"async\" class=\"aligncenter wp-image-6197 size-full\" src=\"https:\/\/agora.xtec.cat\/ceip-lasardana\/wp-content\/uploads\/usu659\/2019\/09\/BLOG_EducacioInfantil.png\" alt=\"\" width=\"648\" height=\"152\" srcset=\"https:\/\/agora.xtec.cat\/ceip-lasardana\/wp-content\/uploads\/usu659\/2019\/09\/BLOG_EducacioInfantil.png 648w, https:\/\/agora.xtec.cat\/ceip-lasardana\/wp-content\/uploads\/usu659\/2019\/09\/BLOG_EducacioInfantil-300x70.png 300w\" sizes=\"auto, (max-width: 648px) 100vw, 648px\" \/><\/p>\n<table class=\" aligncenter\" style=\"height: 287px; width: 473px; border-style: hidden;\">\n<tbody>\n<tr style=\"height: 32px;\">\n<td style=\"width: 467.015625px; height: 32px; border-style: hidden;\" colspan=\"2\"><\/td>\n<\/tr>\n<tr style=\"height: 47px;\">\n<td style=\"width: 467.015625px; text-align: center; height: 47px; border-style: hidden;\" colspan=\"2\"><em>Elisabeth S\u00e1nchez \/ Jessica Lanzas<br \/>\n<\/em>EINF-3 anys<\/td>\n<\/tr>\n<tr style=\"height: 32px;\">\n<td style=\"width: 231.796875px; text-align: center; height: 32px; border-style: hidden;\"><\/td>\n<td style=\"width: 233.21875px; text-align: center; height: 32px; border-style: hidden;\"><\/td>\n<\/tr>\n<tr style=\"height: 47px;\">\n<td style=\"width: 231.796875px; text-align: center; height: 47px; border-style: hidden;\" colspan=\"2\"><em>Merc\u00e8 Hern\u00e1ndez<\/em><br \/>\nEINF-4 anys<\/td>\n<\/tr>\n<tr style=\"height: 32px;\">\n<td style=\"width: 467.015625px; text-align: center; height: 32px; border-style: hidden;\" colspan=\"2\"><\/td>\n<\/tr>\n<tr style=\"height: 33px;\">\n<td style=\"text-align: center; height: 33px; border-style: hidden;\" colspan=\"2\"><em>Merc\u00e8 Rauet<\/em><em><br \/>\n<\/em>EINF-5 anys<em><br \/>\n<\/em><\/td>\n<\/tr>\n<\/tbody>\n<\/table>\n<p style=\"text-align: center;\"><em>Marta Capella<\/em><br \/>\n<span style=\"font-size: small;\">T\u00e8cnica en educaci\u00f3 infantil (TEI)<\/span><\/p>\n<p style=\"text-align: center;\">\u00a0<em>Almudena Fidalgo<br \/>\n<\/em><span style=\"font-size: small;\">Mestra de suport<\/span><\/p>\n<p style=\"text-align: center;\"><em>Anna Vives<br \/>\n<\/em><span style=\"font-size: small;\">Mestra d&#8217;audici\u00f3 i llenguatge<\/span><\/p>\n<h4><img loading=\"lazy\" decoding=\"async\" class=\"aligncenter wp-image-6198 size-full\" src=\"https:\/\/agora.xtec.cat\/ceip-lasardana\/wp-content\/uploads\/usu659\/2019\/09\/BLOG_Educacioprimaria.png\" alt=\"\" width=\"650\" height=\"128\" srcset=\"https:\/\/agora.xtec.cat\/ceip-lasardana\/wp-content\/uploads\/usu659\/2019\/09\/BLOG_Educacioprimaria.png 650w, https:\/\/agora.xtec.cat\/ceip-lasardana\/wp-content\/uploads\/usu659\/2019\/09\/BLOG_Educacioprimaria-300x59.png 300w\" sizes=\"auto, (max-width: 650px) 100vw, 650px\" \/><\/h4>\n<table class=\" aligncenter\" style=\"height: 570px; width: 42.4247%; border-style: hidden;\">\n<tbody>\n<tr style=\"height: 32px;\">\n<td style=\"width: 51.9055%; height: 32px; border-style: hidden;\"><\/td>\n<td style=\"width: 49.0885%; height: 32px; border-style: hidden;\"><\/td>\n<\/tr>\n<tr style=\"height: 47px;\">\n<td style=\"height: 47px; border-style: hidden; text-align: center; vertical-align: middle; width: 100.994%;\" colspan=\"2\"><em>Maria Oset<\/em><br \/>\nEPRI-1A<\/td>\n<\/tr>\n<tr style=\"height: 31px;\">\n<td style=\"width: 51.9055%; border-style: hidden; text-align: center; vertical-align: middle; height: 31px;\"><\/td>\n<td style=\"width: 49.0885%; border-style: hidden; text-align: center; vertical-align: middle; height: 31px;\"><\/td>\n<\/tr>\n<tr style=\"height: 32px;\">\n<td style=\"width: 51.9055%; height: 32px; border-style: hidden; text-align: center; vertical-align: middle;\"><em>Sara Garc\u00eda<\/em><br \/>\nEPRI2A<\/td>\n<td style=\"width: 49.0885%; height: 32px; border-style: hidden; text-align: center; vertical-align: middle;\"><em>Sylvia Bl\u00e1zquez<\/em><br \/>\nEPRI2B<\/td>\n<\/tr>\n<tr style=\"height: 47px;\">\n<td style=\"width: 51.9055%; height: 37px; border-style: hidden; text-align: center; vertical-align: middle;\"><\/td>\n<td style=\"width: 49.0885%; height: 37px; border-style: hidden; text-align: center; vertical-align: middle;\"><\/td>\n<\/tr>\n<tr style=\"height: 32px;\">\n<td style=\"width: 100.994%; height: 32px; border-style: hidden; text-align: center; vertical-align: middle;\" colspan=\"2\"><em>M. \u00c0ngels Vila \/ David Casaled<\/em><br \/>\nEPRI3<\/td>\n<\/tr>\n<tr style=\"height: 47px;\">\n<td style=\"height: 31px; border-style: hidden; text-align: center; vertical-align: middle; width: 51.9055%;\"><\/td>\n<td style=\"border-style: hidden; text-align: center; vertical-align: middle; width: 49.0885%; height: 31px;\"><\/td>\n<\/tr>\n<tr style=\"height: 32px;\">\n<td style=\"width: 51.9055%; height: 32px; border-style: hidden; text-align: center; vertical-align: middle;\"><em>Ester Ros<\/em><br \/>\nEPRI4A<\/td>\n<td style=\"width: 49.0885%; height: 32px; border-style: hidden; text-align: center; vertical-align: middle;\"><em>Elvira Puig<\/em><br \/>\nEPRI4B<\/td>\n<\/tr>\n<tr style=\"height: 47px;\">\n<td style=\"width: 51.9055%; height: 27px; border-style: hidden; text-align: center; vertical-align: middle;\"><\/td>\n<td style=\"width: 49.0885%; height: 27px; border-style: hidden; text-align: center; vertical-align: middle;\"><\/td>\n<\/tr>\n<tr style=\"height: 32px;\">\n<td style=\"width: 51.9055%; height: 32px; border-style: hidden; text-align: center; vertical-align: middle;\"><em>Pau Gil<\/em><br \/>\nEPRI5A<\/td>\n<td style=\"width: 49.0885%; height: 32px; border-style: hidden; text-align: center; vertical-align: middle;\"><em>Montse Cerd\u00e0 \/ Ainhoa Guti\u00e9rrez<\/em><br style=\"background-color: #ffffff;\" \/><span style=\"background-color: #ffffff;\">EPRI-5B<\/span><\/td>\n<\/tr>\n<tr style=\"height: 31px;\">\n<td style=\"width: 51.9055%; border-style: hidden; text-align: center; vertical-align: middle; height: 31px;\"><\/td>\n<td style=\"width: 49.0885%; border-style: hidden; text-align: center; vertical-align: middle; height: 31px;\"><\/td>\n<\/tr>\n<tr style=\"height: 47px;\">\n<td style=\"width: 51.9055%; border-style: hidden; text-align: center; vertical-align: middle; height: 47px;\"><em>Sonia Fern\u00e1ndez<\/em><br \/>\nEPRI-6A<\/td>\n<td style=\"width: 49.0885%; border-style: hidden; text-align: center; vertical-align: middle; height: 47px;\"><em>Vicente P\u00e1ez<\/em><br \/>\nEPRI-6B<\/td>\n<\/tr>\n<tr style=\"height: 32px;\">\n<td style=\"height: 32px; border-style: hidden; text-align: center; vertical-align: middle; width: 100.994%;\" colspan=\"2\"><\/td>\n<\/tr>\n<\/tbody>\n<\/table>\n<h4><\/h4>\n<h4><\/h4>\n<p>&nbsp;<\/p>\n<h4 style=\"text-align: center;\"><img loading=\"lazy\" decoding=\"async\" class=\"aligncenter wp-image-6199 size-full\" src=\"https:\/\/agora.xtec.cat\/ceip-lasardana\/wp-content\/uploads\/usu659\/2019\/09\/BLOG_QUISOM_ESPECIALISTES.png\" alt=\"\" width=\"516\" height=\"142\" srcset=\"https:\/\/agora.xtec.cat\/ceip-lasardana\/wp-content\/uploads\/usu659\/2019\/09\/BLOG_QUISOM_ESPECIALISTES.png 516w, https:\/\/agora.xtec.cat\/ceip-lasardana\/wp-content\/uploads\/usu659\/2019\/09\/BLOG_QUISOM_ESPECIALISTES-300x83.png 300w\" sizes=\"auto, (max-width: 516px) 100vw, 516px\" \/><\/h4>\n<table class=\" aligncenter\" style=\"width: 24.0754%; border-style: hidden; height: 849px;\">\n<tbody>\n<tr style=\"height: 30px;\">\n<td style=\"border-style: hidden; height: 30px; width: 105.498%; text-align: center;\" colspan=\"3\"><em>Marta Capella<br \/>\n<\/em><\/td>\n<\/tr>\n<tr style=\"height: 31px;\">\n<td style=\"border-style: hidden; width: 105.498%; text-align: center; height: 31px;\" colspan=\"3\"><strong><span style=\"color: #3fcc4b;\">T\u00e8cnica en educaci\u00f3 infantil<\/span><\/strong><\/td>\n<\/tr>\n<tr style=\"height: 31px;\">\n<td style=\"border-style: hidden; width: 105.498%; text-align: center; height: 31px;\" colspan=\"3\"><strong><span style=\"color: #3fcc4b;\">\u00a0<\/span><\/strong><\/td>\n<\/tr>\n<tr style=\"background-color: #ffffff;\">\n<td style=\"border-style: hidden; width: 105.498%; text-align: center; height: 30px;\" colspan=\"3\"><em>Almudena Fidalgo<\/em><\/td>\n<\/tr>\n<tr style=\"background-color: #f9f9f9;\">\n<td style=\"border-style: hidden; width: 105.498%; text-align: center; height: 31px;\" colspan=\"3\"><strong><span style=\"color: #3fcc4b;\">Suport a Educaci\u00f3 Infantil<\/span><\/strong><\/td>\n<\/tr>\n<tr style=\"background-color: #ffffff;\">\n<td style=\"border-style: hidden; width: 105.498%; text-align: center; height: 31px;\" colspan=\"3\"><strong><span style=\"color: #3fcc4b;\">\u00a0<\/span><\/strong><\/td>\n<\/tr>\n<tr style=\"height: 30px;\">\n<td style=\"border-style: hidden; text-align: center; height: 30px; width: 105.498%;\" colspan=\"3\"><em>Nieves Herv\u00e1s\u00a0<\/em><\/td>\n<\/tr>\n<tr style=\"height: 31px;\">\n<td style=\"border-style: hidden; width: 105.498%; text-align: center; height: 31px;\" colspan=\"3\"><strong><span style=\"color: #3fcc4b;\">Suport a Cicle inicial<\/span><\/strong><\/td>\n<\/tr>\n<tr style=\"height: 31px;\">\n<td style=\"border-style: hidden; width: 105.498%; text-align: center; height: 31px;\" colspan=\"3\"><strong><span style=\"color: #3fcc4b;\">\u00a0<\/span><\/strong><\/td>\n<\/tr>\n<tr style=\"background-color: #ffffff;\">\n<td style=\"border-style: hidden; width: 50.0581%; text-align: center; height: 30px;\"><em>Ester Ros<\/em><\/td>\n<td style=\"border-style: hidden; width: 16.265%; text-align: center; height: 30px;\"><\/td>\n<td style=\"border-style: hidden; width: 39.1753%; text-align: center; height: 30px;\"><em><span style=\"color: #000000;\">Aroa G<\/span><\/em><\/td>\n<\/tr>\n<tr style=\"background-color: #f9f9f9;\">\n<td style=\"border-style: hidden; width: 105.498%; text-align: center; height: 31px;\" colspan=\"3\"><strong><span style=\"color: #3fcc4b;\">Llengua estrangera: ANGL\u00c8S<\/span><\/strong><\/td>\n<\/tr>\n<tr style=\"height: 31px;\">\n<td style=\"border-style: hidden; width: 105.498%; background-color: #ffffff; text-align: center; height: 31px;\" colspan=\"3\"><strong><span style=\"color: #3fcc4b;\">\u00a0<\/span><\/strong><\/td>\n<\/tr>\n<tr style=\"height: 30px;\">\n<td style=\"border-style: hidden; width: 105.498%; text-align: center; height: 30px;\" colspan=\"3\"><em>Nati Matas<\/em><\/td>\n<\/tr>\n<tr style=\"height: 31px;\">\n<td style=\"border-style: hidden; width: 105.498%; text-align: center; height: 31px;\" colspan=\"3\"><strong><span style=\"color: #3fcc4b;\">Educaci\u00f3 art\u00edstica: M\u00daSICA<\/span><\/strong><\/td>\n<\/tr>\n<tr style=\"height: 31px;\">\n<td style=\"width: 105.498%; border-style: hidden; text-align: center; height: 31px;\" colspan=\"3\"><strong><span style=\"color: #3fcc4b;\">\u00a0<\/span><\/strong><\/td>\n<\/tr>\n<tr style=\"height: 30px;\">\n<td style=\"width: 50.0581%; border-style: hidden; text-align: center; height: 30px; background-color: #ffffff;\"><em>Sara Garc\u00eda<\/em><\/td>\n<td style=\"width: 16.265%; border-style: hidden; text-align: center; height: 30px; background-color: #ffffff;\"><\/td>\n<td style=\"width: 39.1753%; border-style: hidden; text-align: center; height: 30px; background-color: #ffffff;\"><em>Pau Gil<\/em><\/td>\n<\/tr>\n<tr style=\"background-color: #ffffff;\">\n<td style=\"width: 50.0581%; border-style: hidden; text-align: center; height: 30px;\"><em>Sonia Fern\u00e1ndez<\/em><\/td>\n<td style=\"width: 16.265%; border-style: hidden; text-align: center; height: 30px;\"><\/td>\n<td style=\"width: 39.1753%; border-style: hidden; text-align: center; height: 30px;\"><em>Vicente P\u00e1ez<\/em><\/td>\n<\/tr>\n<tr style=\"background-color: #f9f9f9;\">\n<td style=\"border-style: hidden; width: 105.498%; text-align: center; height: 31px;\" colspan=\"3\"><strong><span style=\"color: #3fcc4b;\">Educaci\u00f3 F\u00edsica<\/span><\/strong><\/td>\n<\/tr>\n<tr>\n<td style=\"width: 50.0581%; border-style: hidden; text-align: center;\"><\/td>\n<td style=\"width: 16.265%; border-style: hidden; text-align: center;\"><\/td>\n<td style=\"width: 39.1753%; border-style: hidden; text-align: center;\"><\/td>\n<\/tr>\n<tr style=\"height: 30px;\">\n<td style=\"width: 50.0581%; border-style: hidden; text-align: center; height: 30px; background-color: #ffffff;\"><\/td>\n<td style=\"width: 16.265%; border-style: hidden; height: 30px; text-align: center; background-color: #ffffff;\"><\/td>\n<td style=\"width: 39.1753%; border-style: hidden; text-align: center; height: 30px; background-color: #ffffff;\"><\/td>\n<\/tr>\n<tr style=\"height: 31px;\">\n<td style=\"border-style: hidden; height: 31px; text-align: center; width: 50%;\"><em style=\"color: #000000;\">Teima Sahuquillo\u00a0<\/em><\/td>\n<td style=\"border-style: hidden; text-align: center; width: 50%;\" colspan=\"2\"><em style=\"color: #000000;\">Mireia Ferrer<\/em><em style=\"color: #000000;\"><br \/>\n<\/em><\/td>\n<\/tr>\n<tr style=\"height: 31px;\">\n<td style=\"width: 105.498%; border-style: hidden; text-align: center; height: 31px;\" colspan=\"3\"><span style=\"color: #3fcc4b;\"><strong style=\"background-color: #ffffff;\">Atenci\u00f3 a la diversitat<\/strong><strong>\u00a0<\/strong><\/span><\/td>\n<\/tr>\n<tr>\n<td style=\"width: 105.498%; border-style: hidden; text-align: center;\" colspan=\"3\"><\/td>\n<\/tr>\n<tr style=\"background-color: #ffffff; height: 30px;\">\n<td style=\"border-style: hidden; text-align: center; height: 30px; width: 105.498%;\" colspan=\"3\">Caridad Lozano<\/td>\n<\/tr>\n<tr style=\"background-color: #f9f9f9; height: 31px;\">\n<td style=\"width: 105.498%; border-style: hidden; text-align: center; height: 31px;\" colspan=\"3\"><strong><span style=\"color: #3fcc4b;\">Suport a Cicle Superior<\/span><\/strong><\/td>\n<\/tr>\n<\/tbody>\n<\/table>\n<h4><\/h4>\n<p>&nbsp;<\/p>\n<h4 style=\"text-align: center;\"><a href=\"https:\/\/agora.xtec.cat\/ceip-lasardana\/wp-content\/uploads\/usu659\/2019\/09\/BLOG_QUISOM_Equipdirectiu.png\">\u00a0<img loading=\"lazy\" decoding=\"async\" class=\"aligncenter wp-image-6201 size-full\" src=\"https:\/\/agora.xtec.cat\/ceip-lasardana\/wp-content\/uploads\/usu659\/2019\/09\/BLOG_QUISOM_Equipdirectiu.png\" alt=\"\" width=\"411\" height=\"98\" srcset=\"https:\/\/agora.xtec.cat\/ceip-lasardana\/wp-content\/uploads\/usu659\/2019\/09\/BLOG_QUISOM_Equipdirectiu.png 411w, https:\/\/agora.xtec.cat\/ceip-lasardana\/wp-content\/uploads\/usu659\/2019\/09\/BLOG_QUISOM_Equipdirectiu-300x72.png 300w\" sizes=\"auto, (max-width: 411px) 100vw, 411px\" \/><\/a><\/h4>\n<table class=\" aligncenter\" style=\"height: 62px; border-style: hidden; width: 499px;\" border=\"0\" width=\"468\">\n<tbody>\n<tr>\n<td style=\"width: 162px; border-style: hidden; background-color: #ffffff; text-align: center;\"><em>Cari Lozano<\/em><\/td>\n<td style=\"width: 163px; border-style: hidden; background-color: #ffffff; text-align: center;\">Jessica Bueno<\/td>\n<td style=\"width: 164px; border-style: hidden; background-color: #ffffff; text-align: center;\"><em>Nieves Herv\u00e1s<\/em><\/td>\n<\/tr>\n<tr>\n<td style=\"width: 162px; border-style: hidden; background-color: #ffffff; text-align: center;\">Cap d&#8217;estudis<\/td>\n<td style=\"width: 163px; border-style: hidden; background-color: #ffffff; text-align: center;\">Direcci\u00f3<\/td>\n<td style=\"width: 164px; border-style: hidden; background-color: #ffffff; text-align: center;\">Secretaria<\/td>\n<\/tr>\n<\/tbody>\n<\/table>\n<p style=\"text-align: center;\"><em><span style=\"font-size: small;\">L&#8217;equip directiu del centre estar\u00e0 encantat d&#8217;atendre-us sempre que ho necessiteu<br \/>\nper\u00f2 per garantir una bona atenci\u00f3, us recomanem que sol\u00b7liciteu cita pr\u00e8via durant l&#8217;horari d&#8217;atenci\u00f3.<br \/>\nGr\u00e0cies.<\/span><\/em><\/p>\n<h1><\/h1>\n<h3 style=\"text-align: center;\"><a href=\"https:\/\/agora.xtec.cat\/ceip-lasardana\/wp-content\/uploads\/usu659\/2019\/09\/BLOG_QUISOM_Personalnodocent.png\">\u00a0<img loading=\"lazy\" decoding=\"async\" class=\"aligncenter wp-image-6205 size-full\" src=\"https:\/\/agora.xtec.cat\/ceip-lasardana\/wp-content\/uploads\/usu659\/2019\/09\/BLOG_QUISOM_Personalnodocent.png\" alt=\"\" width=\"637\" height=\"79\" srcset=\"https:\/\/agora.xtec.cat\/ceip-lasardana\/wp-content\/uploads\/usu659\/2019\/09\/BLOG_QUISOM_Personalnodocent.png 637w, https:\/\/agora.xtec.cat\/ceip-lasardana\/wp-content\/uploads\/usu659\/2019\/09\/BLOG_QUISOM_Personalnodocent-300x37.png 300w\" sizes=\"auto, (max-width: 637px) 100vw, 637px\" \/><\/a><\/h3>\n<table class=\" aligncenter\" style=\"height: 198px; width: 439px; border-style: none;\">\n<tbody>\n<tr style=\"height: 30px;\">\n<td style=\"width: 141.046875px; border-style: hidden; background-color: #ffffff; height: 30px;\"><em>Paula Brau<\/em><\/td>\n<td style=\"width: 145.203125px; border-style: hidden; background-color: #ffffff; height: 30px;\"><em>Judit Barroso<\/em><\/td>\n<td style=\"width: 141.78125px; border-style: hidden; background-color: #ffffff; height: 30px;\"><em>Yolanda Gonz\u00e1lez<\/em><\/td>\n<\/tr>\n<tr style=\"height: 30px;\">\n<td style=\"width: 141.046875px; border-style: hidden; background-color: #ffffff; height: 30px;\">TIS<\/td>\n<td style=\"width: 145.203125px; border-style: hidden; background-color: #ffffff; height: 30px;\">ES<\/td>\n<td style=\"width: 141.78125px; border-style: hidden; background-color: #ffffff; height: 30px;\">Administraci\u00f3<\/td>\n<\/tr>\n<tr style=\"height: 53px;\">\n<td style=\"width: 141.046875px; border-style: hidden; background-color: #ffffff; height: 53px; vertical-align: bottom;\">Eva Rodr\u00edguez<\/td>\n<td style=\"width: 145.203125px; border-style: hidden; background-color: #ffffff; height: 53px; vertical-align: bottom;\">Andr\u00e9s Torres<\/td>\n<td style=\"width: 141.78125px; border-style: hidden; background-color: #ffffff; height: 53px; vertical-align: bottom;\">Jos\u00e9 Dom\u00ednguez<\/td>\n<\/tr>\n<tr style=\"height: 57px;\">\n<td style=\"width: 141.046875px; border-style: hidden; background-color: #ffffff; height: 57px; vertical-align: top;\">Neteja<\/td>\n<td style=\"width: 145.203125px; border-style: hidden; background-color: #ffffff; height: 57px; vertical-align: top;\">Neteja<\/td>\n<td style=\"width: 141.78125px; border-style: hidden; background-color: #ffffff; height: 57px; vertical-align: top;\">Consergeria<\/td>\n<\/tr>\n<\/tbody>\n<\/table>\n<h3><\/h3>\n<h3><\/h3>\n<h3 style=\"text-align: center;\"><img loading=\"lazy\" decoding=\"async\" class=\"alignnone wp-image-6202 size-full\" src=\"https:\/\/agora.xtec.cat\/ceip-lasardana\/wp-content\/uploads\/usu659\/2019\/09\/BLOG_QUISOM_Menjador.png\" alt=\"\" width=\"355\" height=\"121\" srcset=\"https:\/\/agora.xtec.cat\/ceip-lasardana\/wp-content\/uploads\/usu659\/2019\/09\/BLOG_QUISOM_Menjador.png 355w, https:\/\/agora.xtec.cat\/ceip-lasardana\/wp-content\/uploads\/usu659\/2019\/09\/BLOG_QUISOM_Menjador-300x102.png 300w\" sizes=\"auto, (max-width: 355px) 100vw, 355px\" \/><\/h3>\n<p style=\"text-align: center;\">Coordinadora de La Sardana: <em>Montse Losada<\/em><\/p>\n<table class=\" aligncenter\" style=\"height: 194px; border-style: hidden; width: 36.6943%;\" width=\"35.2537%\">\n<tbody>\n<tr>\n<td style=\"border-style: hidden; width: 34.6975%;\"><em>\u00a0<\/em><\/td>\n<td style=\"border-style: hidden; width: 32.2264%; text-align: center;\"><strong><span style=\"color: #ff6600;\"><i>EQUIP DE MONITORES<br \/>\n<\/i><\/span><\/strong><\/td>\n<td style=\"border-style: hidden; width: 32.4936%;\"><i>\u00a0<\/i><\/td>\n<\/tr>\n<tr style=\"height: 46px;\">\n<td style=\"height: 46px; border-style: none; background-color: #ffffff; width: 170px;\"><em>Marta Gonz\u00e1lez<\/em><\/td>\n<td style=\"height: 46px; border-style: none; background-color: #ffffff; width: 170px; text-align: left;\"><em>\u00a0 \u00a0 \u00a0Laura Albeda<\/em><\/td>\n<td style=\"height: 46px; border-style: none; background-color: #ffffff; width: 170px; text-align: right;\"><i>Piedad S\u00e1ez<br \/>\n<\/i><\/td>\n<\/tr>\n<tr style=\"height: 46px;\">\n<td style=\"height: 45px; border-style: none; background-color: #ffffff; width: 170px;\"><i>Montse Losada<\/i><\/td>\n<td style=\"height: 45px; border-style: none; background-color: #ffffff; width: 170px; text-align: center;\"><\/td>\n<td style=\"height: 45px; border-style: none; background-color: #ffffff; width: 170px; text-align: right;\"><em>Sofia Tarrazo<br \/>\n<\/em><\/td>\n<\/tr>\n<tr style=\"height: 46px;\">\n<td style=\"height: 10px; border-style: none; background-color: #ffffff; width: 170px;\"><\/td>\n<td style=\"height: 10px; border-style: none; background-color: #ffffff; width: 170px; text-align: center;\"><\/td>\n<td style=\"height: 10px; border-style: none; background-color: #ffffff; width: 170px; text-align: right;\"><\/td>\n<\/tr>\n<\/tbody>\n<\/table>\n<p>&nbsp;<\/p>\n","protected":false},"excerpt":{"rendered":"<p>Elisabeth S\u00e1nchez \/ Jessica Lanzas<br \/>\nEINF-3 anys<\/p>\n<p>Merc\u00e8 Hern\u00e1ndez<br \/>\nEINF-4 anys<\/p>\n<p>Merc\u00e8 Rauet<br \/>\nEINF-5 anys<\/p>\n<p>Marta Capella<br \/>\nT\u00e8cnica en educaci\u00f3 infantil (TEI)<br \/>\n\u00a0Almudena Fidalgo<br \/>\nMestra de suport<br \/>\nAnna Vives<br \/>\nMestra d&#8217;audici\u00f3 i llenguatge<\/p>\n<p>Maria Oset<br \/>\nEPRI-1A<\/p>\n<p>Sara Garc\u00eda<br \/>\nEPRI2A<br \/>\nSylvia Bl\u00e1zquez<br \/>\nEPRI2B<\/p>\n<p>M. \u00c0ngels Vila \/ David Casaled<br \/>\nEPRI3<\/p>\n<p>Ester Ros<br \/>\nEPRI4A<br \/>\nElvira Puig<br \/>\nEPRI4B<\/p>\n<p>Pau Gil<br \/>\nEPRI5A<br \/>\nMontse Cerd\u00e0 \/ Ainhoa Guti\u00e9rrezEPRI-5B<\/p>\n<p>Sonia Fern\u00e1ndez<br \/>\nEPRI-6A<br \/>\nVicente P\u00e1ez<br \/>\nEPRI-6B<\/p>\n<p>&nbsp;<\/p>\n<p>Marta Capella<\/p>\n<p>T\u00e8cnica en educaci\u00f3 infantil<\/p>\n<p>\u00a0<\/p>\n<p>Almudena Fidalgo<\/p>\n<p>Suport a&hellip;  <a href=\"https:\/\/agora.xtec.cat\/ceip-lasardana\/lescola\/organigrama\/\" title=\"Read Qui som\">Llegeix m\u00e9s\u00bb<\/a><\/p>\n","protected":false},"author":1,"featured_media":0,"parent":22,"menu_order":3,"comment_status":"closed","ping_status":"closed","template":"page-templates\/side-menu.php","meta":{"_bbp_topic_count":0,"_bbp_reply_count":0,"_bbp_total_topic_count":0,"_bbp_total_reply_count":0,"_bbp_voice_count":0,"_bbp_anonymous_reply_count":0,"_bbp_topic_count_hidden":0,"_bbp_reply_count_hidden":0,"_bbp_forum_subforum_count":0,"footnotes":""},"class_list":["post-1314","page","type-page","status-publish","hentry"],"post_mailing_queue_ids":[],"_links":{"self":[{"href":"https:\/\/agora.xtec.cat\/ceip-lasardana\/wp-json\/wp\/v2\/pages\/1314","targetHints":{"allow":["GET"]}}],"collection":[{"href":"https:\/\/agora.xtec.cat\/ceip-lasardana\/wp-json\/wp\/v2\/pages"}],"about":[{"href":"https:\/\/agora.xtec.cat\/ceip-lasardana\/wp-json\/wp\/v2\/types\/page"}],"author":[{"embeddable":true,"href":"https:\/\/agora.xtec.cat\/ceip-lasardana\/wp-json\/wp\/v2\/users\/1"}],"replies":[{"embeddable":true,"href":"https:\/\/agora.xtec.cat\/ceip-lasardana\/wp-json\/wp\/v2\/comments?post=1314"}],"version-history":[{"count":6,"href":"https:\/\/agora.xtec.cat\/ceip-lasardana\/wp-json\/wp\/v2\/pages\/1314\/revisions"}],"predecessor-version":[{"id":12128,"href":"https:\/\/agora.xtec.cat\/ceip-lasardana\/wp-json\/wp\/v2\/pages\/1314\/revisions\/12128"}],"up":[{"embeddable":true,"href":"https:\/\/agora.xtec.cat\/ceip-lasardana\/wp-json\/wp\/v2\/pages\/22"}],"wp:attachment":[{"href":"https:\/\/agora.xtec.cat\/ceip-lasardana\/wp-json\/wp\/v2\/media?parent=1314"}],"curies":[{"name":"wp","href":"https:\/\/api.w.org\/{rel}","templated":true}]}}