{"id":951,"date":"2026-02-03T16:11:03","date_gmt":"2026-02-03T15:11:03","guid":{"rendered":"https:\/\/agora.xtec.cat\/ceip-langlada\/?page_id=951"},"modified":"2026-02-25T12:58:28","modified_gmt":"2026-02-25T11:58:28","slug":"preinscripcio-26-27","status":"publish","type":"page","link":"https:\/\/agora.xtec.cat\/ceip-langlada\/preinscripcio-26-27\/","title":{"rendered":"Preinscripci\u00f3 i Portes Obertes 26-27"},"content":{"rendered":"\n<p><a href=\"https:\/\/agora.xtec.cat\/ceip-langlada\/portada\/preinscripcio-del-4-al-18-de-marc\/\" data-type=\"page\" data-id=\"951\" target=\"_blank\" rel=\"noreferrer noopener\">Preinscripci\u00f3 26-27<\/a><\/p>\n\n\n\n<p>Portes Obertes&nbsp;2025-2026:<\/p>\n\n\n\n<p><strong>AQU\u00cd COMEN\u00c7A TOT!&nbsp;<\/strong><\/p>\n\n\n\n<p><strong>Vine, coneixem-nos!&nbsp;<\/strong><\/p>\n\n\n\n<p><strong>Tal com diuen els nostres alumnes\u2026 \u201cEl Lola Anglada \u00e9s una escola petita per fora i molt gran per dins!\u201d<\/strong><\/p>\n\n\n\n<p><strong>Us hi esperem!<\/strong><\/p>\n\n\n\n<p><strong>Com fer-ho?<\/strong><\/p>\n\n\n\n<p>Farem&nbsp;Portes Obertes&nbsp;amb&nbsp;<strong>cita pr\u00e8via<\/strong>&nbsp;trucant-nos al tel\u00e8fon&nbsp;93 438 64 95 o enviant-nos un mail a&nbsp;<a href=\"mailto:a8036366@xtec.cat\" target=\"_blank\" rel=\"noreferrer noopener\">a8036366@xtec.cat<\/a>. Dies principals de les&nbsp;portes obertes&nbsp;el dimarts&nbsp;<strong>17 de febrer a les 15.15h<\/strong>&nbsp;i el dijous&nbsp;<strong>19 de febrer a les 11.45h<\/strong>.&nbsp;<\/p>\n\n\n\n<p>Us hi esperem!&nbsp;<strong>Us mostrarem la vida de l&#8217;escola per dins!<\/strong><\/p>\n\n\n\n<figure class=\"wp-block-image size-large is-resized\" style=\"margin-top:0;margin-bottom:0\"><a href=\"https:\/\/agora.xtec.cat\/ceip-langlada\/wp-content\/uploads\/usu3612\/2026\/02\/ilovepdf_merged-3_page-0001.jpg\"><img loading=\"lazy\" decoding=\"async\" width=\"1024\" height=\"724\" src=\"https:\/\/agora.xtec.cat\/ceip-langlada\/wp-content\/uploads\/usu3612\/2026\/02\/ilovepdf_merged-3_page-0001-1024x724.jpg\" alt=\"\" class=\"wp-image-965\" style=\"width:500px\" srcset=\"https:\/\/agora.xtec.cat\/ceip-langlada\/wp-content\/uploads\/usu3612\/2026\/02\/ilovepdf_merged-3_page-0001-1024x724.jpg 1024w, https:\/\/agora.xtec.cat\/ceip-langlada\/wp-content\/uploads\/usu3612\/2026\/02\/ilovepdf_merged-3_page-0001-300x212.jpg 300w, https:\/\/agora.xtec.cat\/ceip-langlada\/wp-content\/uploads\/usu3612\/2026\/02\/ilovepdf_merged-3_page-0001-768x543.jpg 768w, https:\/\/agora.xtec.cat\/ceip-langlada\/wp-content\/uploads\/usu3612\/2026\/02\/ilovepdf_merged-3_page-0001-1536x1086.jpg 1536w, https:\/\/agora.xtec.cat\/ceip-langlada\/wp-content\/uploads\/usu3612\/2026\/02\/ilovepdf_merged-3_page-0001.jpg 1755w\" sizes=\"auto, (max-width: 1024px) 100vw, 1024px\" \/><\/a><\/figure>\n\n\n\n<figure class=\"wp-block-image size-large is-resized\" style=\"margin-top:0;margin-bottom:0\"><a href=\"https:\/\/agora.xtec.cat\/ceip-langlada\/wp-content\/uploads\/usu3612\/2026\/02\/ilovepdf_merged-3_page-0002.jpg\"><img loading=\"lazy\" decoding=\"async\" width=\"1024\" height=\"724\" src=\"https:\/\/agora.xtec.cat\/ceip-langlada\/wp-content\/uploads\/usu3612\/2026\/02\/ilovepdf_merged-3_page-0002-1024x724.jpg\" alt=\"\" class=\"wp-image-966\" style=\"width:500px\" srcset=\"https:\/\/agora.xtec.cat\/ceip-langlada\/wp-content\/uploads\/usu3612\/2026\/02\/ilovepdf_merged-3_page-0002-1024x724.jpg 1024w, https:\/\/agora.xtec.cat\/ceip-langlada\/wp-content\/uploads\/usu3612\/2026\/02\/ilovepdf_merged-3_page-0002-300x212.jpg 300w, https:\/\/agora.xtec.cat\/ceip-langlada\/wp-content\/uploads\/usu3612\/2026\/02\/ilovepdf_merged-3_page-0002-768x543.jpg 768w, https:\/\/agora.xtec.cat\/ceip-langlada\/wp-content\/uploads\/usu3612\/2026\/02\/ilovepdf_merged-3_page-0002-1536x1086.jpg 1536w, https:\/\/agora.xtec.cat\/ceip-langlada\/wp-content\/uploads\/usu3612\/2026\/02\/ilovepdf_merged-3_page-0002.jpg 1755w\" sizes=\"auto, (max-width: 1024px) 100vw, 1024px\" \/><\/a><\/figure>\n\n\n\n<p><\/p>\n\n\n\n<figure class=\"wp-block-embed is-type-video is-provider-youtube wp-block-embed-youtube wp-embed-aspect-16-9 wp-has-aspect-ratio\"><div class=\"wp-block-embed__wrapper\">\n<div class=\"ast-oembed-container \" style=\"height: 100%;\"><iframe loading=\"lazy\" title=\"Portes obertes  Lola Anglada 22-23\" width=\"500\" height=\"281\" src=\"https:\/\/www.youtube.com\/embed\/_9kYxqXZadM?feature=oembed\" frameborder=\"0\" allow=\"accelerometer; autoplay; clipboard-write; encrypted-media; gyroscope; picture-in-picture; web-share\" referrerpolicy=\"strict-origin-when-cross-origin\" allowfullscreen><\/iframe><\/div>\n<\/div><\/figure>\n\n\n\n<p><\/p>\n\n\n\n\n\n<p><\/p>\n","protected":false},"excerpt":{"rendered":"<p>Preinscripci\u00f3 26-27 Portes Obertes&nbsp;2025-2026: AQU\u00cd COMEN\u00c7A TOT!&nbsp; Vine, coneixem-nos!&nbsp; Tal com diuen els nostres alumnes\u2026 \u201cEl Lola Anglada \u00e9s una escola petita per fora i molt gran per dins!\u201d Us hi esperem! Com fer-ho? Farem&nbsp;Portes Obertes&nbsp;amb&nbsp;cita pr\u00e8via&nbsp;trucant-nos al tel\u00e8fon&nbsp;93 438 64 95 o enviant-nos un mail a&nbsp;a8036366@xtec.cat. Dies principals de les&nbsp;portes obertes&nbsp;el dimarts&nbsp;17 de febrer [&hellip;]<\/p>\n","protected":false},"author":1,"featured_media":0,"parent":0,"menu_order":0,"comment_status":"closed","ping_status":"close","template":"","meta":{"site-sidebar-layout":"default","site-content-layout":"","ast-site-content-layout":"default","site-content-style":"default","site-sidebar-style":"default","ast-global-header-display":"","ast-banner-title-visibility":"","ast-main-header-display":"","ast-hfb-above-header-display":"","ast-hfb-below-header-display":"","ast-hfb-mobile-header-display":"","site-post-title":"","ast-breadcrumbs-content":"","ast-featured-img":"","footer-sml-layout":"","theme-transparent-header-meta":"","adv-header-id-meta":"","stick-header-meta":"","header-above-stick-meta":"","header-main-stick-meta":"","header-below-stick-meta":"","astra-migrate-meta-layouts":"set","ast-page-background-enabled":"default","ast-page-background-meta":{"desktop":{"background-color":"var(--ast-global-color-4)","background-image":"","background-repeat":"repeat","background-position":"center center","background-size":"auto","background-attachment":"scroll","background-type":"","background-media":"","overlay-type":"","overlay-color":"","overlay-opacity":"","overlay-gradient":""},"tablet":{"background-color":"","background-image":"","background-repeat":"repeat","background-position":"center center","background-size":"auto","background-attachment":"scroll","background-type":"","background-media":"","overlay-type":"","overlay-color":"","overlay-opacity":"","overlay-gradient":""},"mobile":{"background-color":"","background-image":"","background-repeat":"repeat","background-position":"center center","background-size":"auto","background-attachment":"scroll","background-type":"","background-media":"","overlay-type":"","overlay-color":"","overlay-opacity":"","overlay-gradient":""}},"ast-content-background-meta":{"desktop":{"background-color":"var(--ast-global-color-5)","background-image":"","background-repeat":"repeat","background-position":"center center","background-size":"auto","background-attachment":"scroll","background-type":"","background-media":"","overlay-type":"","overlay-color":"","overlay-opacity":"","overlay-gradient":""},"tablet":{"background-color":"var(--ast-global-color-5)","background-image":"","background-repeat":"repeat","background-position":"center center","background-size":"auto","background-attachment":"scroll","background-type":"","background-media":"","overlay-type":"","overlay-color":"","overlay-opacity":"","overlay-gradient":""},"mobile":{"background-color":"var(--ast-global-color-5)","background-image":"","background-repeat":"repeat","background-position":"center center","background-size":"auto","background-attachment":"scroll","background-type":"","background-media":"","overlay-type":"","overlay-color":"","overlay-opacity":"","overlay-gradient":""}},"footnotes":""},"class_list":["post-951","page","type-page","status-publish","hentry"],"post_mailing_queue_ids":[],"_links":{"self":[{"href":"https:\/\/agora.xtec.cat\/ceip-langlada\/wp-json\/wp\/v2\/pages\/951","targetHints":{"allow":["GET"]}}],"collection":[{"href":"https:\/\/agora.xtec.cat\/ceip-langlada\/wp-json\/wp\/v2\/pages"}],"about":[{"href":"https:\/\/agora.xtec.cat\/ceip-langlada\/wp-json\/wp\/v2\/types\/page"}],"author":[{"embeddable":true,"href":"https:\/\/agora.xtec.cat\/ceip-langlada\/wp-json\/wp\/v2\/users\/1"}],"replies":[{"embeddable":true,"href":"https:\/\/agora.xtec.cat\/ceip-langlada\/wp-json\/wp\/v2\/comments?post=951"}],"version-history":[{"count":6,"href":"https:\/\/agora.xtec.cat\/ceip-langlada\/wp-json\/wp\/v2\/pages\/951\/revisions"}],"predecessor-version":[{"id":995,"href":"https:\/\/agora.xtec.cat\/ceip-langlada\/wp-json\/wp\/v2\/pages\/951\/revisions\/995"}],"wp:attachment":[{"href":"https:\/\/agora.xtec.cat\/ceip-langlada\/wp-json\/wp\/v2\/media?parent=951"}],"curies":[{"name":"wp","href":"https:\/\/api.w.org\/{rel}","templated":true}]}}