{"id":631,"date":"2024-12-16T16:18:01","date_gmt":"2024-12-16T15:18:01","guid":{"rendered":"https:\/\/agora.xtec.cat\/ceip-langlada\/?page_id=631"},"modified":"2026-02-03T11:55:47","modified_gmt":"2026-02-03T10:55:47","slug":"families","status":"publish","type":"page","link":"https:\/\/agora.xtec.cat\/ceip-langlada\/families\/","title":{"rendered":"Fam\u00edlies"},"content":{"rendered":"\n<p>P\u00e0gina on podeu afegir totes les informacions que considereu necess\u00e0ries a les fam\u00edlies. <\/p>\n\n\n\n<h2 class=\"wp-block-heading has-medium-font-size\">Acompanyament digital a l&#8217;alumnat<\/h2>\n\n\n\n<p>Aquest H5P informa a les fam\u00edlies nouvingudes com funciona l&#8217;entorn virtual d&#8217;aprenentatge i el web del centre. En 14 idiomes.<\/p>\n\n\n<div class=\"h5p-iframe-wrapper\"><iframe id=\"h5p-iframe-1\" class=\"h5p-iframe\" data-content-id=\"1\" style=\"height:1px\" src=\"about:blank\" frameBorder=\"0\" scrolling=\"no\" title=\"Comunicaci\u00f3 Escola i Fam\u00edlia\"><\/iframe><\/div>\n","protected":false},"excerpt":{"rendered":"<p>P\u00e0gina on podeu afegir totes les informacions que considereu necess\u00e0ries a les fam\u00edlies. Acompanyament digital a l&#8217;alumnat Aquest H5P informa a les fam\u00edlies nouvingudes com funciona l&#8217;entorn virtual d&#8217;aprenentatge i el web del centre. En 14 idiomes.<\/p>\n","protected":false},"author":1,"featured_media":0,"parent":0,"menu_order":0,"comment_status":"closed","ping_status":"close","template":"","meta":{"site-sidebar-layout":"no-sidebar","site-content-layout":"","ast-site-content-layout":"default","site-content-style":"default","site-sidebar-style":"default","ast-global-header-display":"","ast-banner-title-visibility":"","ast-main-header-display":"","ast-hfb-above-header-display":"","ast-hfb-below-header-display":"","ast-hfb-mobile-header-display":"","site-post-title":"","ast-breadcrumbs-content":"","ast-featured-img":"","footer-sml-layout":"","theme-transparent-header-meta":"","adv-header-id-meta":"","stick-header-meta":"","header-above-stick-meta":"","header-main-stick-meta":"","header-below-stick-meta":"","astra-migrate-meta-layouts":"set","ast-page-background-enabled":"default","ast-page-background-meta":{"desktop":{"background-color":"var(--ast-global-color-4)","background-image":"","background-repeat":"repeat","background-position":"center center","background-size":"auto","background-attachment":"scroll","background-type":"","background-media":"","overlay-type":"","overlay-color":"","overlay-opacity":"","overlay-gradient":""},"tablet":{"background-color":"","background-image":"","background-repeat":"repeat","background-position":"center center","background-size":"auto","background-attachment":"scroll","background-type":"","background-media":"","overlay-type":"","overlay-color":"","overlay-opacity":"","overlay-gradient":""},"mobile":{"background-color":"","background-image":"","background-repeat":"repeat","background-position":"center center","background-size":"auto","background-attachment":"scroll","background-type":"","background-media":"","overlay-type":"","overlay-color":"","overlay-opacity":"","overlay-gradient":""}},"ast-content-background-meta":{"desktop":{"background-color":"var(--ast-global-color-5)","background-image":"","background-repeat":"repeat","background-position":"center center","background-size":"auto","background-attachment":"scroll","background-type":"","background-media":"","overlay-type":"","overlay-color":"","overlay-opacity":"","overlay-gradient":""},"tablet":{"background-color":"var(--ast-global-color-5)","background-image":"","background-repeat":"repeat","background-position":"center center","background-size":"auto","background-attachment":"scroll","background-type":"","background-media":"","overlay-type":"","overlay-color":"","overlay-opacity":"","overlay-gradient":""},"mobile":{"background-color":"var(--ast-global-color-5)","background-image":"","background-repeat":"repeat","background-position":"center center","background-size":"auto","background-attachment":"scroll","background-type":"","background-media":"","overlay-type":"","overlay-color":"","overlay-opacity":"","overlay-gradient":""}},"footnotes":""},"class_list":["post-631","page","type-page","status-publish","hentry"],"post_mailing_queue_ids":[],"_links":{"self":[{"href":"https:\/\/agora.xtec.cat\/ceip-langlada\/wp-json\/wp\/v2\/pages\/631","targetHints":{"allow":["GET"]}}],"collection":[{"href":"https:\/\/agora.xtec.cat\/ceip-langlada\/wp-json\/wp\/v2\/pages"}],"about":[{"href":"https:\/\/agora.xtec.cat\/ceip-langlada\/wp-json\/wp\/v2\/types\/page"}],"author":[{"embeddable":true,"href":"https:\/\/agora.xtec.cat\/ceip-langlada\/wp-json\/wp\/v2\/users\/1"}],"replies":[{"embeddable":true,"href":"https:\/\/agora.xtec.cat\/ceip-langlada\/wp-json\/wp\/v2\/comments?post=631"}],"version-history":[{"count":5,"href":"https:\/\/agora.xtec.cat\/ceip-langlada\/wp-json\/wp\/v2\/pages\/631\/revisions"}],"predecessor-version":[{"id":637,"href":"https:\/\/agora.xtec.cat\/ceip-langlada\/wp-json\/wp\/v2\/pages\/631\/revisions\/637"}],"wp:attachment":[{"href":"https:\/\/agora.xtec.cat\/ceip-langlada\/wp-json\/wp\/v2\/media?parent=631"}],"curies":[{"name":"wp","href":"https:\/\/api.w.org\/{rel}","templated":true}]}}