{"id":564,"date":"2024-12-16T13:20:01","date_gmt":"2024-12-16T12:20:01","guid":{"rendered":"https:\/\/agora.xtec.cat\/ceip-langlada\/?page_id=564"},"modified":"2025-11-14T10:28:40","modified_gmt":"2025-11-14T09:28:40","slug":"projecte-1","status":"publish","type":"page","link":"https:\/\/agora.xtec.cat\/ceip-langlada\/projecte-educatiu\/projecte-1\/","title":{"rendered":"Fem T\u00e0ndem L&#8217;Hospitalet"},"content":{"rendered":"\n<p>A trav\u00e9s del programa <strong>Fem T\u00e0ndem L\u2019Hospitalet<\/strong>, l\u2019escola aposta per un projecte innovador que apropa la m\u00fasica i les arts a l\u2019alumnat mitjan\u00e7ant activitats relacionades amb la <strong>corda<\/strong>: instruments, ritmes, moviment i expressi\u00f3 creativa.<\/p>\n\n\n\n<p>Aquest t\u00e0ndem ens permet treballar amb professionals del sector cultural del municipi per oferir experi\u00e8ncies que enriqueixen el dia a dia de l\u2019alumnat i afavoreixen el desenvolupament art\u00edstic, emocional i social de tots els infants.<\/p>\n\n\n\n<p>El <strong>projecte de corda<\/strong> impulsa:<\/p>\n\n\n\n<ul class=\"wp-block-list\">\n<li><strong>La descoberta musical<\/strong> a trav\u00e9s d\u2019instruments de corda i activitats sensorials.<\/li>\n\n\n\n<li><strong>El ritme i la coordinaci\u00f3<\/strong>, treballant el moviment, la pulsaci\u00f3 i l\u2019expressivitat.<\/li>\n\n\n\n<li><strong>La creativitat<\/strong>, promovent que els infants experimentin, improvisin i cre\u00efn.<\/li>\n\n\n\n<li><strong>El treball en grup<\/strong>, refor\u00e7ant la cooperaci\u00f3, l\u2019escolta activa i la conviv\u00e8ncia.<\/li>\n\n\n\n<li><strong>La connexi\u00f3 amb l\u2019entorn cultural<\/strong>, apropant els infants als equipaments i artistes de la ciutat.<\/li>\n<\/ul>\n\n\n\n<p>Amb aquest t\u00e0ndem, l\u2019escola esdev\u00e9 un espai viu on la m\u00fasica i el moviment formen part del proc\u00e9s d\u2019aprenentatge i contribueixen a un creixement m\u00e9s complet i harmoni\u00f3s.<\/p>\n\n\n\n<figure class=\"wp-block-image size-full is-resized\"><a href=\"https:\/\/agora.xtec.cat\/ceip-langlada\/wp-content\/uploads\/usu3612\/2025\/11\/image-2.png\"><img loading=\"lazy\" decoding=\"async\" width=\"277\" height=\"182\" src=\"https:\/\/agora.xtec.cat\/ceip-langlada\/wp-content\/uploads\/usu3612\/2025\/11\/image-2.png\" alt=\"\" class=\"wp-image-778\" style=\"width:385px;height:auto\"\/><\/a><\/figure>\n\n\n\n<p><\/p>\n","protected":false},"excerpt":{"rendered":"<p>A trav\u00e9s del programa Fem T\u00e0ndem L\u2019Hospitalet, l\u2019escola aposta per un projecte innovador que apropa la m\u00fasica i les arts a l\u2019alumnat mitjan\u00e7ant activitats relacionades amb la corda: instruments, ritmes, moviment i expressi\u00f3 creativa. Aquest t\u00e0ndem ens permet treballar amb professionals del sector cultural del municipi per oferir experi\u00e8ncies que enriqueixen el dia a dia [&hellip;]<\/p>\n","protected":false},"author":1,"featured_media":0,"parent":64,"menu_order":0,"comment_status":"closed","ping_status":"close","template":"","meta":{"site-sidebar-layout":"default","site-content-layout":"","ast-site-content-layout":"default","site-content-style":"default","site-sidebar-style":"default","ast-global-header-display":"","ast-banner-title-visibility":"","ast-main-header-display":"","ast-hfb-above-header-display":"","ast-hfb-below-header-display":"","ast-hfb-mobile-header-display":"","site-post-title":"","ast-breadcrumbs-content":"","ast-featured-img":"","footer-sml-layout":"","theme-transparent-header-meta":"","adv-header-id-meta":"","stick-header-meta":"","header-above-stick-meta":"","header-main-stick-meta":"","header-below-stick-meta":"","astra-migrate-meta-layouts":"set","ast-page-background-enabled":"default","ast-page-background-meta":{"desktop":{"background-color":"var(--ast-global-color-4)","background-image":"","background-repeat":"repeat","background-position":"center center","background-size":"auto","background-attachment":"scroll","background-type":"","background-media":"","overlay-type":"","overlay-color":"","overlay-opacity":"","overlay-gradient":""},"tablet":{"background-color":"","background-image":"","background-repeat":"repeat","background-position":"center center","background-size":"auto","background-attachment":"scroll","background-type":"","background-media":"","overlay-type":"","overlay-color":"","overlay-opacity":"","overlay-gradient":""},"mobile":{"background-color":"","background-image":"","background-repeat":"repeat","background-position":"center center","background-size":"auto","background-attachment":"scroll","background-type":"","background-media":"","overlay-type":"","overlay-color":"","overlay-opacity":"","overlay-gradient":""}},"ast-content-background-meta":{"desktop":{"background-color":"var(--ast-global-color-5)","background-image":"","background-repeat":"repeat","background-position":"center center","background-size":"auto","background-attachment":"scroll","background-type":"","background-media":"","overlay-type":"","overlay-color":"","overlay-opacity":"","overlay-gradient":""},"tablet":{"background-color":"var(--ast-global-color-5)","background-image":"","background-repeat":"repeat","background-position":"center center","background-size":"auto","background-attachment":"scroll","background-type":"","background-media":"","overlay-type":"","overlay-color":"","overlay-opacity":"","overlay-gradient":""},"mobile":{"background-color":"var(--ast-global-color-5)","background-image":"","background-repeat":"repeat","background-position":"center center","background-size":"auto","background-attachment":"scroll","background-type":"","background-media":"","overlay-type":"","overlay-color":"","overlay-opacity":"","overlay-gradient":""}},"footnotes":""},"class_list":["post-564","page","type-page","status-publish","hentry"],"post_mailing_queue_ids":[],"_links":{"self":[{"href":"https:\/\/agora.xtec.cat\/ceip-langlada\/wp-json\/wp\/v2\/pages\/564","targetHints":{"allow":["GET"]}}],"collection":[{"href":"https:\/\/agora.xtec.cat\/ceip-langlada\/wp-json\/wp\/v2\/pages"}],"about":[{"href":"https:\/\/agora.xtec.cat\/ceip-langlada\/wp-json\/wp\/v2\/types\/page"}],"author":[{"embeddable":true,"href":"https:\/\/agora.xtec.cat\/ceip-langlada\/wp-json\/wp\/v2\/users\/1"}],"replies":[{"embeddable":true,"href":"https:\/\/agora.xtec.cat\/ceip-langlada\/wp-json\/wp\/v2\/comments?post=564"}],"version-history":[{"count":4,"href":"https:\/\/agora.xtec.cat\/ceip-langlada\/wp-json\/wp\/v2\/pages\/564\/revisions"}],"predecessor-version":[{"id":779,"href":"https:\/\/agora.xtec.cat\/ceip-langlada\/wp-json\/wp\/v2\/pages\/564\/revisions\/779"}],"up":[{"embeddable":true,"href":"https:\/\/agora.xtec.cat\/ceip-langlada\/wp-json\/wp\/v2\/pages\/64"}],"wp:attachment":[{"href":"https:\/\/agora.xtec.cat\/ceip-langlada\/wp-json\/wp\/v2\/media?parent=564"}],"curies":[{"name":"wp","href":"https:\/\/api.w.org\/{rel}","templated":true}]}}