{"id":5167,"date":"2021-02-23T22:55:26","date_gmt":"2021-02-23T21:55:26","guid":{"rendered":"http:\/\/agora.xtec.cat\/ceip-lamuntanya-aiguafreda\/?page_id=5167"},"modified":"2021-03-17T12:28:24","modified_gmt":"2021-03-17T11:28:24","slug":"treball-per-projectes","status":"publish","type":"page","link":"https:\/\/agora.xtec.cat\/ceip-lamuntanya-aiguafreda\/projectes\/treball-per-projectes\/","title":{"rendered":"Treball per projectes"},"content":{"rendered":"<p>A l&#8217;escola TREBALLEM PER PROJECTES.<\/p>\n<p>Aquesta metodologia de treball cooperatiu ajuda als nostres infants a ser m\u00e9s aut\u00f2noms i els facilita de manera global i interdisciplin\u00e0ria, el proc\u00e9s d&#8217;aprenentatge i les estrat\u00e8gies de treball de recerca, de tractament, d&#8217;exposici\u00f3, de producte final i difusi\u00f3.<\/p>\n<p>Aquesta proposta de treball competencial porta a treballar amb una metodologia que t\u00e9 en compte la integraci\u00f3 de coneixements, la funcionalitat dels aprenentatges i l&#8217;autonomia personal de l&#8217;alumnat que els permet prendre consci\u00e8ncia del propi proc\u00e9s d&#8217;aprenentatge.<\/p>\n<p>En aquest enlla\u00e7 trobareu m\u00e9s informaci\u00f3.<\/p>\n<p><a href=\"https:\/\/drive.google.com\/file\/d\/1SlPOD36Xq7tgkyn4OuXFrb1NlRE-CQM2\/view?usp=sharing\">ENLLA\u00c7<\/a><\/p>\n<p><a href=\"https:\/\/agora.xtec.cat\/ceip-lamuntanya-aiguafreda\/wp-content\/uploads\/usu1657\/2021\/03\/projectes.jpg\"><img loading=\"lazy\" decoding=\"async\" class=\"size-full wp-image-5330 aligncenter\" src=\"https:\/\/agora.xtec.cat\/ceip-lamuntanya-aiguafreda\/wp-content\/uploads\/usu1657\/2021\/03\/projectes.jpg\" alt=\"\" width=\"400\" height=\"398\" srcset=\"https:\/\/agora.xtec.cat\/ceip-lamuntanya-aiguafreda\/wp-content\/uploads\/usu1657\/2021\/03\/projectes.jpg 400w, https:\/\/agora.xtec.cat\/ceip-lamuntanya-aiguafreda\/wp-content\/uploads\/usu1657\/2021\/03\/projectes-150x150.jpg 150w, https:\/\/agora.xtec.cat\/ceip-lamuntanya-aiguafreda\/wp-content\/uploads\/usu1657\/2021\/03\/projectes-300x300.jpg 300w\" sizes=\"auto, (max-width: 400px) 100vw, 400px\" \/><\/a><\/p>\n","protected":false},"excerpt":{"rendered":"<p>A l&#8217;escola TREBALLEM PER PROJECTES.<br \/>\nAquesta metodologia de treball cooperatiu ajuda als nostres infants a ser m\u00e9s aut\u00f2noms i els facilita de manera global i interdisciplin\u00e0ria, el proc\u00e9s d&#8217;aprenentatge i les estrat\u00e8gies de treball de recerca, de tractament, d&#8217;exposici\u00f3, de producte final i difusi\u00f3.<br \/>\nAquesta proposta de&hellip;  <a href=\"https:\/\/agora.xtec.cat\/ceip-lamuntanya-aiguafreda\/projectes\/treball-per-projectes\/\" title=\"Read Treball per projectes\">Llegeix m\u00e9s\u00bb<\/a><\/p>\n","protected":false},"author":1,"featured_media":0,"parent":1242,"menu_order":0,"comment_status":"closed","ping_status":"closed","template":"page-templates\/side-menu.php","meta":{"_bbp_topic_count":0,"_bbp_reply_count":0,"_bbp_total_topic_count":0,"_bbp_total_reply_count":0,"_bbp_voice_count":0,"_bbp_anonymous_reply_count":0,"_bbp_topic_count_hidden":0,"_bbp_reply_count_hidden":0,"_bbp_forum_subforum_count":0,"footnotes":""},"class_list":["post-5167","page","type-page","status-publish","hentry"],"post_mailing_queue_ids":[],"_links":{"self":[{"href":"https:\/\/agora.xtec.cat\/ceip-lamuntanya-aiguafreda\/wp-json\/wp\/v2\/pages\/5167","targetHints":{"allow":["GET"]}}],"collection":[{"href":"https:\/\/agora.xtec.cat\/ceip-lamuntanya-aiguafreda\/wp-json\/wp\/v2\/pages"}],"about":[{"href":"https:\/\/agora.xtec.cat\/ceip-lamuntanya-aiguafreda\/wp-json\/wp\/v2\/types\/page"}],"author":[{"embeddable":true,"href":"https:\/\/agora.xtec.cat\/ceip-lamuntanya-aiguafreda\/wp-json\/wp\/v2\/users\/1"}],"replies":[{"embeddable":true,"href":"https:\/\/agora.xtec.cat\/ceip-lamuntanya-aiguafreda\/wp-json\/wp\/v2\/comments?post=5167"}],"version-history":[{"count":4,"href":"https:\/\/agora.xtec.cat\/ceip-lamuntanya-aiguafreda\/wp-json\/wp\/v2\/pages\/5167\/revisions"}],"predecessor-version":[{"id":5349,"href":"https:\/\/agora.xtec.cat\/ceip-lamuntanya-aiguafreda\/wp-json\/wp\/v2\/pages\/5167\/revisions\/5349"}],"up":[{"embeddable":true,"href":"https:\/\/agora.xtec.cat\/ceip-lamuntanya-aiguafreda\/wp-json\/wp\/v2\/pages\/1242"}],"wp:attachment":[{"href":"https:\/\/agora.xtec.cat\/ceip-lamuntanya-aiguafreda\/wp-json\/wp\/v2\/media?parent=5167"}],"curies":[{"name":"wp","href":"https:\/\/api.w.org\/{rel}","templated":true}]}}