{"id":465,"date":"2018-05-30T18:10:07","date_gmt":"2018-05-30T16:10:07","guid":{"rendered":"http:\/\/agora.xtec.cat\/ceip-lalio\/?page_id=465"},"modified":"2025-09-05T14:30:38","modified_gmt":"2025-09-05T12:30:38","slug":"menjador","status":"publish","type":"page","link":"https:\/\/agora.xtec.cat\/ceip-lalio\/serveis-de-lescola\/menjador\/","title":{"rendered":"Menjador escolar"},"content":{"rendered":"<h3 style=\"text-align: center;\"><span style=\"color: #339966;\">9Naturalcuina-Sereduca, la nostra empresa de menjador<\/span><\/h3>\n<p>Comptem amb\u00a0<strong>cuina pr\u00f2pia <\/strong>on s&#8217;elaboren men\u00fas casolans, <strong>elaborats per especialistes en nutrici\u00f3, <\/strong><span style=\"font-family: inherit; font-size: 1em;\">amb productes de primera qualitat. Els nostres men\u00fas s\u00f3n molt equilibrats, estan basats en la dieta mediterr\u00e0nia i <\/span><span style=\"font-family: inherit; font-size: 1em;\">inclouen productes ecol\u00f2gics i de proximitat.<\/span><\/p>\n<p>El servei \u00e9s gestionat per la direcci\u00f3 de l&#8217;escola amb aprovaci\u00f3 del Consell Escolar i l\u2019empresa que ens dona servei \u00e9s <strong>9Naturalcuina-Sereduca<span style=\"color: #339966;\">.<\/span><\/strong><\/p>\n<p>El preu del dinar \u00e9s de<strong> 7,50 euros per alumnat fix. <\/strong>Per l&#8217;alumnat <strong>espor\u00e0dic<\/strong>\u00a0el preu \u00e9s de<strong> 8,29 euros<\/strong>.<\/p>\n<p>S\u2019ha de fer la inscripci\u00f3 a trav\u00e9s de la p\u00e0gina web de 9Naturalcuina<br \/>\n<a href=\"https:\/\/9naturalcuina.cat\/\">https:\/\/9naturalcuina.cat\/<\/a><\/p>\n<p><strong>Els dies en qu\u00e8 l\u2019usuari fix no pugui fer \u00fas un dels dies contractats, s\u2019haur\u00e0 d\u2019avisar a la coordinadora del centre, la Laura Esquerra,\u00a0 abans de les 09:30 del mat\u00ed.<\/strong><\/p>\n<ul>\n<li><strong>Tel\u00e8fon: 625 711 327<\/strong><\/li>\n<\/ul>\n<p><a href=\"https:\/\/drive.google.com\/file\/d\/1d2iidU-FfAiruDiPgF4cOMLXBmrAOfQU\/view?usp=sharing\">Full informatiu i alta de servei de menjador\u00a0<\/a><\/p>\n<p><a href=\"https:\/\/drive.google.com\/file\/d\/1KauxOUQ96wdGIa7ApTPqS-XYZFnSebET\/view?usp=sharing\">Benvinguda servei menjador. Curs 2025-2026<\/a><\/p>\n<p><a href=\"https:\/\/drive.google.com\/file\/d\/1q_XyxmIeNTjMgJoDBqHxPLFDFxfvpVhL\/view?usp=sharing\">Portal de fam\u00edlies &#8211; servei de menjador<\/a><\/p>\n<p>&nbsp;<\/p>\n<p>&nbsp;<\/p>\n<p>&nbsp;<\/p>\n<p>&nbsp;<\/p>\n<p>&nbsp;<\/p>\n<p>&nbsp;<\/p>\n<p>&nbsp;<\/p>\n<p>&nbsp;<\/p>\n","protected":false},"excerpt":{"rendered":"<p>9Naturalcuina-Sereduca, la nostra empresa de menjador<br \/>\nComptem amb\u00a0cuina pr\u00f2pia on s&#8217;elaboren men\u00fas casolans, elaborats per especialistes en nutrici\u00f3, amb productes de primera qualitat. Els nostres men\u00fas s\u00f3n molt equilibrats, estan basats en la dieta mediterr\u00e0nia i inclouen productes ecol\u00f2gics i de proximitat.<br \/>\nEl servei \u00e9s gestionat per&hellip;  <a href=\"https:\/\/agora.xtec.cat\/ceip-lalio\/serveis-de-lescola\/menjador\/\" title=\"Read Menjador escolar\">Llegeix m\u00e9s\u00bb<\/a><\/p>\n","protected":false},"author":1,"featured_media":0,"parent":1075,"menu_order":1,"comment_status":"closed","ping_status":"closed","template":"page-templates\/side-menu.php","meta":{"_bbp_topic_count":0,"_bbp_reply_count":0,"_bbp_total_topic_count":0,"_bbp_total_reply_count":0,"_bbp_voice_count":0,"_bbp_anonymous_reply_count":0,"_bbp_topic_count_hidden":0,"_bbp_reply_count_hidden":0,"_bbp_forum_subforum_count":0,"footnotes":""},"class_list":["post-465","page","type-page","status-publish","hentry"],"post_mailing_queue_ids":[],"_links":{"self":[{"href":"https:\/\/agora.xtec.cat\/ceip-lalio\/wp-json\/wp\/v2\/pages\/465","targetHints":{"allow":["GET"]}}],"collection":[{"href":"https:\/\/agora.xtec.cat\/ceip-lalio\/wp-json\/wp\/v2\/pages"}],"about":[{"href":"https:\/\/agora.xtec.cat\/ceip-lalio\/wp-json\/wp\/v2\/types\/page"}],"author":[{"embeddable":true,"href":"https:\/\/agora.xtec.cat\/ceip-lalio\/wp-json\/wp\/v2\/users\/1"}],"replies":[{"embeddable":true,"href":"https:\/\/agora.xtec.cat\/ceip-lalio\/wp-json\/wp\/v2\/comments?post=465"}],"version-history":[{"count":7,"href":"https:\/\/agora.xtec.cat\/ceip-lalio\/wp-json\/wp\/v2\/pages\/465\/revisions"}],"predecessor-version":[{"id":20808,"href":"https:\/\/agora.xtec.cat\/ceip-lalio\/wp-json\/wp\/v2\/pages\/465\/revisions\/20808"}],"up":[{"embeddable":true,"href":"https:\/\/agora.xtec.cat\/ceip-lalio\/wp-json\/wp\/v2\/pages\/1075"}],"wp:attachment":[{"href":"https:\/\/agora.xtec.cat\/ceip-lalio\/wp-json\/wp\/v2\/media?parent=465"}],"curies":[{"name":"wp","href":"https:\/\/api.w.org\/{rel}","templated":true}]}}