{"id":18884,"date":"2022-03-24T13:40:38","date_gmt":"2022-03-24T12:40:38","guid":{"rendered":"https:\/\/agora.xtec.cat\/ceip-lalio\/?page_id=18884"},"modified":"2023-02-01T11:33:06","modified_gmt":"2023-02-01T10:33:06","slug":"decaleg-de-lus-digital-a-lescola","status":"publish","type":"page","link":"https:\/\/agora.xtec.cat\/ceip-lalio\/informacio-curs-vigent\/serveis-digitals\/decaleg-de-lus-digital-a-lescola\/","title":{"rendered":"Dec\u00e0leg de l&#8217;\u00fas digital a l&#8217;escola"},"content":{"rendered":"<p style=\"text-align: justify;\">Arrel\u00a0 la pand\u00e8mia les escoles ens hem vist obligades a crear a marxes for\u00e7ades un\u00a0<strong>EVA<\/strong>\u00a0(Entorn Virtual d&#8217;Aprenentatge). Una eina de treball que en el m\u00f3n actual es fa indispensable tant en \u00e8poca de pand\u00e8mia com no.<\/p>\n<p style=\"text-align: justify;\">El\u00a0<strong>Departament d&#8217;Educaci\u00f3<\/strong>\u00a0ha creat un desplegament digital per tal que totes les escoles p\u00fabliques puguin garantir aquest servei. Les alternatives que proposa per crear l\u2019EVA als centres educatius \u00e9s el\u00a0<strong>Moodle\u00a0<\/strong>o les\u00a0<strong>Eines G Suite<\/strong>\u00a0(Drive, Gmail, Classroom, Google Docs&#8230;). El nostre centre ha escollit l\u2019entorn d&#8217;aprenentatge Google per tot el conjunt d&#8217;eines que inclou, funcionalitat i seguretat.<\/p>\n<p style=\"text-align: justify;\">Per tal de dur a terme aquesta transformaci\u00f3 digital, tot l\u2019<strong>equip\u00a0docent<\/strong> s&#8217;ha formant per tal de fer un \u00fas correcte d\u2019aquest entorn, amb una <strong>formaci\u00f3 interna de centre proporcionada pel CRP<\/strong>\u00a0(Centre de Recursos Pedag\u00f2gics) del Maresme.<\/p>\n<p style=\"text-align: justify;\">Les\u00a0<strong>dades facilitades<\/strong>\u00a0a l\u2019administraci\u00f3 d\u2019aquest entorn s\u00f3n \u00fanicament el nom, primer cognom, curs\u00a0 per crear un\u00a0<strong>correu electr\u00f2nic<\/strong>\u00a0per a cada membre de la comunitat educativa. Pel que fa als usuaris, l\u2019<strong>escola\u00a0gestiona i permet l&#8217;acc\u00e9s<\/strong>\u00a0d\u2019aquests als diferents recursos existents, d\u2019aquesta manera nom\u00e9s dona acc\u00e9s a eines i aplicacions d\u2019entorn d&#8217;aprenentatge.<\/p>\n<p style=\"text-align: justify;\">El\u00a0<strong>correu creat a\u00a0 l&#8217;alumnat<\/strong>\u00a0est\u00e0\u00a0<strong>restringit per edat de forma predeterminada<\/strong>\u00a0i, tal com\u00a0 ja hem dit, gestionem l&#8217;escola. Serveix per poder fer \u00fas de les Eines G Suite anomenades i s&#8217;utlitza\u00a0amb\u00a0<strong>finalitats pedag\u00f2giques i did\u00e0ctiques.<\/strong>\u00a0El\u00a0<strong>correu de l&#8217;alumnat<\/strong>\u00a0amb el\u00a0<strong>domini\u00a0@<a href=\"http:\/\/lalio.cat\/\">lalio.cat<\/a><\/strong>\u00a0t\u00e9 restringit rebre o fer correus a mails\u00a0d&#8217;altres dominis; tampoc el poden fer servir per inscriure&#8217;s en xarxes socials, per exemple, on es\u00a0demana &#8220;confirmar contrasenya&#8221; perqu\u00e8 no reben cap mail extern.<\/p>\n<p style=\"text-align: justify;\">G Suite en l&#8217;\u00e0mbit escolar cedeix el control de les dades i l&#8217;administraci\u00f3 a l&#8217;escola. El proc\u00e9s de registre \u00e9s exhaustiu, obliga al centre educatiu a presentar informaci\u00f3 que demostri que aquestes\u00a0<strong>eines seran utilitzades en un context educatiu<\/strong>\u00a0i s\u00f3n contrastades abans de la seva activaci\u00f3.<\/p>\n<p style=\"text-align: justify;\">Us volem facilitar una s\u00e8rie d\u2019enlla\u00e7os que us poden acabar d&#8217;aclarir i donar m\u00e9s informaci\u00f3 referent a\u00a0<strong><em>G-Suite for Education\u00a0<\/em>\u00a0i la seva protecci\u00f3 de dades<\/strong>:<\/p>\n<ul style=\"text-align: justify;\">\n<li>Centro Criptol\u00f3gico Nacional:\u00a0<strong><a href=\"https:\/\/www.ccn-cert.cni.es\/seguridad-al-dia\/avisos-ccn-cert\/10208-ccn-cert-av-53-20-seguridad-y-cumplimiento-normativo-en-google-classroom.html\">Enlla\u00e7\u00a0<\/a><\/strong>Sobre la seguretat i compliment normatiu de Classroom.<\/li>\n<li>Ieducando:<strong><a href=\"https:\/\/ieducando.com\/nuestro-blog\/2019\/09\/17\/es-g-suite-seguro\">Enlla\u00e7\u00a0<\/a><\/strong>Article de Ieducando (consultor educatiu de Google) que resol dubtes sobre la seguretat de GSuite.<\/li>\n<li>Google \u2013&gt; Centre de privacitat i seguretat de Google:<a href=\"https:\/\/edu.google.com\/intl\/es-419\/why-google\/privacy-security\/?modal_active=none\">Enlla\u00e7\u00a0<\/a>Referent a preguntes i q\u00fcestions sobre GSuite per l&#8217;educaci\u00f3.<\/li>\n<\/ul>\n<p style=\"text-align: justify;\">Tenim l&#8217;enc\u00e0rrec com a docents de ser competents digitalment i fer que el nostre alumnat tamb\u00e9 ho sigui. L&#8217;\u00fas de les eines digitals i el seu bon \u00fas \u00e9s un dels nostres objectius pedag\u00f2gics; hem de provocar les situacions d&#8217;aprenentatge necess\u00e0ries per tal que\u00a0 l&#8217;alumnat les utilitzi , en conegui el seu funcionament, els riscos que poden comportar, siguin cr\u00edtics amb les informacions trobades i s\u00e0piguen fer-ne un bon \u00fas. A casa, les fam\u00edlies tamb\u00e9 han d&#8217;intervenir i ajudar en aquests objectius. Es pot consultar la seguretat i recomanacions per a fam\u00edlies en aquest\u00a0<a href=\"https:\/\/safety.google\/intl\/es\/families\/\">enlla\u00e7<\/a>.<\/p>\n","protected":false},"excerpt":{"rendered":"<p>Arrel\u00a0 la pand\u00e8mia les escoles ens hem vist obligades a crear a marxes for\u00e7ades un\u00a0EVA\u00a0(Entorn Virtual d&#8217;Aprenentatge). Una eina de treball que en el m\u00f3n actual es fa indispensable tant en \u00e8poca de pand\u00e8mia com no.<br \/>\nEl\u00a0Departament d&#8217;Educaci\u00f3\u00a0ha creat un desplegament digital per tal que totes&hellip;  <a href=\"https:\/\/agora.xtec.cat\/ceip-lalio\/informacio-curs-vigent\/serveis-digitals\/decaleg-de-lus-digital-a-lescola\/\" title=\"Read Dec\u00e0leg de l&#8217;\u00fas digital a l&#8217;escola\">Llegeix m\u00e9s\u00bb<\/a><\/p>\n","protected":false},"author":1,"featured_media":0,"parent":18880,"menu_order":0,"comment_status":"closed","ping_status":"closed","template":"page-templates\/side-menu.php","meta":{"_bbp_topic_count":0,"_bbp_reply_count":0,"_bbp_total_topic_count":0,"_bbp_total_reply_count":0,"_bbp_voice_count":0,"_bbp_anonymous_reply_count":0,"_bbp_topic_count_hidden":0,"_bbp_reply_count_hidden":0,"_bbp_forum_subforum_count":0,"footnotes":""},"class_list":["post-18884","page","type-page","status-publish","hentry"],"post_mailing_queue_ids":[],"_links":{"self":[{"href":"https:\/\/agora.xtec.cat\/ceip-lalio\/wp-json\/wp\/v2\/pages\/18884","targetHints":{"allow":["GET"]}}],"collection":[{"href":"https:\/\/agora.xtec.cat\/ceip-lalio\/wp-json\/wp\/v2\/pages"}],"about":[{"href":"https:\/\/agora.xtec.cat\/ceip-lalio\/wp-json\/wp\/v2\/types\/page"}],"author":[{"embeddable":true,"href":"https:\/\/agora.xtec.cat\/ceip-lalio\/wp-json\/wp\/v2\/users\/1"}],"replies":[{"embeddable":true,"href":"https:\/\/agora.xtec.cat\/ceip-lalio\/wp-json\/wp\/v2\/comments?post=18884"}],"version-history":[{"count":4,"href":"https:\/\/agora.xtec.cat\/ceip-lalio\/wp-json\/wp\/v2\/pages\/18884\/revisions"}],"predecessor-version":[{"id":19291,"href":"https:\/\/agora.xtec.cat\/ceip-lalio\/wp-json\/wp\/v2\/pages\/18884\/revisions\/19291"}],"up":[{"embeddable":true,"href":"https:\/\/agora.xtec.cat\/ceip-lalio\/wp-json\/wp\/v2\/pages\/18880"}],"wp:attachment":[{"href":"https:\/\/agora.xtec.cat\/ceip-lalio\/wp-json\/wp\/v2\/media?parent=18884"}],"curies":[{"name":"wp","href":"https:\/\/api.w.org\/{rel}","templated":true}]}}