{"id":1214,"date":"2019-03-13T13:05:38","date_gmt":"2019-03-13T12:05:38","guid":{"rendered":"http:\/\/agora.xtec.cat\/ceip-lalio\/?page_id=1214"},"modified":"2026-04-15T15:43:25","modified_gmt":"2026-04-15T13:43:25","slug":"inici","status":"publish","type":"page","link":"https:\/\/agora.xtec.cat\/ceip-lalio\/","title":{"rendered":"Jornada de Portes Obertes"},"content":{"rendered":"<p><img loading=\"lazy\" decoding=\"async\" class=\"aligncenter wp-image-20828\" src=\"https:\/\/agora.xtec.cat\/ceip-lalio\/wp-content\/uploads\/usu1803\/2025\/09\/CALENDARI-ESCOLAR-CURS-2025-2026-730x330-3-300x136.jpg\" alt=\"\" width=\"591\" height=\"268\" srcset=\"https:\/\/agora.xtec.cat\/ceip-lalio\/wp-content\/uploads\/usu1803\/2025\/09\/CALENDARI-ESCOLAR-CURS-2025-2026-730x330-3-300x136.jpg 300w, https:\/\/agora.xtec.cat\/ceip-lalio\/wp-content\/uploads\/usu1803\/2025\/09\/CALENDARI-ESCOLAR-CURS-2025-2026-730x330-3.jpg 730w\" sizes=\"auto, (max-width: 591px) 100vw, 591px\" \/><\/p>\n<p><strong>Preinscripci\u00f3 curs 2026-202\u200b7\u00a0<\/strong><\/p>\n<ul>\n<li><a href=\"https:\/\/preinscripcio.gencat.cat\/ca\/inici\/\" target=\"_blank\" rel=\"noopener\">Preinscripci\u00f3 Curs 2026-27 Departament d\u2019Educaci\u00f3<\/a><\/li>\n<li>Informacions preinscripci\u00f3 2026-27\u00a0(Pendent d\u2019actualitzar)<\/li>\n<li>Oferta de places (<a href=\"http:\/\/mapaescolar.gencat.cat\/\" target=\"_blank\" rel=\"noopener\">Cercador<\/a>) (Codi de Centre: 08043371)<\/li>\n<li><a href=\"https:\/\/preinscripcio.gencat.cat\/ca\/inici\/\" target=\"_blank\" rel=\"noopener\">Presentaci\u00f3 sol\u00b7licitud<\/a>\u00a0(<strong>S\u2019activar\u00e0 l\u2019aplicatiu el primer dia del per\u00edode<\/strong>) (Nom\u00e9s es pot presentar telem\u00e0ticament) (El nostre\u00a0<strong>codi de centre<\/strong>\u00a0\u00e9s:\u00a0<strong>08043371<\/strong>)<\/li>\n<li>Si no disposeu d\u2019un dispositiu o acc\u00e9s a internet, des de l\u2019escola us en facilitarem un. (Contactar amb administraci\u00f3)<\/li>\n<li>Oferta definitiva de places (10\/06\/2026)<\/li>\n<\/ul>\n<p><strong>CALENDARI<\/strong><\/p>\n<table class=\"wp-block-table\">\n<tbody>\n<tr>\n<td><strong>Presentaci\u00f3 de\u00a0<\/strong><b>sol\u00b7licituds<\/b><\/td>\n<td><strong>Del 04 al 18 de mar\u00e7<\/strong><\/td>\n<\/tr>\n<tr>\n<td><a href=\"https:\/\/drive.google.com\/file\/d\/1reqRYbulsEoTbd2RnY8ewubBG74ihR1h\/view?usp=sharing\">Llistat amb la puntuaci\u00f3 provisional<\/a><\/td>\n<td>15 d\u2019abril<\/td>\n<\/tr>\n<tr>\n<td>Reclamacions<\/td>\n<td>Del 15 al 20 d\u2019abril<\/td>\n<\/tr>\n<tr>\n<td>Llistes amb puntuaci\u00f3 definitiva<\/td>\n<td>23 d\u2019abril<\/td>\n<\/tr>\n<tr>\n<td>Sorteig desempat (N\u00famero de desempat: Pendent)<\/td>\n<td>28 d\u2019abril<\/td>\n<\/tr>\n<tr>\n<td>Publicaci\u00f3 llista ordenada definitiva<\/td>\n<td>30 d\u2019abril<\/td>\n<\/tr>\n<tr>\n<td>Publicaci\u00f3 de les llistes d\u2019admesos (Llista d\u2019espera)<\/td>\n<td>10 de juny<\/td>\n<\/tr>\n<tr>\n<td><strong>Per\u00edode de matriculaci\u00f3<\/strong><\/td>\n<td>Del 22 al 30 de juny<\/td>\n<\/tr>\n<\/tbody>\n<\/table>\n<p>&nbsp;<\/p>\n<p><strong>HORARI D\u2019ATENCI\u00d3 A LES FAM\u00cdLIES<\/strong><\/p>\n<p><strong>Administraci\u00f3:\u00a0<\/strong>De dilluns a divendres de 9h a 13h i dilluns, dimarts i dimecres de 15h a 16h. (Aconsellem trucar abans) (93 752 19 97)<\/p>\n<p><strong>Direcci\u00f3: <\/strong>Hores concertades.<\/p>\n<p>&nbsp;<\/p>\n<p><b>CRITERIS GENERALS D\u2019ADMISSI\u00d3 D\u2019ALUMNAT I BAREM A APLICAR<\/b><\/p>\n<p><b>Criteris prioritaris<\/b><\/p>\n<p>a) Exist\u00e8ncia de germans escolaritzats al centre educatiu.\u00a0 50 punts.<\/p>\n<p>Tamb\u00e9 s\u2019aplicar\u00e0 quan un germ\u00e0 estigui escolaritzat a l\u2019Institut els Roures, amb el qual hi ha relaci\u00f3 d\u2019adscripci\u00f3.<\/p>\n<p>b) Proximitat del domicili.\u00a0 30 punts.<\/p>\n<p>c) Proximitat del lloc de treball del pare\/mare. 20 punts<\/p>\n<p>d) Renda anual de la unitat familiar quan el pare, mare o tutor s\u00f3n beneficiaris de l\u2019ajut de la renda garantida de ciutadania.\u00a0 15 punts.<\/p>\n<p><b>Criteris complementaris<\/b><\/p>\n<p>a) El pare, mare o el tutor o tutora legal treballant al centre educatiu. 10 punts<\/p>\n<p>b) Per fet de formar part d\u2019una fam\u00edlia nombrosa o monoparental. 10 punts<\/p>\n<p>c) Quan l\u2019alumne o alumna hagi nascut en un part m\u00faltiple. 10 punts.<\/p>\n<p>d) Quan l\u2019alumne o alumna es troba en situaci\u00f3 d\u2019acolliment familiar. 10 punts.<\/p>\n<p>e) Si algun membre de la fam\u00edlia t\u00e9 una\u202fdiscapacitat igual o superior al 33 %. \u202f15 punts.<\/p>\n<p>f) Condici\u00f3 de v\u00edctima de viol\u00e8ncia de g\u00e8nere o de terrorisme. 10 punts<\/p>\n<p>La documentaci\u00f3 acreditativa tant dels criteris prioritaris com dels complementaris s\u2019ha d\u2019adjuntar a la sol\u00b7licitud de preinscripci\u00f3 dins el per\u00edode establert.<\/p>\n<table style=\"border-collapse: collapse; width: 100%;\">\n<tbody>\n<tr>\n<td style=\"width: 50%;\"><img loading=\"lazy\" decoding=\"async\" class=\"aligncenter wp-image-20971\" src=\"https:\/\/agora.xtec.cat\/ceip-lalio\/wp-content\/uploads\/usu1803\/2026\/04\/CaminadaSolidA-riaFAIG-1_page-0001-212x300.jpg\" alt=\"\" width=\"390\" height=\"552\" srcset=\"https:\/\/agora.xtec.cat\/ceip-lalio\/wp-content\/uploads\/usu1803\/2026\/04\/CaminadaSolidA-riaFAIG-1_page-0001-212x300.jpg 212w, https:\/\/agora.xtec.cat\/ceip-lalio\/wp-content\/uploads\/usu1803\/2026\/04\/CaminadaSolidA-riaFAIG-1_page-0001-725x1024.jpg 725w, https:\/\/agora.xtec.cat\/ceip-lalio\/wp-content\/uploads\/usu1803\/2026\/04\/CaminadaSolidA-riaFAIG-1_page-0001-768x1085.jpg 768w, https:\/\/agora.xtec.cat\/ceip-lalio\/wp-content\/uploads\/usu1803\/2026\/04\/CaminadaSolidA-riaFAIG-1_page-0001-1087x1536.jpg 1087w, https:\/\/agora.xtec.cat\/ceip-lalio\/wp-content\/uploads\/usu1803\/2026\/04\/CaminadaSolidA-riaFAIG-1_page-0001-1449x2048.jpg 1449w, https:\/\/agora.xtec.cat\/ceip-lalio\/wp-content\/uploads\/usu1803\/2026\/04\/CaminadaSolidA-riaFAIG-1_page-0001.jpg 1755w\" sizes=\"auto, (max-width: 390px) 100vw, 390px\" \/><\/td>\n<td style=\"width: 50%;\"><\/td>\n<\/tr>\n<\/tbody>\n<\/table>\n<table style=\"border-collapse: collapse; width: 100%;\">\n<tbody>\n<tr>\n<td style=\"width: 50%;\"><img loading=\"lazy\" decoding=\"async\" class=\"aligncenter wp-image-20941\" src=\"https:\/\/agora.xtec.cat\/ceip-lalio\/wp-content\/uploads\/usu1803\/2026\/01\/Colorful-Minimalist-Animated-School-Open-Week-Video-Threads-Post-240x300.jpg\" alt=\"\" width=\"407\" height=\"508\" srcset=\"https:\/\/agora.xtec.cat\/ceip-lalio\/wp-content\/uploads\/usu1803\/2026\/01\/Colorful-Minimalist-Animated-School-Open-Week-Video-Threads-Post-240x300.jpg 240w, https:\/\/agora.xtec.cat\/ceip-lalio\/wp-content\/uploads\/usu1803\/2026\/01\/Colorful-Minimalist-Animated-School-Open-Week-Video-Threads-Post-819x1024.jpg 819w, https:\/\/agora.xtec.cat\/ceip-lalio\/wp-content\/uploads\/usu1803\/2026\/01\/Colorful-Minimalist-Animated-School-Open-Week-Video-Threads-Post-768x960.jpg 768w, https:\/\/agora.xtec.cat\/ceip-lalio\/wp-content\/uploads\/usu1803\/2026\/01\/Colorful-Minimalist-Animated-School-Open-Week-Video-Threads-Post.jpg 1080w\" sizes=\"auto, (max-width: 407px) 100vw, 407px\" \/><\/td>\n<td style=\"width: 50%;\"><img loading=\"lazy\" decoding=\"async\" class=\"aligncenter wp-image-20859\" src=\"https:\/\/agora.xtec.cat\/ceip-lalio\/wp-content\/uploads\/usu1803\/2025\/11\/Rojo-Dorado-y-Verde-Tradicional-Feliz-Navidad-Post-para-Instagram-240x300.jpg\" alt=\"\" width=\"416\" height=\"520\" srcset=\"https:\/\/agora.xtec.cat\/ceip-lalio\/wp-content\/uploads\/usu1803\/2025\/11\/Rojo-Dorado-y-Verde-Tradicional-Feliz-Navidad-Post-para-Instagram-240x300.jpg 240w, https:\/\/agora.xtec.cat\/ceip-lalio\/wp-content\/uploads\/usu1803\/2025\/11\/Rojo-Dorado-y-Verde-Tradicional-Feliz-Navidad-Post-para-Instagram-819x1024.jpg 819w, https:\/\/agora.xtec.cat\/ceip-lalio\/wp-content\/uploads\/usu1803\/2025\/11\/Rojo-Dorado-y-Verde-Tradicional-Feliz-Navidad-Post-para-Instagram-768x960.jpg 768w, https:\/\/agora.xtec.cat\/ceip-lalio\/wp-content\/uploads\/usu1803\/2025\/11\/Rojo-Dorado-y-Verde-Tradicional-Feliz-Navidad-Post-para-Instagram.jpg 1080w\" sizes=\"auto, (max-width: 416px) 100vw, 416px\" \/><\/td>\n<\/tr>\n<\/tbody>\n<\/table>\n<table style=\"border-collapse: collapse; width: 100%;\">\n<tbody>\n<tr>\n<td style=\"width: 50%;\"><img loading=\"lazy\" decoding=\"async\" class=\"aligncenter wp-image-20848\" src=\"https:\/\/agora.xtec.cat\/ceip-lalio\/wp-content\/uploads\/usu1803\/2025\/10\/Consell-Escolar-25-300x300.jpg\" alt=\"\" width=\"422\" height=\"422\" srcset=\"https:\/\/agora.xtec.cat\/ceip-lalio\/wp-content\/uploads\/usu1803\/2025\/10\/Consell-Escolar-25-300x300.jpg 300w, https:\/\/agora.xtec.cat\/ceip-lalio\/wp-content\/uploads\/usu1803\/2025\/10\/Consell-Escolar-25-1024x1024.jpg 1024w, https:\/\/agora.xtec.cat\/ceip-lalio\/wp-content\/uploads\/usu1803\/2025\/10\/Consell-Escolar-25-150x150.jpg 150w, https:\/\/agora.xtec.cat\/ceip-lalio\/wp-content\/uploads\/usu1803\/2025\/10\/Consell-Escolar-25-768x768.jpg 768w, https:\/\/agora.xtec.cat\/ceip-lalio\/wp-content\/uploads\/usu1803\/2025\/10\/Consell-Escolar-25.jpg 1080w\" sizes=\"auto, (max-width: 422px) 100vw, 422px\" \/><\/td>\n<td style=\"width: 50%;\">\n<div>\n<p><strong><span style=\"color: #008080;\">Dia de les eleccions<\/span><\/strong><\/p>\n<p><strong>Dimecres 19 de novembre <\/strong>(es renoven <em>2 membres<\/em> del sector de fam\u00edlies)<\/p>\n<\/div>\n<div>\n<p><strong><u>Reviseu que sortiu al llistat del cens de fam\u00edlies<\/u><\/strong>, penjat al taulell d&#8217;anuncis dins l&#8217;edifici de prim\u00e0ria per a poder exercir el vostre dret a vot o de candidat\/a.<\/p>\n<\/div>\n<p><span style=\"text-decoration: underline;\"><strong>Presentar candidatura:<\/strong><\/span> abans del 12 de novembre (es faran p\u00fablics el dia 13 de novembre).<\/p>\n<p>Si voleu ser <u>supervisors<\/u> el dia 19 de novembre, dia de les eleccions, poseu-vos en contacte amb l&#8217;escola.<\/p>\n<p><span style=\"font-family: inherit; font-size: 1em;\">Qualsevol persona del cens pot ser escollit en sorteig per a formar part de la <\/span><u style=\"font-family: inherit; font-size: 1em;\">mesa electoral<\/u><span style=\"font-family: inherit; font-size: 1em;\"> del dia de les eleccions.<\/span><\/p>\n<div>\n<p>&nbsp;<\/p>\n<\/div>\n<\/td>\n<\/tr>\n<\/tbody>\n<\/table>\n<table style=\"border-collapse: collapse; width: 100%;\">\n<tbody>\n<tr>\n<td style=\"width: 50%;\"><img loading=\"lazy\" decoding=\"async\" class=\"aligncenter wp-image-20843\" src=\"https:\/\/agora.xtec.cat\/ceip-lalio\/wp-content\/uploads\/usu1803\/2025\/09\/4t-Cafe-amb-families-240x300.jpg\" alt=\"\" width=\"339\" height=\"424\" srcset=\"https:\/\/agora.xtec.cat\/ceip-lalio\/wp-content\/uploads\/usu1803\/2025\/09\/4t-Cafe-amb-families-240x300.jpg 240w, https:\/\/agora.xtec.cat\/ceip-lalio\/wp-content\/uploads\/usu1803\/2025\/09\/4t-Cafe-amb-families-819x1024.jpg 819w, https:\/\/agora.xtec.cat\/ceip-lalio\/wp-content\/uploads\/usu1803\/2025\/09\/4t-Cafe-amb-families-768x960.jpg 768w, https:\/\/agora.xtec.cat\/ceip-lalio\/wp-content\/uploads\/usu1803\/2025\/09\/4t-Cafe-amb-families.jpg 1080w\" sizes=\"auto, (max-width: 339px) 100vw, 339px\" \/><\/td>\n<td style=\"width: 50%;\"><img loading=\"lazy\" decoding=\"async\" class=\"aligncenter wp-image-20842\" src=\"https:\/\/agora.xtec.cat\/ceip-lalio\/wp-content\/uploads\/usu1803\/2025\/09\/I3-Cafe-Families-169x300.jpg\" alt=\"\" width=\"252\" height=\"447\" srcset=\"https:\/\/agora.xtec.cat\/ceip-lalio\/wp-content\/uploads\/usu1803\/2025\/09\/I3-Cafe-Families-169x300.jpg 169w, https:\/\/agora.xtec.cat\/ceip-lalio\/wp-content\/uploads\/usu1803\/2025\/09\/I3-Cafe-Families-576x1024.jpg 576w, https:\/\/agora.xtec.cat\/ceip-lalio\/wp-content\/uploads\/usu1803\/2025\/09\/I3-Cafe-Families-768x1365.jpg 768w, https:\/\/agora.xtec.cat\/ceip-lalio\/wp-content\/uploads\/usu1803\/2025\/09\/I3-Cafe-Families-864x1536.jpg 864w, https:\/\/agora.xtec.cat\/ceip-lalio\/wp-content\/uploads\/usu1803\/2025\/09\/I3-Cafe-Families.jpg 1080w\" sizes=\"auto, (max-width: 252px) 100vw, 252px\" \/><\/td>\n<\/tr>\n<\/tbody>\n<\/table>\n","protected":false},"excerpt":{"rendered":"<p>Preinscripci\u00f3 curs 2026-202\u200b7\u00a0<\/p>\n<ul>\n<li><a href=\"https:\/\/preinscripcio.gencat.cat\/ca\/inici\/\" target=\"_blank\" rel=\"noopener\">Preinscripci\u00f3 Curs 2026-27 Departament d\u2019Educaci\u00f3<\/a><\/li>\n<li>Informacions preinscripci\u00f3 2026-27\u00a0(Pendent d\u2019actualitzar)<\/li>\n<li>Oferta de places (<a href=\"http:\/\/mapaescolar.gencat.cat\/\" target=\"_blank\" rel=\"noopener\">Cercador<\/a>) (Codi de Centre: 08043371)<\/li>\n<li><a href=\"https:\/\/preinscripcio.gencat.cat\/ca\/inici\/\" target=\"_blank\" rel=\"noopener\">Presentaci\u00f3 sol\u00b7licitud<\/a>\u00a0(S\u2019activar\u00e0 l\u2019aplicatiu el primer dia del per\u00edode) (Nom\u00e9s es pot presentar telem\u00e0ticament) (El nostre\u00a0codi de centre\u00a0\u00e9s:\u00a008043371)<\/li>\n<li>Si no disposeu d\u2019un&hellip;  <a href=\"https:\/\/agora.xtec.cat\/ceip-lalio\/\" title=\"Read Jornada de Portes Obertes\">Llegeix m\u00e9s\u00bb<\/a><br \/>\n","protected":false},"author":2,"featured_media":0,"parent":0,"menu_order":0,"comment_status":"closed","ping_status":"closed","template":"page-templates\/front-page.php","meta":{"_bbp_topic_count":0,"_bbp_reply_count":0,"_bbp_total_topic_count":0,"_bbp_total_reply_count":0,"_bbp_voice_count":0,"_bbp_anonymous_reply_count":0,"_bbp_topic_count_hidden":0,"_bbp_reply_count_hidden":0,"_bbp_forum_subforum_count":0,"footnotes":""},"class_list":["post-1214","page","type-page","status-publish","hentry"],"post_mailing_queue_ids":[],"_links":{"self":[{"href":"https:\/\/agora.xtec.cat\/ceip-lalio\/wp-json\/wp\/v2\/pages\/1214","targetHints":{"allow":["GET"]}}],"collection":[{"href":"https:\/\/agora.xtec.cat\/ceip-lalio\/wp-json\/wp\/v2\/pages"}],"about":[{"href":"https:\/\/agora.xtec.cat\/ceip-lalio\/wp-json\/wp\/v2\/types\/page"}],"author":[{"embeddable":true,"href":"https:\/\/agora.xtec.cat\/ceip-lalio\/wp-json\/wp\/v2\/users\/2"}],"replies":[{"embeddable":true,"href":"https:\/\/agora.xtec.cat\/ceip-lalio\/wp-json\/wp\/v2\/comments?post=1214"}],"version-history":[{"count":6,"href":"https:\/\/agora.xtec.cat\/ceip-lalio\/wp-json\/wp\/v2\/pages\/1214\/revisions"}],"predecessor-version":[{"id":20975,"href":"https:\/\/agora.xtec.cat\/ceip-lalio\/wp-json\/wp\/v2\/pages\/1214\/revisions\/20975"}],"wp:attachment":[{"href":"https:\/\/agora.xtec.cat\/ceip-lalio\/wp-json\/wp\/v2\/media?parent=1214"}],"curies":[{"name":"wp","href":"https:\/\/api.w.org\/{rel}","templated":true}]}}