{"id":1075,"date":"2018-11-28T16:14:53","date_gmt":"2018-11-28T15:14:53","guid":{"rendered":"http:\/\/agora.xtec.cat\/ceip-lalio\/?page_id=1075"},"modified":"2024-09-10T00:05:42","modified_gmt":"2024-09-09T22:05:42","slug":"serveis-de-lescola","status":"publish","type":"page","link":"https:\/\/agora.xtec.cat\/ceip-lalio\/serveis-de-lescola\/","title":{"rendered":"SERVEIS A LES FAM\u00cdLIES"},"content":{"rendered":"<p>Vols con\u00e8ixer quin \u00e9s el men\u00fa que s&#8217;ha cuinat avui a l&#8217;escola? Qu\u00e8 menjaran dem\u00e0 els infants?<\/p>\n<p>T&#8217;interessa deixar els teus fills\/es al servei d&#8217;acolliment matinal i necessites m\u00e9s informaci\u00f3?<\/p>\n<p>O b\u00e9 vols saber quines activitats extraescolars es fan a l&#8217;escola La Li\u00f3?<\/p>\n<p>Navega per aquest espai i tindr\u00e0s respostes a totes les preguntes<\/p>\n","protected":false},"excerpt":{"rendered":"<p>Vols con\u00e8ixer quin \u00e9s el men\u00fa que s&#8217;ha cuinat avui a l&#8217;escola? Qu\u00e8 menjaran dem\u00e0 els infants?<br \/>\nT&#8217;interessa deixar els teus fills\/es al servei d&#8217;acolliment matinal i necessites m\u00e9s informaci\u00f3?<br \/>\nO b\u00e9 vols saber quines activitats extraescolars es fan a l&#8217;escola La Li\u00f3?<br \/>\nNavega per aquest espai i&hellip;  <a href=\"https:\/\/agora.xtec.cat\/ceip-lalio\/serveis-de-lescola\/\" title=\"Read SERVEIS A LES FAM\u00cdLIES\">Llegeix m\u00e9s\u00bb<\/a><\/p>\n","protected":false},"author":1,"featured_media":0,"parent":0,"menu_order":0,"comment_status":"closed","ping_status":"closed","template":"page-templates\/side-menu.php","meta":{"_bbp_topic_count":0,"_bbp_reply_count":0,"_bbp_total_topic_count":0,"_bbp_total_reply_count":0,"_bbp_voice_count":0,"_bbp_anonymous_reply_count":0,"_bbp_topic_count_hidden":0,"_bbp_reply_count_hidden":0,"_bbp_forum_subforum_count":0,"footnotes":""},"class_list":["post-1075","page","type-page","status-publish","hentry"],"post_mailing_queue_ids":[],"_links":{"self":[{"href":"https:\/\/agora.xtec.cat\/ceip-lalio\/wp-json\/wp\/v2\/pages\/1075","targetHints":{"allow":["GET"]}}],"collection":[{"href":"https:\/\/agora.xtec.cat\/ceip-lalio\/wp-json\/wp\/v2\/pages"}],"about":[{"href":"https:\/\/agora.xtec.cat\/ceip-lalio\/wp-json\/wp\/v2\/types\/page"}],"author":[{"embeddable":true,"href":"https:\/\/agora.xtec.cat\/ceip-lalio\/wp-json\/wp\/v2\/users\/1"}],"replies":[{"embeddable":true,"href":"https:\/\/agora.xtec.cat\/ceip-lalio\/wp-json\/wp\/v2\/comments?post=1075"}],"version-history":[{"count":3,"href":"https:\/\/agora.xtec.cat\/ceip-lalio\/wp-json\/wp\/v2\/pages\/1075\/revisions"}],"predecessor-version":[{"id":17728,"href":"https:\/\/agora.xtec.cat\/ceip-lalio\/wp-json\/wp\/v2\/pages\/1075\/revisions\/17728"}],"wp:attachment":[{"href":"https:\/\/agora.xtec.cat\/ceip-lalio\/wp-json\/wp\/v2\/media?parent=1075"}],"curies":[{"name":"wp","href":"https:\/\/api.w.org\/{rel}","templated":true}]}}