{"id":3211,"date":"2019-01-29T10:30:46","date_gmt":"2019-01-29T09:30:46","guid":{"rendered":"http:\/\/agora.xtec.cat\/ceip-laginesta-vallirana\/?page_id=3211"},"modified":"2026-04-15T17:51:13","modified_gmt":"2026-04-15T15:51:13","slug":"preinscripcio-i-matricula","status":"publish","type":"page","link":"https:\/\/agora.xtec.cat\/ceip-laginesta-vallirana\/preinscripcio-i-matricula\/","title":{"rendered":"Preinscripci\u00f3 2026-2027"},"content":{"rendered":"\n<figure class=\"wp-block-image size-large\"><a href=\"https:\/\/agora.xtec.cat\/ceip-laginesta-vallirana\/wp-content\/uploads\/usu263\/2026\/03\/Preinscripcio_baners_Web_educacio__Preinscripcio_web_educacio_1900x372_3imatges.jpg\"><img loading=\"lazy\" decoding=\"async\" width=\"1024\" height=\"200\" src=\"https:\/\/agora.xtec.cat\/ceip-laginesta-vallirana\/wp-content\/uploads\/usu263\/2026\/03\/Preinscripcio_baners_Web_educacio__Preinscripcio_web_educacio_1900x372_3imatges-1024x200.jpg\" alt=\"\" class=\"wp-image-17054\" srcset=\"https:\/\/agora.xtec.cat\/ceip-laginesta-vallirana\/wp-content\/uploads\/usu263\/2026\/03\/Preinscripcio_baners_Web_educacio__Preinscripcio_web_educacio_1900x372_3imatges-1024x200.jpg 1024w, https:\/\/agora.xtec.cat\/ceip-laginesta-vallirana\/wp-content\/uploads\/usu263\/2026\/03\/Preinscripcio_baners_Web_educacio__Preinscripcio_web_educacio_1900x372_3imatges-300x59.jpg 300w, https:\/\/agora.xtec.cat\/ceip-laginesta-vallirana\/wp-content\/uploads\/usu263\/2026\/03\/Preinscripcio_baners_Web_educacio__Preinscripcio_web_educacio_1900x372_3imatges-768x150.jpg 768w, https:\/\/agora.xtec.cat\/ceip-laginesta-vallirana\/wp-content\/uploads\/usu263\/2026\/03\/Preinscripcio_baners_Web_educacio__Preinscripcio_web_educacio_1900x372_3imatges-1536x301.jpg 1536w, https:\/\/agora.xtec.cat\/ceip-laginesta-vallirana\/wp-content\/uploads\/usu263\/2026\/03\/Preinscripcio_baners_Web_educacio__Preinscripcio_web_educacio_1900x372_3imatges.jpg 1900w\" sizes=\"auto, (max-width: 1024px) 100vw, 1024px\" \/><\/a><\/figure>\n\n\n\n<figure class=\"wp-block-table is-style-regular\"><table><thead><tr><th>Fases del proc\u00e9s<\/th><th>Dates<\/th><th>Acc\u00e9s als llistats o documents<\/th><th>Estat<\/th><\/tr><\/thead><tbody><tr><td>Publicaci\u00f3 de l\u2019oferta inicial<\/td><td>3 de mar\u00e7<\/td><td><h6><strong><a href=\"https:\/\/drive.google.com\/file\/d\/1_DOkxx0gtxGOBVFiRI1DVvhLVQgPlAVt\/view?usp=sharing\">PUBLICACI\u00d3 OFERTA PROVISIONAL<\/a><\/strong><\/h6><\/td><td><strong>Publicat<\/strong><\/td><\/tr><tr><td>Publicaci\u00f3 de&nbsp;la&nbsp;llista de sol\u00b7licituds amb la puntuaci\u00f3 provisional<\/td><td>15 d\u2019abril<\/td><td><h6><strong><a href=\"https:\/\/drive.google.com\/file\/d\/16bsMgI7snhxSSsvsdgDzmuj5rSm0kGHs\/view?usp=sharing\" data-type=\"link\" data-id=\"https:\/\/drive.google.com\/file\/d\/16bsMgI7snhxSSsvsdgDzmuj5rSm0kGHs\/view?usp=sharing\">LLISTATS BAREM PROVISIONAL<\/a><\/strong><\/h6><\/td><td><strong>Publicat<\/strong><\/td><\/tr><tr><td>Presentaci\u00f3 de reclamacions&nbsp;a la llista amb la puntuaci\u00f3&nbsp;provisional&nbsp;<\/td><td>Del 15 al 20 d\u2019abril<\/td><td><h6><strong><a href=\"https:\/\/drive.google.com\/file\/d\/19ivtKTtpojOHvcC4NKOpn405fZNo6L7W\/view?usp=sharing\">MODEL DE RECLAMACI\u00d3<\/a><\/strong><\/h6><\/td><td>Si no est\u00e0s d&#8217;acord amb la puntuaci\u00f3 provisional, o detectes alguna errada o anomalia, pots presentar una reclamaci\u00f3. Trobar\u00e0s l&#8217;enlla\u00e7 per presentar-la al peu de la consulta individual de resultats.<\/td><\/tr><tr><td>Publicaci\u00f3 de&nbsp;la llista&nbsp;amb&nbsp;la puntuaci\u00f3, resoltes&nbsp;les reclamacions&nbsp;<\/td><td>23 d&#8217;abril<\/td><td><h6><strong>LLISTATS BAREM DEFINITIU<\/strong><\/h6><\/td><td><strong><strong>Pendent de publicaci\u00f3<\/strong><\/strong><\/td><\/tr><tr><td>Publicaci\u00f3 de la llista ordenada<\/td><td>29 d&#8217;abril<\/td><td><strong>LLISTATS ORDENADES DEFINITIVES<\/strong><\/td><td><strong><strong>Pendent de publicaci\u00f3<\/strong><\/strong><\/td><\/tr><tr><td>Publicaci\u00f3 de l\u2019oferta final<\/td><td>10 de juny<\/td><td><strong>OFERTA DEFINITIVA<\/strong><\/td><td><strong><strong>Pendent de publicaci\u00f3<\/strong><\/strong><\/td><\/tr><tr><td>Publicaci\u00f3 de&nbsp;la llista d\u2019admesos&nbsp;i&nbsp;la&nbsp;llista d\u2019espera&nbsp;<\/td><td>10 de juny<\/td><td><strong>PREINSCRITS AL CENTRE<\/strong> <p><strong>LLISTA D&#8217;ESPERA<\/strong><\/p><\/td><td><strong><strong>Pendent de publicaci\u00f3<\/strong><\/strong><\/td><\/tr><tr><td>PER\u00cdODE DE MATR\u00cdCULA<\/td><td>Del 22 al 30 de juny<\/td><td><strong>&nbsp;CITA PR\u00c8VIA<\/strong>\n<p><strong>Podeu trucar al 93.683.21.68 o enviar un correu electr\u00f2nic al centre (a8053522@xtec.cat) i demanar dia i hora.<\/strong><\/p>\n<\/td><\/tr><\/tbody><\/table><\/figure>\n\n\n\n<h4 class=\"wp-block-heading\"><a href=\"https:\/\/preinscripcio.gencat.cat\/ca\/inici\/\"><strong>INFORMACI\u00d3 DEPARTAMENT EDUCACI\u00d3: PREINSCRIPCI\u00d3 2026-2027<\/strong><\/a><\/h4>\n\n\n\n<p>&nbsp;<\/p>\n","protected":false},"excerpt":{"rendered":"<p>Fases del proc\u00e9s Dates Acc\u00e9s als llistats o documents Estat Publicaci\u00f3 de l\u2019oferta inicial 3 de mar\u00e7 PUBLICACI\u00d3 OFERTA PROVISIONAL Publicat Publicaci\u00f3 de&nbsp;la&nbsp;llista de sol\u00b7licituds amb la puntuaci\u00f3 provisional 15 d\u2019abril LLISTATS BAREM PROVISIONAL Publicat Presentaci\u00f3 de reclamacions&nbsp;a la llista amb la puntuaci\u00f3&nbsp;provisional&nbsp; Del 15 al 20 d\u2019abril MODEL DE RECLAMACI\u00d3 Si no est\u00e0s d&#8217;acord [&hellip;]<\/p>\n","protected":false},"author":33,"featured_media":0,"parent":0,"menu_order":30,"comment_status":"closed","ping_status":"closed","template":"","meta":{"_bbp_topic_count":0,"_bbp_reply_count":0,"_bbp_total_topic_count":0,"_bbp_total_reply_count":0,"_bbp_voice_count":0,"_bbp_anonymous_reply_count":0,"_bbp_topic_count_hidden":0,"_bbp_reply_count_hidden":0,"_bbp_forum_subforum_count":0,"site-sidebar-layout":"no-sidebar","site-content-layout":"","ast-site-content-layout":"normal-width-container","site-content-style":"unboxed","site-sidebar-style":"default","ast-global-header-display":"","ast-banner-title-visibility":"","ast-main-header-display":"","ast-hfb-above-header-display":"","ast-hfb-below-header-display":"","ast-hfb-mobile-header-display":"","site-post-title":"","ast-breadcrumbs-content":"","ast-featured-img":"","footer-sml-layout":"","theme-transparent-header-meta":"","adv-header-id-meta":"","stick-header-meta":"","header-above-stick-meta":"","header-main-stick-meta":"","header-below-stick-meta":"","astra-migrate-meta-layouts":"set","ast-page-background-enabled":"default","ast-page-background-meta":{"desktop":{"background-color":"var(--ast-global-color-4)","background-image":"","background-repeat":"repeat","background-position":"center center","background-size":"auto","background-attachment":"scroll","background-type":"","background-media":"","overlay-type":"","overlay-color":"","overlay-opacity":"","overlay-gradient":""},"tablet":{"background-color":"","background-image":"","background-repeat":"repeat","background-position":"center center","background-size":"auto","background-attachment":"scroll","background-type":"","background-media":"","overlay-type":"","overlay-color":"","overlay-opacity":"","overlay-gradient":""},"mobile":{"background-color":"","background-image":"","background-repeat":"repeat","background-position":"center center","background-size":"auto","background-attachment":"scroll","background-type":"","background-media":"","overlay-type":"","overlay-color":"","overlay-opacity":"","overlay-gradient":""}},"ast-content-background-meta":{"desktop":{"background-color":"var(--ast-global-color-5)","background-image":"","background-repeat":"repeat","background-position":"center center","background-size":"auto","background-attachment":"scroll","background-type":"","background-media":"","overlay-type":"","overlay-color":"","overlay-opacity":"","overlay-gradient":""},"tablet":{"background-color":"var(--ast-global-color-5)","background-image":"","background-repeat":"repeat","background-position":"center center","background-size":"auto","background-attachment":"scroll","background-type":"","background-media":"","overlay-type":"","overlay-color":"","overlay-opacity":"","overlay-gradient":""},"mobile":{"background-color":"var(--ast-global-color-5)","background-image":"","background-repeat":"repeat","background-position":"center center","background-size":"auto","background-attachment":"scroll","background-type":"","background-media":"","overlay-type":"","overlay-color":"","overlay-opacity":"","overlay-gradient":""}},"footnotes":""},"class_list":["post-3211","page","type-page","status-publish","hentry"],"post_mailing_queue_ids":[],"_links":{"self":[{"href":"https:\/\/agora.xtec.cat\/ceip-laginesta-vallirana\/wp-json\/wp\/v2\/pages\/3211","targetHints":{"allow":["GET"]}}],"collection":[{"href":"https:\/\/agora.xtec.cat\/ceip-laginesta-vallirana\/wp-json\/wp\/v2\/pages"}],"about":[{"href":"https:\/\/agora.xtec.cat\/ceip-laginesta-vallirana\/wp-json\/wp\/v2\/types\/page"}],"author":[{"embeddable":true,"href":"https:\/\/agora.xtec.cat\/ceip-laginesta-vallirana\/wp-json\/wp\/v2\/users\/33"}],"replies":[{"embeddable":true,"href":"https:\/\/agora.xtec.cat\/ceip-laginesta-vallirana\/wp-json\/wp\/v2\/comments?post=3211"}],"version-history":[{"count":6,"href":"https:\/\/agora.xtec.cat\/ceip-laginesta-vallirana\/wp-json\/wp\/v2\/pages\/3211\/revisions"}],"predecessor-version":[{"id":17113,"href":"https:\/\/agora.xtec.cat\/ceip-laginesta-vallirana\/wp-json\/wp\/v2\/pages\/3211\/revisions\/17113"}],"wp:attachment":[{"href":"https:\/\/agora.xtec.cat\/ceip-laginesta-vallirana\/wp-json\/wp\/v2\/media?parent=3211"}],"curies":[{"name":"wp","href":"https:\/\/api.w.org\/{rel}","templated":true}]}}