{"id":3979,"date":"2026-05-05T15:09:50","date_gmt":"2026-05-05T13:09:50","guid":{"rendered":"https:\/\/agora.xtec.cat\/ceip-lafarga-salt\/?page_id=3979"},"modified":"2026-05-06T13:05:05","modified_gmt":"2026-05-06T11:05:05","slug":"menjador-escolar","status":"publish","type":"page","link":"https:\/\/agora.xtec.cat\/ceip-lafarga-salt\/serveis-2\/menjador-escolar\/","title":{"rendered":"Menjador escolar"},"content":{"rendered":"\n<p style=\"\">Consulta els men\u00fas del mes segons les diferents opcions aliment\u00e0ries disponibles.<\/p>\r\n<div style=\"display: grid; grid-template-columns: repeat(4,1fr); gap: 20px; text-align: center; align-items: stretch;\">\r\n    <div style=\"background: #fff; border-radius: 12px; padding: 10px; box-shadow: 0 2px 10px rgba(0,0,0,0.08);\">\r\n        <a href=\"https:\/\/drive.google.com\/file\/d\/191qLveCiYLmWk8p6HBXUKAtPt1b6VAcO\/preview\" target=\"_blank\" rel=\"noopener\">\r\n            <img decoding=\"async\" style=\"width: 100%; height: 220px; object-fit: cover; border-radius: 10px;\"\r\n                 src=\"https:\/\/drive.google.com\/thumbnail?id=191qLveCiYLmWk8p6HBXUKAtPt1b6VAcO&amp;sz=w400\" alt=\"\">\r\n        <\/a>\r\n        <h4>Men\u00fa maig<\/h4>\r\n    <\/div>\r\n    <div style=\"background: #fff; border-radius: 12px; padding: 10px; box-shadow: 0 2px 10px rgba(0,0,0,0.08);\">\r\n        <a href=\"https:\/\/drive.google.com\/file\/d\/1qgUFXn2E1aSXYz_gha1qDxGNfCBQqbUa\/preview\" target=\"_blank\" rel=\"noopener\">\r\n            <img decoding=\"async\" style=\"width: 100%; height: 220px; object-fit: cover; border-radius: 10px;\"\r\n                 src=\"https:\/\/drive.google.com\/thumbnail?id=1qgUFXn2E1aSXYz_gha1qDxGNfCBQqbUa&amp;sz=w400\" alt=\"\">\r\n        <\/a>\r\n        <h4>Men\u00fa halal<\/h4>\r\n    <\/div>\r\n    <div style=\"background: #fff; border-radius: 12px; padding: 10px; box-shadow: 0 2px 10px rgba(0,0,0,0.08);\">\r\n        <a href=\"https:\/\/drive.google.com\/file\/d\/1ZzTPuzZ1rCdgZOmL6ihUHJj4W2B7Y-1k\/preview\" target=\"_blank\" rel=\"noopener\">\r\n            <img decoding=\"async\" style=\"width: 100%; height: 220px; object-fit: cover; border-radius: 10px;\"\r\n                 src=\"https:\/\/drive.google.com\/thumbnail?id=1ZzTPuzZ1rCdgZOmL6ihUHJj4W2B7Y-1k&amp;sz=w400\" alt=\"\"><\/a>\r\n        <h4>Men\u00fa sense carn<\/h4>\r\n    <\/div>\r\n    <div style=\"background: #fff; border-radius: 12px; padding: 10px; box-shadow: 0 2px 10px rgba(0,0,0,0.08);\">\r\n        <a href=\"https:\/\/drive.google.com\/file\/d\/17XY3FWIz336dOg8jOx6G5urlTtZkgZgi\/preview\" target=\"_blank\" rel=\"noopener\">\r\n            <img decoding=\"async\" style=\"width: 100%; height: 220px; object-fit: cover; border-radius: 10px;\"\r\n                 src=\"https:\/\/drive.google.com\/thumbnail?id=17XY3FWIz336dOg8jOx6G5urlTtZkgZgi&amp;sz=w400\" alt=\"\"><\/a>\r\n        <h4>Men\u00fa ovol\u00e0ctic<\/h4>\r\n    <\/div>\r\n<\/div>\n\n\n\n<p><\/p>\n\n\n\n<h3 style=\"text-align:center;margin-bottom:20px;\">Documents del menjador<\/h3>\n\n<div style=\"display:grid;grid-template-columns:repeat(2,1fr);gap:20px;max-width:700px;margin:auto;\">\n\n  <!-- Document 1 -->\n  <a href=\"https:\/\/drive.google.com\/file\/d\/18ZyIcabazesYDlWfjTY-aKl2_w9tCJav\/preview\" target=\"_blank\" style=\"text-decoration:none;color:inherit;\">\n    <div style=\"background:#fff;border-radius:14px;overflow:hidden;box-shadow:0 4px 14px rgba(0,0,0,0.15);height:100%;display:flex;flex-direction:column;\">\n\n      <img decoding=\"async\" \n        src=\"https:\/\/drive.google.com\/thumbnail?id=18ZyIcabazesYDlWfjTY-aKl2_w9tCJav&#038;sz=w400\"\n        style=\"width:100%;height:220px;object-fit:cover;display:block;\">\n\n      <div style=\"padding:12px;text-align:center;margin-top:auto;\">\n        <strong>Pla de funcionament del menjador escolar<\/strong>\n      <\/div>\n\n    <\/div>\n  <\/a>\n\n  <!-- Document 2 -->\n  <a href=\"https:\/\/drive.google.com\/file\/d\/1CUWBNYZLinlNQmN3H8n2skzDw0lwi8By\/preview\" target=\"_blank\" style=\"text-decoration:none;color:inherit;\">\n    <div style=\"background:#fff;border-radius:14px;overflow:hidden;box-shadow:0 4px 14px rgba(0,0,0,0.15);height:100%;display:flex;flex-direction:column;\">\n\n      <img decoding=\"async\" \n        src=\"https:\/\/drive.google.com\/thumbnail?id=1CUWBNYZLinlNQmN3H8n2skzDw0lwi8By&#038;sz=w400\"\n        style=\"width:100%;height:220px;object-fit:cover;display:block;\">\n\n      <div style=\"padding:12px;text-align:center;margin-top:auto;\">\n        <strong>Normativa CC Giron\u00e8s<\/strong>\n      <\/div>\n\n    <\/div>\n  <\/a>\n\n<\/div>\n\n\n\n<p><\/p>\n","protected":false},"excerpt":{"rendered":"<p>Consulta els men\u00fas del mes segons les diferents opcions aliment\u00e0ries disponibles. Men\u00fa maig Men\u00fa halal Men\u00fa sense carn Men\u00fa ovol\u00e0ctic Documents del menjador Pla de funcionament del menjador escolar Normativa CC Giron\u00e8s<\/p>\n","protected":false},"author":1,"featured_media":0,"parent":596,"menu_order":0,"comment_status":"closed","ping_status":"closed","template":"","meta":{"site-sidebar-layout":"default","site-content-layout":"","ast-site-content-layout":"default","site-content-style":"default","site-sidebar-style":"default","ast-global-header-display":"","ast-banner-title-visibility":"","ast-main-header-display":"","ast-hfb-above-header-display":"","ast-hfb-below-header-display":"","ast-hfb-mobile-header-display":"","site-post-title":"","ast-breadcrumbs-content":"","ast-featured-img":"","footer-sml-layout":"","theme-transparent-header-meta":"default","adv-header-id-meta":"","stick-header-meta":"","header-above-stick-meta":"","header-main-stick-meta":"","header-below-stick-meta":"","astra-migrate-meta-layouts":"set","ast-page-background-enabled":"default","ast-page-background-meta":{"desktop":{"background-color":"var(--ast-global-color-4)","background-image":"","background-repeat":"repeat","background-position":"center center","background-size":"auto","background-attachment":"scroll","background-type":"","background-media":"","overlay-type":"","overlay-color":"","overlay-opacity":"","overlay-gradient":""},"tablet":{"background-color":"","background-image":"","background-repeat":"repeat","background-position":"center center","background-size":"auto","background-attachment":"scroll","background-type":"","background-media":"","overlay-type":"","overlay-color":"","overlay-opacity":"","overlay-gradient":""},"mobile":{"background-color":"","background-image":"","background-repeat":"repeat","background-position":"center center","background-size":"auto","background-attachment":"scroll","background-type":"","background-media":"","overlay-type":"","overlay-color":"","overlay-opacity":"","overlay-gradient":""}},"ast-content-background-meta":{"desktop":{"background-color":"var(--ast-global-color-5)","background-image":"","background-repeat":"repeat","background-position":"center center","background-size":"auto","background-attachment":"scroll","background-type":"","background-media":"","overlay-type":"","overlay-color":"","overlay-opacity":"","overlay-gradient":""},"tablet":{"background-color":"var(--ast-global-color-5)","background-image":"","background-repeat":"repeat","background-position":"center center","background-size":"auto","background-attachment":"scroll","background-type":"","background-media":"","overlay-type":"","overlay-color":"","overlay-opacity":"","overlay-gradient":""},"mobile":{"background-color":"var(--ast-global-color-5)","background-image":"","background-repeat":"repeat","background-position":"center center","background-size":"auto","background-attachment":"scroll","background-type":"","background-media":"","overlay-type":"","overlay-color":"","overlay-opacity":"","overlay-gradient":""}},"footnotes":""},"class_list":["post-3979","page","type-page","status-publish","hentry"],"post_mailing_queue_ids":[],"_links":{"self":[{"href":"https:\/\/agora.xtec.cat\/ceip-lafarga-salt\/wp-json\/wp\/v2\/pages\/3979","targetHints":{"allow":["GET"]}}],"collection":[{"href":"https:\/\/agora.xtec.cat\/ceip-lafarga-salt\/wp-json\/wp\/v2\/pages"}],"about":[{"href":"https:\/\/agora.xtec.cat\/ceip-lafarga-salt\/wp-json\/wp\/v2\/types\/page"}],"author":[{"embeddable":true,"href":"https:\/\/agora.xtec.cat\/ceip-lafarga-salt\/wp-json\/wp\/v2\/users\/1"}],"replies":[{"embeddable":true,"href":"https:\/\/agora.xtec.cat\/ceip-lafarga-salt\/wp-json\/wp\/v2\/comments?post=3979"}],"version-history":[{"count":3,"href":"https:\/\/agora.xtec.cat\/ceip-lafarga-salt\/wp-json\/wp\/v2\/pages\/3979\/revisions"}],"predecessor-version":[{"id":3996,"href":"https:\/\/agora.xtec.cat\/ceip-lafarga-salt\/wp-json\/wp\/v2\/pages\/3979\/revisions\/3996"}],"up":[{"embeddable":true,"href":"https:\/\/agora.xtec.cat\/ceip-lafarga-salt\/wp-json\/wp\/v2\/pages\/596"}],"wp:attachment":[{"href":"https:\/\/agora.xtec.cat\/ceip-lafarga-salt\/wp-json\/wp\/v2\/media?parent=3979"}],"curies":[{"name":"wp","href":"https:\/\/api.w.org\/{rel}","templated":true}]}}