{"id":1725,"date":"2022-09-13T16:54:08","date_gmt":"2022-09-13T14:54:08","guid":{"rendered":"https:\/\/agora.xtec.cat\/ceip-lafarga-salt\/?page_id=1725"},"modified":"2022-09-15T14:36:21","modified_gmt":"2022-09-15T12:36:21","slug":"la-farga-50-anys","status":"publish","type":"page","link":"https:\/\/agora.xtec.cat\/ceip-lafarga-salt\/la-farga-50-anys\/","title":{"rendered":"La Farga, 50 anys!"},"content":{"rendered":"<p style=\"text-align: justify;\"><b>L\u2019Action Painting i el Drip Painting<\/b><span style=\"font-weight: 400;\"> utilitzen l\u2019acci\u00f3 de pintar amb la for\u00e7a i el moviment del cos (en oposici\u00f3 a la pintura delicada i suau), on es reflecteix la velocitat, l\u2019energia i el moviment.<\/span><\/p>\n<p style=\"text-align: justify;\"><span style=\"font-weight: 400;\">A l\u2019escola els hem utilitzat per crear un mural que ha servit de tret de sortida per la celebraci\u00f3 dels 50 anys que fem aquest curs 2022-2023. Al final hi trobareu enlla\u00e7os per veure com hem treballat cada artista.<\/span><\/p>\n<p style=\"text-align: justify;\"><span style=\"font-weight: 400;\">Esperem que us agradi!<\/span><\/p>\n<p><a href=\"https:\/\/agora.xtec.cat\/ceip-lafarga-salt\/info-mural\/\"><img loading=\"lazy\" decoding=\"async\" class=\"aligncenter size-large wp-image-1755\" src=\"https:\/\/agora.xtec.cat\/ceip-lafarga-salt\/wp-content\/uploads\/usu1830\/2022\/09\/INFO-MURAL-523x1024.jpg\" alt=\"\" width=\"523\" height=\"1024\" srcset=\"https:\/\/agora.xtec.cat\/ceip-lafarga-salt\/wp-content\/uploads\/usu1830\/2022\/09\/INFO-MURAL-523x1024.jpg 523w, https:\/\/agora.xtec.cat\/ceip-lafarga-salt\/wp-content\/uploads\/usu1830\/2022\/09\/INFO-MURAL-153x300.jpg 153w, https:\/\/agora.xtec.cat\/ceip-lafarga-salt\/wp-content\/uploads\/usu1830\/2022\/09\/INFO-MURAL-768x1504.jpg 768w, https:\/\/agora.xtec.cat\/ceip-lafarga-salt\/wp-content\/uploads\/usu1830\/2022\/09\/INFO-MURAL-784x1536.jpg 784w, https:\/\/agora.xtec.cat\/ceip-lafarga-salt\/wp-content\/uploads\/usu1830\/2022\/09\/INFO-MURAL.jpg 799w\" sizes=\"auto, (max-width: 523px) 100vw, 523px\" \/><\/a><\/p>\n<p><a class=\"button small\" style=\"padding: 1em; font-weight: 400; margin: 0.1em; color: white !important; background-color: #ffa00c;\" href=\"https:\/\/photos.app.goo.gl\/PoQNf4ncmpjFYXL16\" target=\"_blank\" rel=\"noopener noreferrer\">#1 EDUCACI\u00d3 INFANTIL<\/a> <a class=\"button small\" style=\"padding: 1em; font-weight: 400; margin: 0.1em; color: white !important; background-color: #ffa00c;\" href=\"https:\/\/photos.app.goo.gl\/Frbx98jiW4QDpx3P7\" target=\"_blank\" rel=\"noopener noreferrer\">#2 CICLE INICIAL<\/a> <a class=\"button small\" style=\"padding: 1em; font-weight: 400; margin: 0.1em; color: white !important; background-color: #ffa00c;\" href=\"https:\/\/photos.app.goo.gl\/b9YVkhMqirPVUDqw8\" target=\"_blank\" rel=\"noopener noreferrer\">#3 CICLE MITJ\u00c0<\/a> <a class=\"button small\" style=\"padding: 1em; font-weight: 400; margin: 0.1em; color: white !important; background-color: #ffa00c;\" href=\"https:\/\/photos.app.goo.gl\/3kFuaRmiEQYJCG75A\" target=\"_blank\" rel=\"noopener noreferrer\">#4 CICLE SUPERIOR<\/a><\/p>\n<div style=\"width: 100%; height: 0; padding-bottom: 100%; position: relative;\"><iframe loading=\"lazy\" class=\"giphy-embed\" style=\"position: absolute;\" src=\"https:\/\/giphy.com\/embed\/TiroX8dZ1RSVvciB6D\" width=\"15%\" height=\"15%\" frameborder=\"0\" allowfullscreen=\"allowfullscreen\"><\/iframe><\/div>\n<p><a href=\"https:\/\/giphy.com\/gifs\/arrow-line-arrows-TiroX8dZ1RSVvciB6D\">via GIPHY<\/a><\/p>\n","protected":false},"excerpt":{"rendered":"<p>L\u2019Action Painting i el Drip Painting utilitzen l\u2019acci\u00f3 de pintar amb la for\u00e7a i el moviment del cos (en oposici\u00f3 [&hellip;]<\/p>\n","protected":false},"author":1,"featured_media":0,"parent":0,"menu_order":0,"comment_status":"closed","ping_status":"closed","template":"","meta":{"_bbp_topic_count":0,"_bbp_reply_count":0,"_bbp_total_topic_count":0,"_bbp_total_reply_count":0,"_bbp_voice_count":0,"_bbp_anonymous_reply_count":0,"_bbp_topic_count_hidden":0,"_bbp_reply_count_hidden":0,"_bbp_forum_subforum_count":0,"site-sidebar-layout":"default","site-content-layout":"","ast-site-content-layout":"","site-content-style":"default","site-sidebar-style":"default","ast-global-header-display":"","ast-banner-title-visibility":"","ast-main-header-display":"","ast-hfb-above-header-display":"","ast-hfb-below-header-display":"","ast-hfb-mobile-header-display":"","site-post-title":"","ast-breadcrumbs-content":"","ast-featured-img":"","footer-sml-layout":"","theme-transparent-header-meta":"","adv-header-id-meta":"","stick-header-meta":"","header-above-stick-meta":"","header-main-stick-meta":"","header-below-stick-meta":"","astra-migrate-meta-layouts":"default","ast-page-background-enabled":"default","ast-page-background-meta":{"desktop":{"background-color":"var(--ast-global-color-4)","background-image":"","background-repeat":"repeat","background-position":"center center","background-size":"auto","background-attachment":"scroll","background-type":"","background-media":"","overlay-type":"","overlay-color":"","overlay-opacity":"","overlay-gradient":""},"tablet":{"background-color":"","background-image":"","background-repeat":"repeat","background-position":"center center","background-size":"auto","background-attachment":"scroll","background-type":"","background-media":"","overlay-type":"","overlay-color":"","overlay-opacity":"","overlay-gradient":""},"mobile":{"background-color":"","background-image":"","background-repeat":"repeat","background-position":"center center","background-size":"auto","background-attachment":"scroll","background-type":"","background-media":"","overlay-type":"","overlay-color":"","overlay-opacity":"","overlay-gradient":""}},"ast-content-background-meta":{"desktop":{"background-color":"var(--ast-global-color-5)","background-image":"","background-repeat":"repeat","background-position":"center center","background-size":"auto","background-attachment":"scroll","background-type":"","background-media":"","overlay-type":"","overlay-color":"","overlay-opacity":"","overlay-gradient":""},"tablet":{"background-color":"var(--ast-global-color-5)","background-image":"","background-repeat":"repeat","background-position":"center center","background-size":"auto","background-attachment":"scroll","background-type":"","background-media":"","overlay-type":"","overlay-color":"","overlay-opacity":"","overlay-gradient":""},"mobile":{"background-color":"var(--ast-global-color-5)","background-image":"","background-repeat":"repeat","background-position":"center center","background-size":"auto","background-attachment":"scroll","background-type":"","background-media":"","overlay-type":"","overlay-color":"","overlay-opacity":"","overlay-gradient":""}},"footnotes":""},"class_list":["post-1725","page","type-page","status-publish","hentry"],"post_mailing_queue_ids":[],"_links":{"self":[{"href":"https:\/\/agora.xtec.cat\/ceip-lafarga-salt\/wp-json\/wp\/v2\/pages\/1725","targetHints":{"allow":["GET"]}}],"collection":[{"href":"https:\/\/agora.xtec.cat\/ceip-lafarga-salt\/wp-json\/wp\/v2\/pages"}],"about":[{"href":"https:\/\/agora.xtec.cat\/ceip-lafarga-salt\/wp-json\/wp\/v2\/types\/page"}],"author":[{"embeddable":true,"href":"https:\/\/agora.xtec.cat\/ceip-lafarga-salt\/wp-json\/wp\/v2\/users\/1"}],"replies":[{"embeddable":true,"href":"https:\/\/agora.xtec.cat\/ceip-lafarga-salt\/wp-json\/wp\/v2\/comments?post=1725"}],"version-history":[{"count":3,"href":"https:\/\/agora.xtec.cat\/ceip-lafarga-salt\/wp-json\/wp\/v2\/pages\/1725\/revisions"}],"predecessor-version":[{"id":1785,"href":"https:\/\/agora.xtec.cat\/ceip-lafarga-salt\/wp-json\/wp\/v2\/pages\/1725\/revisions\/1785"}],"wp:attachment":[{"href":"https:\/\/agora.xtec.cat\/ceip-lafarga-salt\/wp-json\/wp\/v2\/media?parent=1725"}],"curies":[{"name":"wp","href":"https:\/\/api.w.org\/{rel}","templated":true}]}}