{"id":26,"date":"2014-09-18T12:24:32","date_gmt":"2014-09-18T10:24:32","guid":{"rendered":"http:\/\/agora.xtec.cat\/ceip-la-vall-del-terri\/?page_id=26"},"modified":"2025-07-11T18:46:21","modified_gmt":"2025-07-11T16:46:21","slug":"historia","status":"publish","type":"page","link":"https:\/\/agora.xtec.cat\/ceip-la-vall-del-terri\/lescola\/historia\/","title":{"rendered":"Qui som"},"content":{"rendered":"<p>L&#8217;escola La Vall del Terri \u00e9s una escola p\u00fablica que est\u00e0 ubicada al municipi de Cornell\u00e0 del Terri,\u00a0 a la comarca del Pla de l\u2019Estany.<\/p>\n<p>El nombre d&#8217;alumnes que assisteixen actualment a l&#8217;escola s\u00f3n uns 230, provinents del propi poble o dels pobles que formen part del municipi.<\/p>\n<p>Els nivells educatius que s\u2019ofereixen al centre s\u00f3n Educaci\u00f3 Infantil (3 a 6 anys) i Educaci\u00f3 Prim\u00e0ria (6 a 12 anys). El centre s\u2019estructura en una o dues l\u00ednies educatives, segons curs, de I3 a 6\u00e8, amb un total de 13 aules\/tutories (4 a Infantil i 9 a Prim\u00e0ria).<\/p>\n<p>L\u2019escola disposa de servei d&#8217;acollida matinal, transport i menjador escolar (gestionat per l&#8217;AFA).<\/p>\n","protected":false},"excerpt":{"rendered":"<p>L&#8217;escola La Vall del Terri \u00e9s una escola p\u00fablica que est\u00e0 ubicada al municipi de Cornell\u00e0 del Terri,\u00a0 a la comarca del Pla de l\u2019Estany. El nombre d&#8217;alumnes que assisteixen actualment a l&#8217;escola s\u00f3n uns 230, provinents del propi poble o dels pobles que formen part del municipi. Els nivells educatius que s\u2019ofereixen al centre [&hellip;]<\/p>\n","protected":false},"author":1,"featured_media":0,"parent":22,"menu_order":10,"comment_status":"closed","ping_status":"closed","template":"","meta":{"_bbp_topic_count":0,"_bbp_reply_count":0,"_bbp_total_topic_count":0,"_bbp_total_reply_count":0,"_bbp_voice_count":0,"_bbp_anonymous_reply_count":0,"_bbp_topic_count_hidden":0,"_bbp_reply_count_hidden":0,"_bbp_forum_subforum_count":0,"site-sidebar-layout":"default","site-content-layout":"","ast-site-content-layout":"default","site-content-style":"default","site-sidebar-style":"default","ast-global-header-display":"","ast-banner-title-visibility":"","ast-main-header-display":"","ast-hfb-above-header-display":"","ast-hfb-below-header-display":"","ast-hfb-mobile-header-display":"","site-post-title":"","ast-breadcrumbs-content":"","ast-featured-img":"","footer-sml-layout":"","theme-transparent-header-meta":"","adv-header-id-meta":"","stick-header-meta":"","header-above-stick-meta":"","header-main-stick-meta":"","header-below-stick-meta":"","astra-migrate-meta-layouts":"set","ast-page-background-enabled":"default","ast-page-background-meta":{"desktop":{"background-color":"var(--ast-global-color-4)","background-image":"","background-repeat":"repeat","background-position":"center center","background-size":"auto","background-attachment":"scroll","background-type":"","background-media":"","overlay-type":"","overlay-color":"","overlay-opacity":"","overlay-gradient":""},"tablet":{"background-color":"","background-image":"","background-repeat":"repeat","background-position":"center center","background-size":"auto","background-attachment":"scroll","background-type":"","background-media":"","overlay-type":"","overlay-color":"","overlay-opacity":"","overlay-gradient":""},"mobile":{"background-color":"","background-image":"","background-repeat":"repeat","background-position":"center center","background-size":"auto","background-attachment":"scroll","background-type":"","background-media":"","overlay-type":"","overlay-color":"","overlay-opacity":"","overlay-gradient":""}},"ast-content-background-meta":{"desktop":{"background-color":"var(--ast-global-color-5)","background-image":"","background-repeat":"repeat","background-position":"center center","background-size":"auto","background-attachment":"scroll","background-type":"","background-media":"","overlay-type":"","overlay-color":"","overlay-opacity":"","overlay-gradient":""},"tablet":{"background-color":"var(--ast-global-color-5)","background-image":"","background-repeat":"repeat","background-position":"center center","background-size":"auto","background-attachment":"scroll","background-type":"","background-media":"","overlay-type":"","overlay-color":"","overlay-opacity":"","overlay-gradient":""},"mobile":{"background-color":"var(--ast-global-color-5)","background-image":"","background-repeat":"repeat","background-position":"center center","background-size":"auto","background-attachment":"scroll","background-type":"","background-media":"","overlay-type":"","overlay-color":"","overlay-opacity":"","overlay-gradient":""}},"footnotes":""},"class_list":["post-26","page","type-page","status-publish","hentry"],"post_mailing_queue_ids":[],"_links":{"self":[{"href":"https:\/\/agora.xtec.cat\/ceip-la-vall-del-terri\/wp-json\/wp\/v2\/pages\/26","targetHints":{"allow":["GET"]}}],"collection":[{"href":"https:\/\/agora.xtec.cat\/ceip-la-vall-del-terri\/wp-json\/wp\/v2\/pages"}],"about":[{"href":"https:\/\/agora.xtec.cat\/ceip-la-vall-del-terri\/wp-json\/wp\/v2\/types\/page"}],"author":[{"embeddable":true,"href":"https:\/\/agora.xtec.cat\/ceip-la-vall-del-terri\/wp-json\/wp\/v2\/users\/1"}],"replies":[{"embeddable":true,"href":"https:\/\/agora.xtec.cat\/ceip-la-vall-del-terri\/wp-json\/wp\/v2\/comments?post=26"}],"version-history":[{"count":5,"href":"https:\/\/agora.xtec.cat\/ceip-la-vall-del-terri\/wp-json\/wp\/v2\/pages\/26\/revisions"}],"predecessor-version":[{"id":5832,"href":"https:\/\/agora.xtec.cat\/ceip-la-vall-del-terri\/wp-json\/wp\/v2\/pages\/26\/revisions\/5832"}],"up":[{"embeddable":true,"href":"https:\/\/agora.xtec.cat\/ceip-la-vall-del-terri\/wp-json\/wp\/v2\/pages\/22"}],"wp:attachment":[{"href":"https:\/\/agora.xtec.cat\/ceip-la-vall-del-terri\/wp-json\/wp\/v2\/media?parent=26"}],"curies":[{"name":"wp","href":"https:\/\/api.w.org\/{rel}","templated":true}]}}