{"id":3729,"date":"2022-09-12T12:25:38","date_gmt":"2022-09-12T10:25:38","guid":{"rendered":"https:\/\/agora.xtec.cat\/ceip-la-torre\/?page_id=3729"},"modified":"2023-11-09T13:25:38","modified_gmt":"2023-11-09T12:25:38","slug":"estrategia-digital-de-centre-edc","status":"publish","type":"page","link":"https:\/\/agora.xtec.cat\/ceip-la-torre\/estrategia-digital-de-centre-edc\/","title":{"rendered":"Estrat\u00e8gia Digital de Centre (EDC)"},"content":{"rendered":"<p dir=\"ltr\">L&#8217;Estrat\u00e8gia Digital de Centre (EDC) \u00e9s el document que recull les accions que es realitzen a la nostra escola per aconseguir la compet\u00e8ncia digital de l\u2019alumnat, del professorat, de les fam\u00edlies i del centre educatiu.<\/p>\n<p dir=\"ltr\">L\u2019Estrat\u00e8gia Digital de Centre t\u00e9 com a referent el Pla d\u2019Educaci\u00f3 Digital de Catalunya (PEDC), on s\u2019indica la necessitat d\u2019assolir la fita d\u2019una societat digitalment competent, fent \u00e8mfasi en l\u2019equitat i tenint en compte l\u2019evoluci\u00f3 del context social i tecnol\u00f2gic.<\/p>\n<p><iframe loading=\"lazy\" title=\"Estrat\u00e8gia digital de centre\" width=\"500\" height=\"281\" src=\"https:\/\/www.youtube.com\/embed\/uS5UUZIYLPQ?feature=oembed\" frameborder=\"0\" allow=\"accelerometer; autoplay; clipboard-write; encrypted-media; gyroscope; picture-in-picture; web-share\" referrerpolicy=\"strict-origin-when-cross-origin\" allowfullscreen><\/iframe><\/p>\n<p dir=\"ltr\">Aquest curs, estem desenvolupant la nostra EDC.<\/p>\n<p dir=\"ltr\">Les fases que seguirem per elaborar l&#8217;EDC:<\/p>\n<ul>\n<li class=\"TYR86d wXCUfe zfr3Q\" dir=\"ltr\">\n<p class=\"CDt4Ke zfr3Q\" dir=\"ltr\">La diagnosi (juny 2022) ens aporta les dades necess\u00e0ries per avaluar el grau de maduresa digital en els diferents \u00e0mbits.<\/p>\n<\/li>\n<li class=\"TYR86d wXCUfe zfr3Q\" dir=\"ltr\">\n<p class=\"CDt4Ke zfr3Q\" dir=\"ltr\">Els objectius ens marquen el cam\u00ed a seguir en la millora de la compet\u00e8ncia digital.<\/p>\n<\/li>\n<li class=\"TYR86d wXCUfe zfr3Q\" dir=\"ltr\">\n<p class=\"CDt4Ke zfr3Q\" dir=\"ltr\">La planificaci\u00f3 seq\u00fcencia el detall de les diferents accions per tal d\u2019assolir els objectius fixats indicant la seva temporitzaci\u00f3, els seus responsables i els recursos necessaris.<\/p>\n<\/li>\n<li class=\"TYR86d wXCUfe zfr3Q\" dir=\"ltr\">\n<p class=\"CDt4Ke zfr3Q\" dir=\"ltr\">L&#8217;avaluaci\u00f3 ens concreta mitjan\u00e7ant indicadors el grau d&#8217;assoliment dels diferents objectius plantejats i ens orientar\u00e0 en un futur per al plantejament de nous objectius mitjan\u00e7ant una nova diagnosi.<\/p>\n<\/li>\n<\/ul>\n<p>En el seg\u00fcent enlla\u00e7 trobareu l&#8217;Estrat\u00e8gia Digital del nostre centre (tot i que encara est\u00e0 en fase de construcci\u00f3).<\/p>\n<p><a href=\"https:\/\/sites.google.com\/xtec.cat\/escolalatorre\/presentaci%C3%B3-edc\">EDC ESCOLA LA TORRE<\/a><\/p>\n","protected":false},"excerpt":{"rendered":"<p>L&#8217;Estrat\u00e8gia Digital de Centre (EDC) \u00e9s el document que recull les accions que es realitzen a la nostra escola per aconseguir la compet\u00e8ncia digital de l\u2019alumnat, del professorat, de les fam\u00edlies i del centre educatiu.<br \/>\nL\u2019Estrat\u00e8gia Digital de Centre t\u00e9 com a referent el Pla d\u2019Educaci\u00f3&hellip;  <a href=\"https:\/\/agora.xtec.cat\/ceip-la-torre\/estrategia-digital-de-centre-edc\/\" title=\"Read Estrat\u00e8gia Digital de Centre (EDC)\">Llegeix m\u00e9s\u00bb<\/a><\/p>\n","protected":false},"author":15,"featured_media":0,"parent":0,"menu_order":0,"comment_status":"closed","ping_status":"closed","template":"","meta":{"_bbp_topic_count":0,"_bbp_reply_count":0,"_bbp_total_topic_count":0,"_bbp_total_reply_count":0,"_bbp_voice_count":0,"_bbp_anonymous_reply_count":0,"_bbp_topic_count_hidden":0,"_bbp_reply_count_hidden":0,"_bbp_forum_subforum_count":0,"footnotes":""},"class_list":["post-3729","page","type-page","status-publish","hentry"],"post_mailing_queue_ids":[],"_links":{"self":[{"href":"https:\/\/agora.xtec.cat\/ceip-la-torre\/wp-json\/wp\/v2\/pages\/3729","targetHints":{"allow":["GET"]}}],"collection":[{"href":"https:\/\/agora.xtec.cat\/ceip-la-torre\/wp-json\/wp\/v2\/pages"}],"about":[{"href":"https:\/\/agora.xtec.cat\/ceip-la-torre\/wp-json\/wp\/v2\/types\/page"}],"author":[{"embeddable":true,"href":"https:\/\/agora.xtec.cat\/ceip-la-torre\/wp-json\/wp\/v2\/users\/15"}],"replies":[{"embeddable":true,"href":"https:\/\/agora.xtec.cat\/ceip-la-torre\/wp-json\/wp\/v2\/comments?post=3729"}],"version-history":[{"count":3,"href":"https:\/\/agora.xtec.cat\/ceip-la-torre\/wp-json\/wp\/v2\/pages\/3729\/revisions"}],"predecessor-version":[{"id":4238,"href":"https:\/\/agora.xtec.cat\/ceip-la-torre\/wp-json\/wp\/v2\/pages\/3729\/revisions\/4238"}],"wp:attachment":[{"href":"https:\/\/agora.xtec.cat\/ceip-la-torre\/wp-json\/wp\/v2\/media?parent=3729"}],"curies":[{"name":"wp","href":"https:\/\/api.w.org\/{rel}","templated":true}]}}