{"id":2919,"date":"2021-07-06T11:37:19","date_gmt":"2021-07-06T09:37:19","guid":{"rendered":"http:\/\/agora.xtec.cat\/ceip-la-torre\/?page_id=2919"},"modified":"2021-07-06T11:38:03","modified_gmt":"2021-07-06T09:38:03","slug":"pla-de-convivencia","status":"publish","type":"page","link":"https:\/\/agora.xtec.cat\/ceip-la-torre\/pla-de-convivencia\/","title":{"rendered":"Pla de conviv\u00e8ncia"},"content":{"rendered":"<p>A continuaci\u00f3 us compartim el Pla de conviv\u00e8nvia:<\/p>\n<p><a href=\"https:\/\/agora.xtec.cat\/ceip-la-torre\/wp-content\/uploads\/usu1779\/2021\/07\/PdC-20-21docx.pdf\"><img loading=\"lazy\" decoding=\"async\" class=\"size-full wp-image-2920 aligncenter\" src=\"https:\/\/agora.xtec.cat\/ceip-la-torre\/wp-content\/uploads\/usu1779\/2021\/07\/pla-de-conviv\u00e8ncia.jpg\" alt=\"\" width=\"387\" height=\"551\" srcset=\"https:\/\/agora.xtec.cat\/ceip-la-torre\/wp-content\/uploads\/usu1779\/2021\/07\/pla-de-conviv\u00e8ncia.jpg 387w, https:\/\/agora.xtec.cat\/ceip-la-torre\/wp-content\/uploads\/usu1779\/2021\/07\/pla-de-conviv\u00e8ncia-211x300.jpg 211w\" sizes=\"auto, (max-width: 387px) 100vw, 387px\" \/><\/a><\/p>\n","protected":false},"excerpt":{"rendered":"<p>A continuaci\u00f3 us compartim el Pla de conviv\u00e8nvia:<br \/>\n<a href=\"https:\/\/agora.xtec.cat\/ceip-la-torre\/wp-content\/uploads\/usu1779\/2021\/07\/PdC-20-21docx.pdf\"><\/a><\/p>\n","protected":false},"author":15,"featured_media":0,"parent":0,"menu_order":0,"comment_status":"closed","ping_status":"closed","template":"","meta":{"_bbp_topic_count":0,"_bbp_reply_count":0,"_bbp_total_topic_count":0,"_bbp_total_reply_count":0,"_bbp_voice_count":0,"_bbp_anonymous_reply_count":0,"_bbp_topic_count_hidden":0,"_bbp_reply_count_hidden":0,"_bbp_forum_subforum_count":0,"footnotes":""},"class_list":["post-2919","page","type-page","status-publish","hentry"],"post_mailing_queue_ids":[],"_links":{"self":[{"href":"https:\/\/agora.xtec.cat\/ceip-la-torre\/wp-json\/wp\/v2\/pages\/2919","targetHints":{"allow":["GET"]}}],"collection":[{"href":"https:\/\/agora.xtec.cat\/ceip-la-torre\/wp-json\/wp\/v2\/pages"}],"about":[{"href":"https:\/\/agora.xtec.cat\/ceip-la-torre\/wp-json\/wp\/v2\/types\/page"}],"author":[{"embeddable":true,"href":"https:\/\/agora.xtec.cat\/ceip-la-torre\/wp-json\/wp\/v2\/users\/15"}],"replies":[{"embeddable":true,"href":"https:\/\/agora.xtec.cat\/ceip-la-torre\/wp-json\/wp\/v2\/comments?post=2919"}],"version-history":[{"count":1,"href":"https:\/\/agora.xtec.cat\/ceip-la-torre\/wp-json\/wp\/v2\/pages\/2919\/revisions"}],"predecessor-version":[{"id":2922,"href":"https:\/\/agora.xtec.cat\/ceip-la-torre\/wp-json\/wp\/v2\/pages\/2919\/revisions\/2922"}],"wp:attachment":[{"href":"https:\/\/agora.xtec.cat\/ceip-la-torre\/wp-json\/wp\/v2\/media?parent=2919"}],"curies":[{"name":"wp","href":"https:\/\/api.w.org\/{rel}","templated":true}]}}