{"id":891,"date":"2015-11-05T11:37:08","date_gmt":"2015-11-05T10:37:08","guid":{"rendered":"http:\/\/agora.xtec.cat\/ceip-la-parellada\/?page_id=891"},"modified":"2015-11-05T11:37:25","modified_gmt":"2015-11-05T10:37:25","slug":"primaria","status":"publish","type":"page","link":"https:\/\/agora.xtec.cat\/ceip-la-parellada\/nivells\/primaria\/","title":{"rendered":"Prim\u00e0ria"},"content":{"rendered":"<p> La Primaria es la primera etapa de l\u2019Educaci\u00f3 Obligat\u00f2ria i es des de 6 a 12 anys. Est\u00e0 dividida en sis cursos que van de 1r a 6\u00e8.<\/p>\n","protected":false},"excerpt":{"rendered":"<p> La Primaria es la primera etapa de l\u2019Educaci\u00f3 Obligat\u00f2ria i es des de 6 a 12 anys. Est\u00e0 dividida en sis cursos que van de 1r a 6\u00e8.<\/p>\n","protected":false},"author":1,"featured_media":0,"parent":87,"menu_order":0,"comment_status":"closed","ping_status":"closed","template":"page-templates\/side-menu.php","meta":{"_bbp_topic_count":0,"_bbp_reply_count":0,"_bbp_total_topic_count":0,"_bbp_total_reply_count":0,"_bbp_voice_count":0,"_bbp_anonymous_reply_count":0,"_bbp_topic_count_hidden":0,"_bbp_reply_count_hidden":0,"_bbp_forum_subforum_count":0,"footnotes":""},"class_list":["post-891","page","type-page","status-publish","hentry"],"post_mailing_queue_ids":[],"_links":{"self":[{"href":"https:\/\/agora.xtec.cat\/ceip-la-parellada\/wp-json\/wp\/v2\/pages\/891","targetHints":{"allow":["GET"]}}],"collection":[{"href":"https:\/\/agora.xtec.cat\/ceip-la-parellada\/wp-json\/wp\/v2\/pages"}],"about":[{"href":"https:\/\/agora.xtec.cat\/ceip-la-parellada\/wp-json\/wp\/v2\/types\/page"}],"author":[{"embeddable":true,"href":"https:\/\/agora.xtec.cat\/ceip-la-parellada\/wp-json\/wp\/v2\/users\/1"}],"replies":[{"embeddable":true,"href":"https:\/\/agora.xtec.cat\/ceip-la-parellada\/wp-json\/wp\/v2\/comments?post=891"}],"version-history":[{"count":1,"href":"https:\/\/agora.xtec.cat\/ceip-la-parellada\/wp-json\/wp\/v2\/pages\/891\/revisions"}],"predecessor-version":[{"id":893,"href":"https:\/\/agora.xtec.cat\/ceip-la-parellada\/wp-json\/wp\/v2\/pages\/891\/revisions\/893"}],"up":[{"embeddable":true,"href":"https:\/\/agora.xtec.cat\/ceip-la-parellada\/wp-json\/wp\/v2\/pages\/87"}],"wp:attachment":[{"href":"https:\/\/agora.xtec.cat\/ceip-la-parellada\/wp-json\/wp\/v2\/media?parent=891"}],"curies":[{"name":"wp","href":"https:\/\/api.w.org\/{rel}","templated":true}]}}