{"id":832,"date":"2017-03-16T18:22:39","date_gmt":"2017-03-16T17:22:39","guid":{"rendered":"http:\/\/agora.xtec.cat\/ceip-jverdaguer-palleja\/?page_id=832"},"modified":"2026-03-04T16:26:47","modified_gmt":"2026-03-04T15:26:47","slug":"preinscripcio-i-matricula","status":"publish","type":"page","link":"https:\/\/agora.xtec.cat\/ceip-jverdaguer-palleja\/secretaria\/preinscripcio-i-matricula\/","title":{"rendered":"Preinscripci\u00f3 i matr\u00edcula"},"content":{"rendered":"<h5><span style=\"color: #ffffff; background-color: #003366;\"><strong>INFO+\u00a0 \u00a0PREINSCRIPCI\u00d3 2026-2027:<\/strong><\/span><\/h5>\n<p><strong>Educaci\u00f3 infantil (3-6 anys), educaci\u00f3 prim\u00e0ria.<\/strong><\/p>\n<p>Presentaci\u00f3 de sol\u00b7licituds:<\/p>\n<ul>\n<li>Educaci\u00f3 infantil (3-6 anys) i educaci\u00f3 prim\u00e0ria: <strong>del 4 al 18 de mar\u00e7 de 2026<\/strong><\/li>\n<\/ul>\n<p>Matr\u00edcula:<\/p>\n<ul>\n<li>Educaci\u00f3 infantil, educaci\u00f3 prim\u00e0ria: <strong>Del 22 al 30 de juny de 2026<\/strong><\/li>\n<\/ul>\n<div>\n<div>\n<h6 style=\"text-align: left;\"><span style=\"color: #000000; background-color: #ffff00;\">Web per a la <a style=\"background-color: #ffff00;\" href=\"https:\/\/preinscripcio.gencat.cat\/ca\/inici\/\" target=\"_blank\" rel=\"noopener\"><span style=\"color: #0000ff;\">preinscripci\u00f3<\/span><\/a> en l\u00ednia\u200b\u200b<\/span><\/h6>\n<\/div>\n<\/div>\n<p style=\"text-align: left;\"><strong>CRITERIS D&#8217;ASSIGNACI\u00d3 DE PLA\u00c7A<\/strong> <a href=\"https:\/\/preinscripcio.gencat.cat\/ca\/estudis\/primaria\/informat\/criteris-assignacio\/\" target=\"_blank\" rel=\"noopener\">(clica l&#8217;enlla\u00e7)<\/a><\/p>\n<p><strong>PREINSCRIPCI\u00d3<\/strong><\/p>\n<p>DOCUMENTACI\u00d3 QUE CAL <strong>ADJUNTAR<\/strong>: La documentaci\u00f3 que calgui presentar s&#8217;ha d&#8217;adjuntar (escanejada o fotografiada) a la sol\u00b7licitud de preinscripci\u00f3 que ser\u00e0 accessible en el seg\u00fcent enlla\u00e7: https:\/\/preinscripcio.gencat.cat\/ca\/estudis\/eso\/preinscriute\/sollicitud\/index.html<\/p>\n<p><span style=\"background-color: #ccffff;\">Si l&#8217;alumne <strong>no t\u00e9 n\u00famero identificador del RALC<\/strong>, ha d&#8217;adjuntar la seg\u00fcent documentaci\u00f3<\/span><\/p>\n<ul>\n<li>Full d\u2019empadronament de l\u2019infant, si es cau.<\/li>\n<li>Original i fotoc\u00f2pia del DNI del pare, mare, tutor\/a i del nen\/a si en t\u00e9.<\/li>\n<li>Original i fotoc\u00f2pia del llibre de fam\u00edlia.<\/li>\n<li>Original i fotoc\u00f2pia de la documentaci\u00f3\u00a0 acreditativa de les circumst\u00e0ncies al\u00b7legades (fam\u00edlia monoparental\/nombrosa, discapacitat, proximitat per lloc de treball del pare\/mare), si es cau.<\/li>\n<\/ul>\n<p><span style=\"background-color: #ccffff;\">Si l&#8217;alumne <b>s&#8217;ha presentat la sol\u00b7licitud mitjan\u00e7ant el formulari de suport inform\u00e0tic <\/b>cal adjuntar la seg\u00fcent documentaci\u00f3:<\/span><\/p>\n<ul>\n<li>Full d\u2019empadronament de l\u2019infant, si es cau.<\/li>\n<li>Original i fotoc\u00f2pia del DNI del pare, mare, tutor\/a i del nen\/a si en t\u00e9.<\/li>\n<li>Original i fotoc\u00f2pia del llibre de fam\u00edlia.<\/li>\n<li>Original i fotoc\u00f2pia de la documentaci\u00f3\u00a0 acreditativa de les circumst\u00e0ncies al\u00b7legades (fam\u00edlia monoparental\/nombrosa, discapacitat, proximitat per lloc de treball del pare\/mare), si es cau.<\/li>\n<\/ul>\n<p><strong>MATRICULA<br \/>\n<\/strong><\/p>\n<p>DOCUMENTACI\u00d3 QUE CAL <strong>PORTAR<\/strong><\/p>\n<ul>\n<li>Original i fotoc\u00f2pia de la targeta sanit\u00e0ria de l\u2019infant.<\/li>\n<li>Dues fotografies mida carnet.<\/li>\n<li>Fotoc\u00f2pia del carnet de vacunes actualitzat.<\/li>\n<\/ul>\n<p><strong>PER M\u00c9S INFORMACI\u00d3:\u00a0<\/strong><\/p>\n<table style=\"border-collapse: collapse; width: 100%;\">\n<tbody>\n<tr>\n<td style=\"width: 100%; background-color: #4dcfe3;\">\n<p style=\"text-align: center;\">Si es necessita ajuda per poder fer la preinscripci\u00f3 es poden adre\u00e7ar a l&#8217;escola.<\/p>\n<p style=\"text-align: center;\"><span style=\"font-size: 16px; font-family: inherit;\">L&#8217;horari per donar suport a les fam\u00edlies en aquest procediment \u00e9s <\/span><span style=\"font-family: inherit; font-size: 1em;\">de dilluns a divendres de 09:00 a 13:00h i de 15:00 a 16:30h<\/span><\/p>\n<p style=\"text-align: center;\">Direcci\u00f3\u00a0<strong>93 663 02 74<\/strong><\/p>\n<\/td>\n<\/tr>\n<\/tbody>\n<\/table>\n","protected":false},"excerpt":{"rendered":"<p>INFO+\u00a0 \u00a0PREINSCRIPCI\u00d3 2026-2027: Educaci\u00f3 infantil (3-6 anys), educaci\u00f3 prim\u00e0ria. Presentaci\u00f3 de sol\u00b7licituds: Educaci\u00f3 infantil (3-6 anys) i educaci\u00f3 prim\u00e0ria: del 4 al 18 de mar\u00e7 de 2026 Matr\u00edcula: Educaci\u00f3 infantil, educaci\u00f3 prim\u00e0ria: Del 22 al 30 de juny de 2026 Web per a la preinscripci\u00f3 en l\u00ednia\u200b\u200b CRITERIS D&#8217;ASSIGNACI\u00d3 DE PLA\u00c7A (clica l&#8217;enlla\u00e7) PREINSCRIPCI\u00d3 DOCUMENTACI\u00d3 [&hellip;]<\/p>\n","protected":false},"author":1,"featured_media":0,"parent":208,"menu_order":1,"comment_status":"closed","ping_status":"closed","template":"","meta":{"_bbp_topic_count":0,"_bbp_reply_count":0,"_bbp_total_topic_count":0,"_bbp_total_reply_count":0,"_bbp_voice_count":0,"_bbp_anonymous_reply_count":0,"_bbp_topic_count_hidden":0,"_bbp_reply_count_hidden":0,"_bbp_forum_subforum_count":0,"site-sidebar-layout":"default","site-content-layout":"","ast-site-content-layout":"default","site-content-style":"default","site-sidebar-style":"default","ast-global-header-display":"","ast-banner-title-visibility":"","ast-main-header-display":"","ast-hfb-above-header-display":"","ast-hfb-below-header-display":"","ast-hfb-mobile-header-display":"","site-post-title":"","ast-breadcrumbs-content":"","ast-featured-img":"","footer-sml-layout":"","theme-transparent-header-meta":"default","adv-header-id-meta":"","stick-header-meta":"","header-above-stick-meta":"","header-main-stick-meta":"","header-below-stick-meta":"","astra-migrate-meta-layouts":"set","ast-page-background-enabled":"default","ast-page-background-meta":{"desktop":{"background-color":"var(--ast-global-color-4)","background-image":"","background-repeat":"repeat","background-position":"center center","background-size":"auto","background-attachment":"scroll","background-type":"","background-media":"","overlay-type":"","overlay-color":"","overlay-opacity":"","overlay-gradient":""},"tablet":{"background-color":"","background-image":"","background-repeat":"repeat","background-position":"center center","background-size":"auto","background-attachment":"scroll","background-type":"","background-media":"","overlay-type":"","overlay-color":"","overlay-opacity":"","overlay-gradient":""},"mobile":{"background-color":"","background-image":"","background-repeat":"repeat","background-position":"center center","background-size":"auto","background-attachment":"scroll","background-type":"","background-media":"","overlay-type":"","overlay-color":"","overlay-opacity":"","overlay-gradient":""}},"ast-content-background-meta":{"desktop":{"background-color":"var(--ast-global-color-5)","background-image":"","background-repeat":"repeat","background-position":"center center","background-size":"auto","background-attachment":"scroll","background-type":"","background-media":"","overlay-type":"","overlay-color":"","overlay-opacity":"","overlay-gradient":""},"tablet":{"background-color":"var(--ast-global-color-5)","background-image":"","background-repeat":"repeat","background-position":"center center","background-size":"auto","background-attachment":"scroll","background-type":"","background-media":"","overlay-type":"","overlay-color":"","overlay-opacity":"","overlay-gradient":""},"mobile":{"background-color":"var(--ast-global-color-5)","background-image":"","background-repeat":"repeat","background-position":"center center","background-size":"auto","background-attachment":"scroll","background-type":"","background-media":"","overlay-type":"","overlay-color":"","overlay-opacity":"","overlay-gradient":""}},"footnotes":""},"class_list":["post-832","page","type-page","status-publish","hentry"],"post_mailing_queue_ids":[],"_links":{"self":[{"href":"https:\/\/agora.xtec.cat\/ceip-jverdaguer-palleja\/wp-json\/wp\/v2\/pages\/832","targetHints":{"allow":["GET"]}}],"collection":[{"href":"https:\/\/agora.xtec.cat\/ceip-jverdaguer-palleja\/wp-json\/wp\/v2\/pages"}],"about":[{"href":"https:\/\/agora.xtec.cat\/ceip-jverdaguer-palleja\/wp-json\/wp\/v2\/types\/page"}],"author":[{"embeddable":true,"href":"https:\/\/agora.xtec.cat\/ceip-jverdaguer-palleja\/wp-json\/wp\/v2\/users\/1"}],"replies":[{"embeddable":true,"href":"https:\/\/agora.xtec.cat\/ceip-jverdaguer-palleja\/wp-json\/wp\/v2\/comments?post=832"}],"version-history":[{"count":7,"href":"https:\/\/agora.xtec.cat\/ceip-jverdaguer-palleja\/wp-json\/wp\/v2\/pages\/832\/revisions"}],"predecessor-version":[{"id":3240,"href":"https:\/\/agora.xtec.cat\/ceip-jverdaguer-palleja\/wp-json\/wp\/v2\/pages\/832\/revisions\/3240"}],"up":[{"embeddable":true,"href":"https:\/\/agora.xtec.cat\/ceip-jverdaguer-palleja\/wp-json\/wp\/v2\/pages\/208"}],"wp:attachment":[{"href":"https:\/\/agora.xtec.cat\/ceip-jverdaguer-palleja\/wp-json\/wp\/v2\/media?parent=832"}],"curies":[{"name":"wp","href":"https:\/\/api.w.org\/{rel}","templated":true}]}}