{"id":453,"date":"2016-02-05T12:41:23","date_gmt":"2016-02-05T11:41:23","guid":{"rendered":"http:\/\/agora.xtec.cat\/ceip-jverdaguer-palleja\/?page_id=453"},"modified":"2021-01-24T19:35:07","modified_gmt":"2021-01-24T18:35:07","slug":"documents","status":"publish","type":"page","link":"https:\/\/agora.xtec.cat\/ceip-jverdaguer-palleja\/documents\/","title":{"rendered":"Documents"},"content":{"rendered":"<p><a href=\"http:\/\/agora.xtec.cat\/ceip-jverdaguer-palleja\/curs-2015-2016\/documents\/normes-de-funcionament-i-organitzacio-del-centre\"> Normes de funcionament i organitzaci\u00f3 del centre <\/a><\/p>\n<p><a href=\"https:\/\/agora.xtec.cat\/ceip-jverdaguer-palleja\/curs-2015-2016\/documents\/projecte-educatiu-de-centre\/\"> Projecte Educatiu de Centre<\/a><\/p>\n<p><a href=\"http:\/\/agora.xtec.cat\/ceip-jverdaguer-palleja\/curs-2015-2016\/documents\/projecte-de-direccio\/\">Projecte de Direcci\u00f3<\/a><\/p>\n<p><a href=\"http:\/\/agora.xtec.cat\/ceip-jverdaguer-palleja\/curs-2015-2016\/documents\/carta-de-compromis\/\">Carta de comprom\u00eds educatiu<\/a><\/p>\n<p><a href=\"http:\/\/agora.xtec.cat\/ceip-jverdaguer-palleja\/projecte-linguistic\/\">Projecte Ling\u00fc\u00edstic<\/a><\/p>\n<p><a href=\"https:\/\/drive.google.com\/file\/d\/16ZYOBAoM6O4oZPGE-JH7mML9qC6H7E6f\/view?usp=sharing\" target=\"_blank\" rel=\"noopener noreferrer\">Regulaci\u00f3 de l&#8217;\u00fas de dispositius m\u00f2bils al centre<\/a><\/p>\n","protected":false},"excerpt":{"rendered":"<p>Normes de funcionament i organitzaci\u00f3 del centre Projecte Educatiu de Centre Projecte de Direcci\u00f3 Carta de comprom\u00eds educatiu Projecte Ling\u00fc\u00edstic Regulaci\u00f3 de l&#8217;\u00fas de dispositius m\u00f2bils al centre<\/p>\n","protected":false},"author":1,"featured_media":0,"parent":0,"menu_order":5,"comment_status":"closed","ping_status":"closed","template":"page-templates\/side-menu.php","meta":{"_bbp_topic_count":0,"_bbp_reply_count":0,"_bbp_total_topic_count":0,"_bbp_total_reply_count":0,"_bbp_voice_count":0,"_bbp_anonymous_reply_count":0,"_bbp_topic_count_hidden":0,"_bbp_reply_count_hidden":0,"_bbp_forum_subforum_count":0,"site-sidebar-layout":"default","site-content-layout":"","ast-site-content-layout":"","site-content-style":"default","site-sidebar-style":"default","ast-global-header-display":"","ast-banner-title-visibility":"","ast-main-header-display":"","ast-hfb-above-header-display":"","ast-hfb-below-header-display":"","ast-hfb-mobile-header-display":"","site-post-title":"","ast-breadcrumbs-content":"","ast-featured-img":"","footer-sml-layout":"","theme-transparent-header-meta":"","adv-header-id-meta":"","stick-header-meta":"","header-above-stick-meta":"","header-main-stick-meta":"","header-below-stick-meta":"","astra-migrate-meta-layouts":"default","ast-page-background-enabled":"default","ast-page-background-meta":{"desktop":{"background-color":"var(--ast-global-color-4)","background-image":"","background-repeat":"repeat","background-position":"center center","background-size":"auto","background-attachment":"scroll","background-type":"","background-media":"","overlay-type":"","overlay-color":"","overlay-opacity":"","overlay-gradient":""},"tablet":{"background-color":"","background-image":"","background-repeat":"repeat","background-position":"center center","background-size":"auto","background-attachment":"scroll","background-type":"","background-media":"","overlay-type":"","overlay-color":"","overlay-opacity":"","overlay-gradient":""},"mobile":{"background-color":"","background-image":"","background-repeat":"repeat","background-position":"center center","background-size":"auto","background-attachment":"scroll","background-type":"","background-media":"","overlay-type":"","overlay-color":"","overlay-opacity":"","overlay-gradient":""}},"ast-content-background-meta":{"desktop":{"background-color":"var(--ast-global-color-5)","background-image":"","background-repeat":"repeat","background-position":"center center","background-size":"auto","background-attachment":"scroll","background-type":"","background-media":"","overlay-type":"","overlay-color":"","overlay-opacity":"","overlay-gradient":""},"tablet":{"background-color":"var(--ast-global-color-5)","background-image":"","background-repeat":"repeat","background-position":"center center","background-size":"auto","background-attachment":"scroll","background-type":"","background-media":"","overlay-type":"","overlay-color":"","overlay-opacity":"","overlay-gradient":""},"mobile":{"background-color":"var(--ast-global-color-5)","background-image":"","background-repeat":"repeat","background-position":"center center","background-size":"auto","background-attachment":"scroll","background-type":"","background-media":"","overlay-type":"","overlay-color":"","overlay-opacity":"","overlay-gradient":""}},"footnotes":""},"class_list":["post-453","page","type-page","status-publish","hentry"],"post_mailing_queue_ids":[],"_links":{"self":[{"href":"https:\/\/agora.xtec.cat\/ceip-jverdaguer-palleja\/wp-json\/wp\/v2\/pages\/453","targetHints":{"allow":["GET"]}}],"collection":[{"href":"https:\/\/agora.xtec.cat\/ceip-jverdaguer-palleja\/wp-json\/wp\/v2\/pages"}],"about":[{"href":"https:\/\/agora.xtec.cat\/ceip-jverdaguer-palleja\/wp-json\/wp\/v2\/types\/page"}],"author":[{"embeddable":true,"href":"https:\/\/agora.xtec.cat\/ceip-jverdaguer-palleja\/wp-json\/wp\/v2\/users\/1"}],"replies":[{"embeddable":true,"href":"https:\/\/agora.xtec.cat\/ceip-jverdaguer-palleja\/wp-json\/wp\/v2\/comments?post=453"}],"version-history":[{"count":3,"href":"https:\/\/agora.xtec.cat\/ceip-jverdaguer-palleja\/wp-json\/wp\/v2\/pages\/453\/revisions"}],"predecessor-version":[{"id":2141,"href":"https:\/\/agora.xtec.cat\/ceip-jverdaguer-palleja\/wp-json\/wp\/v2\/pages\/453\/revisions\/2141"}],"wp:attachment":[{"href":"https:\/\/agora.xtec.cat\/ceip-jverdaguer-palleja\/wp-json\/wp\/v2\/media?parent=453"}],"curies":[{"name":"wp","href":"https:\/\/api.w.org\/{rel}","templated":true}]}}