{"id":26,"date":"2014-09-18T12:24:32","date_gmt":"2014-09-18T11:24:32","guid":{"rendered":"http:\/\/agora.xtec.cat\/ceip-jverdaguer-palleja\/?page_id=26"},"modified":"2020-03-03T14:00:40","modified_gmt":"2020-03-03T13:00:40","slug":"historia","status":"publish","type":"page","link":"https:\/\/agora.xtec.cat\/ceip-jverdaguer-palleja\/lescola\/historia\/","title":{"rendered":"Hist\u00f2ria"},"content":{"rendered":"<p style=\"text-align: center;\">\u00a0<strong>HIST\u00d2RIA DE L&#8217;ESCOLA<\/strong><\/p>\n<p style=\"text-align: left;\"><span style=\"font-family: 'times new roman', times, serif;\">Pels volts de 1918, en un lloc darrera l\u2019esgl\u00e9sia i en una antiga vinya dels Albareda, s\u2019hi constru\u00ed un edifici destinat a escoles municipals. Era la primera vegada a la Hist\u00f2ria que el Com\u00fa de Pallej\u00e0 (Ajuntament) emprenia una obra important per fer un col\u00b7legi.<\/span><\/p>\n<p style=\"text-align: left;\"><span style=\"font-family: 'times new roman', times, serif;\">Aquell edifici constava de dues naus destinades a vivendes del mestre i la mestra, unides per una nau central formada per dues aules, una pels nens i una altra per les nenes, m\u00e9s una d\u2019intermitja que en principi havia de ser casa Consistorial per\u00f2 s\u2019acab\u00e0 m\u00e9s tard i no va ser-ho. Aquell edifici prest\u00e0 servei durant 50 anys, amb certes intermit\u00e8ncies i v\u00e0ries utilitats.<\/span><\/p>\n<p style=\"text-align: left;\"><img decoding=\"async\" src=\"http:\/\/www.xtec.es\/centres\/a8022677\/link\/imatges%20web\/MVC-908F.JPG\" alt=\"\" \/><\/p>\n<p style=\"text-align: left;\"><span style=\"font-family: 'times new roman', times, serif;\">ins que a principis dels anys 1960 l\u2019Ajuntament presidit pel sr. Roca Xanc\u00f3, feu construir un nou grup escolar i se li don\u00e0 el nom de Jacint Verdaguer, L\u2019immortal poeta de Folgueroles.<\/span><\/p>\n<p style=\"text-align: left;\"><span style=\"font-family: 'times new roman', times, serif;\">Fou inaugurat el desembre de 1971 i estava dotat de medis moderns per l\u2019ensenyament. Trenta anys despr\u00e8s s\u2019hi ha edificat un nou col\u00b7legi. Gran (immens) espai\u00f3s i din\u00e0mic, dotat de medis encara m\u00e9s moderns i sofisticats.<\/span><\/p>\n<p style=\"text-align: left;\"><span style=\"font-family: 'times new roman', times, serif;\">L\u2019any 1976 es fund\u00e0 la primera associaci\u00f3 de pares d\u2019alumnes la qual abarcava les dues escoles, la \u201cJ. Verdaguer\u201d i l\u2019 \u201dA. Guimer\u00e0\u201d, recent inaugurat. Es feu aix\u00ed amb la finalitat de que els infants m\u00e9s petits tinguessin millor acc\u00e9s. Els cursos inferiors es farien al \u201cVerdaguer\u201d i els superiors al \u201cGuimer\u00e0\u201d. Feia poc s\u2019havia obert un cam\u00ed en el Pla de la Torroja, actual carrer Molins Parera, perqu\u00e8 els nens i nenes poguessin evitar passar per la via o per la carretera. I aix\u00ed es va fer.<\/span><\/p>\n<p style=\"text-align: left;\"><img decoding=\"async\" src=\"http:\/\/www.xtec.es\/centres\/a8022677\/link\/imatges%20web\/MVC-072F.JPG\" alt=\"\" \/><\/p>\n<p style=\"text-align: left;\"><span style=\"font-family: 'times new roman', times, serif;\">Crec que teniu una gran sort tots i totes, estudiants i professors\/res, de disposar d\u2019una instal\u00b7laci\u00f3 tant moderna i confortable. No est\u00e0 de m\u00e9s recordar la situaci\u00f3 escolar dels nostres avis i \u00e0vies: En un informe del metge titular de Pallej\u00e0 acompanyant la sol\u00b7licitud d\u2019ajuda que feu l\u2019Ajuntament, presidit pel sr. Molins Parera, a la Mancomunitat de Catalunya l\u2019any 1915 (aleshores l\u2019escola dels nens estava en un pis de la Pl. Major). Diu el Dr. Florent\u00ed Garc\u00eda, que en un espai de 49,80 m2 hi havia un promig de 48 alumnes, a m\u00e9s, la llum entrava per dos balcons de 1 m. d\u2019ampli i alguns nens es feien ombra ells mateixos, la ventilaci\u00f3 era escassa sobretot a l\u2019hivern, a<span style=\"font-family: 'times new roman', times, serif;\">m\u00e9s de tenir un enrajolat groller i poca llum a l\u2019escala. L\u2019escola de les nenes estava en pitjors condicions.<\/span><\/span><\/p>\n<p style=\"text-align: left;\"><span style=\"font-family: 'times new roman', times, serif;\">I encara en una \u00e8poca m\u00e9s moderna, la d\u00e8cada de 1950-1960, \u00e9rem prop de 90 alumnes amb un sol professor, el sr. Gabriel Puig. Era un edifici de lloguer i abans havia estat un magatzem de vins.<\/span><\/p>\n<p style=\"text-align: left;\"><span style=\"font-family: 'times new roman', times, serif;\">Afortunadament la situaci\u00f3 ha canviat, com aix\u00ed havia de ser.<\/span><\/p>\n<p><img decoding=\"async\" class=\"alignleft\" src=\"http:\/\/www.xtec.es\/centres\/a8022677\/fotoaeria%201.jpg\" alt=\"\" \/><\/p>\n<p>&nbsp;<\/p>\n<p>&nbsp;<\/p>\n<p>&nbsp;<\/p>\n<p>&nbsp;<\/p>\n<p>&nbsp;<\/p>\n<p>&nbsp;<\/p>\n<p>&nbsp;<\/p>\n<p>https:\/\/www.youtube.com\/watch?v=WsWVnZjKkPw&#038;feature=youtu.be<\/p>\n","protected":false},"excerpt":{"rendered":"<p>\u00a0HIST\u00d2RIA DE L&#8217;ESCOLA Pels volts de 1918, en un lloc darrera l\u2019esgl\u00e9sia i en una antiga vinya dels Albareda, s\u2019hi constru\u00ed un edifici destinat a escoles municipals. Era la primera vegada a la Hist\u00f2ria que el Com\u00fa de Pallej\u00e0 (Ajuntament) emprenia una obra important per fer un col\u00b7legi. Aquell edifici constava de dues naus destinades [&hellip;]<\/p>\n","protected":false},"author":1,"featured_media":0,"parent":22,"menu_order":0,"comment_status":"closed","ping_status":"closed","template":"page-templates\/side-menu.php","meta":{"_bbp_topic_count":0,"_bbp_reply_count":0,"_bbp_total_topic_count":0,"_bbp_total_reply_count":0,"_bbp_voice_count":0,"_bbp_anonymous_reply_count":0,"_bbp_topic_count_hidden":0,"_bbp_reply_count_hidden":0,"_bbp_forum_subforum_count":0,"site-sidebar-layout":"default","site-content-layout":"","ast-site-content-layout":"","site-content-style":"default","site-sidebar-style":"default","ast-global-header-display":"","ast-banner-title-visibility":"","ast-main-header-display":"","ast-hfb-above-header-display":"","ast-hfb-below-header-display":"","ast-hfb-mobile-header-display":"","site-post-title":"","ast-breadcrumbs-content":"","ast-featured-img":"","footer-sml-layout":"","theme-transparent-header-meta":"","adv-header-id-meta":"","stick-header-meta":"","header-above-stick-meta":"","header-main-stick-meta":"","header-below-stick-meta":"","astra-migrate-meta-layouts":"default","ast-page-background-enabled":"default","ast-page-background-meta":{"desktop":{"background-color":"var(--ast-global-color-4)","background-image":"","background-repeat":"repeat","background-position":"center center","background-size":"auto","background-attachment":"scroll","background-type":"","background-media":"","overlay-type":"","overlay-color":"","overlay-opacity":"","overlay-gradient":""},"tablet":{"background-color":"","background-image":"","background-repeat":"repeat","background-position":"center center","background-size":"auto","background-attachment":"scroll","background-type":"","background-media":"","overlay-type":"","overlay-color":"","overlay-opacity":"","overlay-gradient":""},"mobile":{"background-color":"","background-image":"","background-repeat":"repeat","background-position":"center center","background-size":"auto","background-attachment":"scroll","background-type":"","background-media":"","overlay-type":"","overlay-color":"","overlay-opacity":"","overlay-gradient":""}},"ast-content-background-meta":{"desktop":{"background-color":"var(--ast-global-color-5)","background-image":"","background-repeat":"repeat","background-position":"center center","background-size":"auto","background-attachment":"scroll","background-type":"","background-media":"","overlay-type":"","overlay-color":"","overlay-opacity":"","overlay-gradient":""},"tablet":{"background-color":"var(--ast-global-color-5)","background-image":"","background-repeat":"repeat","background-position":"center center","background-size":"auto","background-attachment":"scroll","background-type":"","background-media":"","overlay-type":"","overlay-color":"","overlay-opacity":"","overlay-gradient":""},"mobile":{"background-color":"var(--ast-global-color-5)","background-image":"","background-repeat":"repeat","background-position":"center center","background-size":"auto","background-attachment":"scroll","background-type":"","background-media":"","overlay-type":"","overlay-color":"","overlay-opacity":"","overlay-gradient":""}},"footnotes":""},"class_list":["post-26","page","type-page","status-publish","hentry"],"post_mailing_queue_ids":[],"_links":{"self":[{"href":"https:\/\/agora.xtec.cat\/ceip-jverdaguer-palleja\/wp-json\/wp\/v2\/pages\/26","targetHints":{"allow":["GET"]}}],"collection":[{"href":"https:\/\/agora.xtec.cat\/ceip-jverdaguer-palleja\/wp-json\/wp\/v2\/pages"}],"about":[{"href":"https:\/\/agora.xtec.cat\/ceip-jverdaguer-palleja\/wp-json\/wp\/v2\/types\/page"}],"author":[{"embeddable":true,"href":"https:\/\/agora.xtec.cat\/ceip-jverdaguer-palleja\/wp-json\/wp\/v2\/users\/1"}],"replies":[{"embeddable":true,"href":"https:\/\/agora.xtec.cat\/ceip-jverdaguer-palleja\/wp-json\/wp\/v2\/comments?post=26"}],"version-history":[{"count":3,"href":"https:\/\/agora.xtec.cat\/ceip-jverdaguer-palleja\/wp-json\/wp\/v2\/pages\/26\/revisions"}],"predecessor-version":[{"id":1995,"href":"https:\/\/agora.xtec.cat\/ceip-jverdaguer-palleja\/wp-json\/wp\/v2\/pages\/26\/revisions\/1995"}],"up":[{"embeddable":true,"href":"https:\/\/agora.xtec.cat\/ceip-jverdaguer-palleja\/wp-json\/wp\/v2\/pages\/22"}],"wp:attachment":[{"href":"https:\/\/agora.xtec.cat\/ceip-jverdaguer-palleja\/wp-json\/wp\/v2\/media?parent=26"}],"curies":[{"name":"wp","href":"https:\/\/api.w.org\/{rel}","templated":true}]}}