{"id":210,"date":"2016-02-03T09:30:13","date_gmt":"2016-02-03T08:30:13","guid":{"rendered":"http:\/\/agora.xtec.cat\/ceip-jverdaguer-palleja\/?page_id=210"},"modified":"2021-01-27T09:33:35","modified_gmt":"2021-01-27T08:33:35","slug":"eines-2-0","status":"publish","type":"page","link":"https:\/\/agora.xtec.cat\/ceip-jverdaguer-palleja\/eines-2-0\/","title":{"rendered":"Cultura Digital"},"content":{"rendered":"<p style=\"font-weight: 300;\">En aquest moment de\u00a0<b><strong>canvi<\/strong><\/b>, l\u2019alfabetitzaci\u00f3 tamb\u00e9 ha canviat i hem de parlar de <b><strong>m\u00faltiples alfabetitzacions.<\/strong><\/b><\/p>\n<p style=\"font-weight: 300;\">\n<p style=\"font-weight: 300;\">A l\u2019escola utilitzem les tecnologies per ensenyar a\u00a0<b>crear continguts<\/b>,\u00a0<b>generar i compartir coneixement<\/b>\u00a0i introduir-nos en la cultura de la participaci\u00f3 i el\u00a0<b>treball cooperatiu<\/b>.<\/p>\n<p style=\"font-weight: 300;\">\n<p style=\"font-weight: 300;\">A m\u00e9s s\u00f3n eines que ens ajuden al\u00a0<b><strong>canvi metodol\u00f2gic\u00a0<\/strong><\/b>i a millorar<b><strong>\u00a0<\/strong><\/b>l\u2019<b><strong>atenci\u00f3 a la diversitat<\/strong><\/b>.<\/p>\n","protected":false},"excerpt":{"rendered":"<p>En aquest moment de\u00a0canvi, l\u2019alfabetitzaci\u00f3 tamb\u00e9 ha canviat i hem de parlar de m\u00faltiples alfabetitzacions. A l\u2019escola utilitzem les tecnologies per ensenyar a\u00a0crear continguts,\u00a0generar i compartir coneixement\u00a0i introduir-nos en la cultura de la participaci\u00f3 i el\u00a0treball cooperatiu. A m\u00e9s s\u00f3n eines que ens ajuden al\u00a0canvi metodol\u00f2gic\u00a0i a millorar\u00a0l\u2019atenci\u00f3 a la diversitat.<\/p>\n","protected":false},"author":1,"featured_media":0,"parent":0,"menu_order":1,"comment_status":"closed","ping_status":"closed","template":"page-templates\/side-menu.php","meta":{"_bbp_topic_count":0,"_bbp_reply_count":0,"_bbp_total_topic_count":0,"_bbp_total_reply_count":0,"_bbp_voice_count":0,"_bbp_anonymous_reply_count":0,"_bbp_topic_count_hidden":0,"_bbp_reply_count_hidden":0,"_bbp_forum_subforum_count":0,"site-sidebar-layout":"default","site-content-layout":"","ast-site-content-layout":"","site-content-style":"default","site-sidebar-style":"default","ast-global-header-display":"","ast-banner-title-visibility":"","ast-main-header-display":"","ast-hfb-above-header-display":"","ast-hfb-below-header-display":"","ast-hfb-mobile-header-display":"","site-post-title":"","ast-breadcrumbs-content":"","ast-featured-img":"","footer-sml-layout":"","theme-transparent-header-meta":"","adv-header-id-meta":"","stick-header-meta":"","header-above-stick-meta":"","header-main-stick-meta":"","header-below-stick-meta":"","astra-migrate-meta-layouts":"default","ast-page-background-enabled":"default","ast-page-background-meta":{"desktop":{"background-color":"var(--ast-global-color-4)","background-image":"","background-repeat":"repeat","background-position":"center center","background-size":"auto","background-attachment":"scroll","background-type":"","background-media":"","overlay-type":"","overlay-color":"","overlay-opacity":"","overlay-gradient":""},"tablet":{"background-color":"","background-image":"","background-repeat":"repeat","background-position":"center center","background-size":"auto","background-attachment":"scroll","background-type":"","background-media":"","overlay-type":"","overlay-color":"","overlay-opacity":"","overlay-gradient":""},"mobile":{"background-color":"","background-image":"","background-repeat":"repeat","background-position":"center center","background-size":"auto","background-attachment":"scroll","background-type":"","background-media":"","overlay-type":"","overlay-color":"","overlay-opacity":"","overlay-gradient":""}},"ast-content-background-meta":{"desktop":{"background-color":"var(--ast-global-color-5)","background-image":"","background-repeat":"repeat","background-position":"center center","background-size":"auto","background-attachment":"scroll","background-type":"","background-media":"","overlay-type":"","overlay-color":"","overlay-opacity":"","overlay-gradient":""},"tablet":{"background-color":"var(--ast-global-color-5)","background-image":"","background-repeat":"repeat","background-position":"center center","background-size":"auto","background-attachment":"scroll","background-type":"","background-media":"","overlay-type":"","overlay-color":"","overlay-opacity":"","overlay-gradient":""},"mobile":{"background-color":"var(--ast-global-color-5)","background-image":"","background-repeat":"repeat","background-position":"center center","background-size":"auto","background-attachment":"scroll","background-type":"","background-media":"","overlay-type":"","overlay-color":"","overlay-opacity":"","overlay-gradient":""}},"footnotes":""},"class_list":["post-210","page","type-page","status-publish","hentry"],"post_mailing_queue_ids":[],"_links":{"self":[{"href":"https:\/\/agora.xtec.cat\/ceip-jverdaguer-palleja\/wp-json\/wp\/v2\/pages\/210","targetHints":{"allow":["GET"]}}],"collection":[{"href":"https:\/\/agora.xtec.cat\/ceip-jverdaguer-palleja\/wp-json\/wp\/v2\/pages"}],"about":[{"href":"https:\/\/agora.xtec.cat\/ceip-jverdaguer-palleja\/wp-json\/wp\/v2\/types\/page"}],"author":[{"embeddable":true,"href":"https:\/\/agora.xtec.cat\/ceip-jverdaguer-palleja\/wp-json\/wp\/v2\/users\/1"}],"replies":[{"embeddable":true,"href":"https:\/\/agora.xtec.cat\/ceip-jverdaguer-palleja\/wp-json\/wp\/v2\/comments?post=210"}],"version-history":[{"count":3,"href":"https:\/\/agora.xtec.cat\/ceip-jverdaguer-palleja\/wp-json\/wp\/v2\/pages\/210\/revisions"}],"predecessor-version":[{"id":2355,"href":"https:\/\/agora.xtec.cat\/ceip-jverdaguer-palleja\/wp-json\/wp\/v2\/pages\/210\/revisions\/2355"}],"wp:attachment":[{"href":"https:\/\/agora.xtec.cat\/ceip-jverdaguer-palleja\/wp-json\/wp\/v2\/media?parent=210"}],"curies":[{"name":"wp","href":"https:\/\/api.w.org\/{rel}","templated":true}]}}