{"id":1498,"date":"2019-05-15T15:12:47","date_gmt":"2019-05-15T13:12:47","guid":{"rendered":"http:\/\/agora.xtec.cat\/ceip-jverdaguer-palleja\/?page_id=1498"},"modified":"2022-11-04T08:50:13","modified_gmt":"2022-11-04T07:50:13","slug":"lhort","status":"publish","type":"page","link":"https:\/\/agora.xtec.cat\/ceip-jverdaguer-palleja\/somiem-el-nostre-pati\/lhort\/","title":{"rendered":"Qu\u00e8 hem fet?"},"content":{"rendered":"<p><a href=\"https:\/\/drive.google.com\/file\/d\/1RXJghNei-gXK6AzJLCFk0resGct3GriH\/view?usp=sharing\" target=\"_blank\" rel=\"noopener noreferrer\"><img loading=\"lazy\" decoding=\"async\" class=\"aligncenter size-full wp-image-2249\" src=\"https:\/\/agora.xtec.cat\/ceip-jverdaguer-palleja\/wp-content\/uploads\/usu710\/2021\/01\/Captura-de-pantalla-2021-01-24-a-las-18.05.32.png\" alt=\"\" width=\"723\" height=\"133\" srcset=\"https:\/\/agora.xtec.cat\/ceip-jverdaguer-palleja\/wp-content\/uploads\/usu710\/2021\/01\/Captura-de-pantalla-2021-01-24-a-las-18.05.32.png 723w, https:\/\/agora.xtec.cat\/ceip-jverdaguer-palleja\/wp-content\/uploads\/usu710\/2021\/01\/Captura-de-pantalla-2021-01-24-a-las-18.05.32-300x55.png 300w\" sizes=\"auto, (max-width: 723px) 100vw, 723px\" \/><\/a><\/p>\n<p>Ja tenim preparat l&#8217;hort:<\/p>\n<p><a href=\"http:\/\/agora.xtec.cat\/ceip-jverdaguer-palleja\/general\/somiem-el-nostre-pati-2\/attachment\/hort1\/\" rel=\"attachment wp-att-1761\"><img loading=\"lazy\" decoding=\"async\" class=\"alignnone size-large wp-image-1761\" src=\"https:\/\/agora.xtec.cat\/ceip-jverdaguer-palleja\/wp-content\/uploads\/usu710\/2019\/11\/hort1-768x1024.jpeg\" alt=\"\" width=\"768\" height=\"1024\" srcset=\"https:\/\/agora.xtec.cat\/ceip-jverdaguer-palleja\/wp-content\/uploads\/usu710\/2019\/11\/hort1.jpeg 768w, https:\/\/agora.xtec.cat\/ceip-jverdaguer-palleja\/wp-content\/uploads\/usu710\/2019\/11\/hort1-225x300.jpeg 225w\" sizes=\"auto, (max-width: 768px) 100vw, 768px\" \/><\/a><\/p>\n<blockquote class=\"twitter-tweet\" data-lang=\"ca\">\n<p dir=\"ltr\" lang=\"ca\">Ja tenim preparat l\u2019hort de l\u2019escola. Comen\u00e7ar\u00e0 a donar els seus fruits el curs vinent. Gr\u00e0cies a la col.laboraci\u00f3 de 7iTria i la comissi\u00f3 mixta de patis de l\u2019escola.<\/p>\n<p dir=\"ltr\" lang=\"ca\"><a href=\"https:\/\/agora.xtec.cat\/ceip-jverdaguer-palleja\/wp-content\/uploads\/usu710\/2019\/05\/hort.jpg\"><img loading=\"lazy\" decoding=\"async\" class=\"aligncenter wp-image-1496 size-full\" src=\"https:\/\/agora.xtec.cat\/ceip-jverdaguer-palleja\/wp-content\/uploads\/usu710\/2019\/05\/hort-e1594032654613.jpg\" alt=\"\" width=\"653\" height=\"871\" srcset=\"https:\/\/agora.xtec.cat\/ceip-jverdaguer-palleja\/wp-content\/uploads\/usu710\/2019\/05\/hort-e1594032654613.jpg 653w, https:\/\/agora.xtec.cat\/ceip-jverdaguer-palleja\/wp-content\/uploads\/usu710\/2019\/05\/hort-e1594032654613-225x300.jpg 225w\" sizes=\"auto, (max-width: 653px) 100vw, 653px\" \/><\/a><\/p>\n<\/blockquote>\n","protected":false},"excerpt":{"rendered":"<p>Ja tenim preparat l&#8217;hort: Ja tenim preparat l\u2019hort de l\u2019escola. Comen\u00e7ar\u00e0 a donar els seus fruits el curs vinent. Gr\u00e0cies a la col.laboraci\u00f3 de 7iTria i la comissi\u00f3 mixta de patis de l\u2019escola.<\/p>\n","protected":false},"author":1,"featured_media":0,"parent":1494,"menu_order":0,"comment_status":"closed","ping_status":"closed","template":"page-templates\/side-menu.php","meta":{"_bbp_topic_count":0,"_bbp_reply_count":0,"_bbp_total_topic_count":0,"_bbp_total_reply_count":0,"_bbp_voice_count":0,"_bbp_anonymous_reply_count":0,"_bbp_topic_count_hidden":0,"_bbp_reply_count_hidden":0,"_bbp_forum_subforum_count":0,"site-sidebar-layout":"default","site-content-layout":"","ast-site-content-layout":"","site-content-style":"default","site-sidebar-style":"default","ast-global-header-display":"","ast-banner-title-visibility":"","ast-main-header-display":"","ast-hfb-above-header-display":"","ast-hfb-below-header-display":"","ast-hfb-mobile-header-display":"","site-post-title":"","ast-breadcrumbs-content":"","ast-featured-img":"","footer-sml-layout":"","theme-transparent-header-meta":"","adv-header-id-meta":"","stick-header-meta":"","header-above-stick-meta":"","header-main-stick-meta":"","header-below-stick-meta":"","astra-migrate-meta-layouts":"default","ast-page-background-enabled":"default","ast-page-background-meta":{"desktop":{"background-color":"var(--ast-global-color-4)","background-image":"","background-repeat":"repeat","background-position":"center center","background-size":"auto","background-attachment":"scroll","background-type":"","background-media":"","overlay-type":"","overlay-color":"","overlay-opacity":"","overlay-gradient":""},"tablet":{"background-color":"","background-image":"","background-repeat":"repeat","background-position":"center center","background-size":"auto","background-attachment":"scroll","background-type":"","background-media":"","overlay-type":"","overlay-color":"","overlay-opacity":"","overlay-gradient":""},"mobile":{"background-color":"","background-image":"","background-repeat":"repeat","background-position":"center center","background-size":"auto","background-attachment":"scroll","background-type":"","background-media":"","overlay-type":"","overlay-color":"","overlay-opacity":"","overlay-gradient":""}},"ast-content-background-meta":{"desktop":{"background-color":"var(--ast-global-color-5)","background-image":"","background-repeat":"repeat","background-position":"center center","background-size":"auto","background-attachment":"scroll","background-type":"","background-media":"","overlay-type":"","overlay-color":"","overlay-opacity":"","overlay-gradient":""},"tablet":{"background-color":"var(--ast-global-color-5)","background-image":"","background-repeat":"repeat","background-position":"center center","background-size":"auto","background-attachment":"scroll","background-type":"","background-media":"","overlay-type":"","overlay-color":"","overlay-opacity":"","overlay-gradient":""},"mobile":{"background-color":"var(--ast-global-color-5)","background-image":"","background-repeat":"repeat","background-position":"center center","background-size":"auto","background-attachment":"scroll","background-type":"","background-media":"","overlay-type":"","overlay-color":"","overlay-opacity":"","overlay-gradient":""}},"footnotes":""},"class_list":["post-1498","page","type-page","status-publish","hentry"],"post_mailing_queue_ids":[],"_links":{"self":[{"href":"https:\/\/agora.xtec.cat\/ceip-jverdaguer-palleja\/wp-json\/wp\/v2\/pages\/1498","targetHints":{"allow":["GET"]}}],"collection":[{"href":"https:\/\/agora.xtec.cat\/ceip-jverdaguer-palleja\/wp-json\/wp\/v2\/pages"}],"about":[{"href":"https:\/\/agora.xtec.cat\/ceip-jverdaguer-palleja\/wp-json\/wp\/v2\/types\/page"}],"author":[{"embeddable":true,"href":"https:\/\/agora.xtec.cat\/ceip-jverdaguer-palleja\/wp-json\/wp\/v2\/users\/1"}],"replies":[{"embeddable":true,"href":"https:\/\/agora.xtec.cat\/ceip-jverdaguer-palleja\/wp-json\/wp\/v2\/comments?post=1498"}],"version-history":[{"count":4,"href":"https:\/\/agora.xtec.cat\/ceip-jverdaguer-palleja\/wp-json\/wp\/v2\/pages\/1498\/revisions"}],"predecessor-version":[{"id":2806,"href":"https:\/\/agora.xtec.cat\/ceip-jverdaguer-palleja\/wp-json\/wp\/v2\/pages\/1498\/revisions\/2806"}],"up":[{"embeddable":true,"href":"https:\/\/agora.xtec.cat\/ceip-jverdaguer-palleja\/wp-json\/wp\/v2\/pages\/1494"}],"wp:attachment":[{"href":"https:\/\/agora.xtec.cat\/ceip-jverdaguer-palleja\/wp-json\/wp\/v2\/media?parent=1498"}],"curies":[{"name":"wp","href":"https:\/\/api.w.org\/{rel}","templated":true}]}}