{"id":1494,"date":"2019-05-15T14:08:53","date_gmt":"2019-05-15T12:08:53","guid":{"rendered":"http:\/\/agora.xtec.cat\/ceip-jverdaguer-palleja\/?page_id=1494"},"modified":"2019-05-15T16:02:19","modified_gmt":"2019-05-15T14:02:19","slug":"somiem-el-nostre-pati","status":"publish","type":"page","link":"https:\/\/agora.xtec.cat\/ceip-jverdaguer-palleja\/somiem-el-nostre-pati\/","title":{"rendered":"SOMIEM EL NOSTRE PATI"},"content":{"rendered":"<p><b>PROJECTE DE RENOVACI\u00d3 DEL PATI DE L\u2019ESCOLA<\/b><\/p>\n<p>Com ja sabeu hi ha en marxa un projecte per renovar el pati de l\u2019escola. Es tracta d\u2019un projecte que tot just ha comen\u00e7at i l\u2019objectiu del qual \u00e9s treballar perqu\u00e8 els patis es converteixin en espais d\u2019aprenentatge en el que els infants puguin aprendre i desenvolupar les seves capacitats a trav\u00e9s del joc.<\/p>\n<p>Volem treballar perqu\u00e8 aquesta iniciativa estigui sempre en marxa, donant resposta a les noves necessitats que puguin sorgir.<\/p>\n<p>Es tracta d\u2019adaptar-nos a formes d\u2019aprenentatge m\u00e9s significatives pels alumnes.<\/p>\n<p>Per portar a terme aquesta tasca hem de treballar conjuntament<b><i> l\u2019escola,les fam\u00edlies i els alumnes<\/i><\/b>, donant aix\u00ed un valor inq\u00fcestionable als resultats.<\/p>\n<p>Algunes de les actuacions en les que la comissi\u00f3 est\u00e0 treballant actualment s\u00f3n :<\/p>\n<p>&nbsp;<\/p>\n<ul>\n<li><b>La creaci\u00f3 d\u2019un hort. <\/b><\/li>\n<\/ul>\n<ul>\n<li>Plantada de flors i plantes arom\u00e0tiques en diferents espais.<\/li>\n<\/ul>\n<ul>\n<li>Circuit de pneum\u00e0tics.<\/li>\n<\/ul>\n<ul>\n<li>Circuit de troncs.<\/li>\n<\/ul>\n<ul>\n<li>Hotel d\u2019insectes.<\/li>\n<\/ul>\n<ul>\n<li>Pissarres.<\/li>\n<\/ul>\n<ul>\n<li>Pintar els murs del pati.<\/li>\n<\/ul>\n<ul>\n<li>Pintar al terra jocs de gran format.<\/li>\n<\/ul>\n<ul>\n<li>Roc\u00f2drom<\/li>\n<\/ul>\n<ul>\n<li>Cuineta<\/li>\n<\/ul>\n<p>&nbsp;<\/p>\n<p>Els alumnes de l\u2019escola, ajudats per l\u2019equip de mestres, \u00a0tenen un paper important en l\u2019elaboraci\u00f3 del disseny de les diferents actuacions, i les fam\u00edlies tenim la possibilitat de participar de diferents maneres: amb<b> aportacions econ\u00f2miques, amb idees, amb \u00a0m\u00e0 d\u2019obra<\/b><b> i gesti\u00f3.. Tota ajuda \u00e9s benvinguda !!! <\/b><\/p>\n<blockquote class=\"twitter-tweet\" data-lang=\"ca\">\n<p dir=\"ltr\" lang=\"ca\">\n<\/blockquote>\n","protected":false},"excerpt":{"rendered":"<p>PROJECTE DE RENOVACI\u00d3 DEL PATI DE L\u2019ESCOLA Com ja sabeu hi ha en marxa un projecte per renovar el pati de l\u2019escola. Es tracta d\u2019un projecte que tot just ha comen\u00e7at i l\u2019objectiu del qual \u00e9s treballar perqu\u00e8 els patis es converteixin en espais d\u2019aprenentatge en el que els infants puguin aprendre i desenvolupar les [&hellip;]<\/p>\n","protected":false},"author":1,"featured_media":0,"parent":0,"menu_order":0,"comment_status":"closed","ping_status":"closed","template":"page-templates\/side-menu.php","meta":{"_bbp_topic_count":0,"_bbp_reply_count":0,"_bbp_total_topic_count":0,"_bbp_total_reply_count":0,"_bbp_voice_count":0,"_bbp_anonymous_reply_count":0,"_bbp_topic_count_hidden":0,"_bbp_reply_count_hidden":0,"_bbp_forum_subforum_count":0,"site-sidebar-layout":"default","site-content-layout":"","ast-site-content-layout":"","site-content-style":"default","site-sidebar-style":"default","ast-global-header-display":"","ast-banner-title-visibility":"","ast-main-header-display":"","ast-hfb-above-header-display":"","ast-hfb-below-header-display":"","ast-hfb-mobile-header-display":"","site-post-title":"","ast-breadcrumbs-content":"","ast-featured-img":"","footer-sml-layout":"","theme-transparent-header-meta":"","adv-header-id-meta":"","stick-header-meta":"","header-above-stick-meta":"","header-main-stick-meta":"","header-below-stick-meta":"","astra-migrate-meta-layouts":"default","ast-page-background-enabled":"default","ast-page-background-meta":{"desktop":{"background-color":"var(--ast-global-color-4)","background-image":"","background-repeat":"repeat","background-position":"center center","background-size":"auto","background-attachment":"scroll","background-type":"","background-media":"","overlay-type":"","overlay-color":"","overlay-opacity":"","overlay-gradient":""},"tablet":{"background-color":"","background-image":"","background-repeat":"repeat","background-position":"center center","background-size":"auto","background-attachment":"scroll","background-type":"","background-media":"","overlay-type":"","overlay-color":"","overlay-opacity":"","overlay-gradient":""},"mobile":{"background-color":"","background-image":"","background-repeat":"repeat","background-position":"center center","background-size":"auto","background-attachment":"scroll","background-type":"","background-media":"","overlay-type":"","overlay-color":"","overlay-opacity":"","overlay-gradient":""}},"ast-content-background-meta":{"desktop":{"background-color":"var(--ast-global-color-5)","background-image":"","background-repeat":"repeat","background-position":"center center","background-size":"auto","background-attachment":"scroll","background-type":"","background-media":"","overlay-type":"","overlay-color":"","overlay-opacity":"","overlay-gradient":""},"tablet":{"background-color":"var(--ast-global-color-5)","background-image":"","background-repeat":"repeat","background-position":"center center","background-size":"auto","background-attachment":"scroll","background-type":"","background-media":"","overlay-type":"","overlay-color":"","overlay-opacity":"","overlay-gradient":""},"mobile":{"background-color":"var(--ast-global-color-5)","background-image":"","background-repeat":"repeat","background-position":"center center","background-size":"auto","background-attachment":"scroll","background-type":"","background-media":"","overlay-type":"","overlay-color":"","overlay-opacity":"","overlay-gradient":""}},"footnotes":""},"class_list":["post-1494","page","type-page","status-publish","hentry"],"post_mailing_queue_ids":[],"_links":{"self":[{"href":"https:\/\/agora.xtec.cat\/ceip-jverdaguer-palleja\/wp-json\/wp\/v2\/pages\/1494","targetHints":{"allow":["GET"]}}],"collection":[{"href":"https:\/\/agora.xtec.cat\/ceip-jverdaguer-palleja\/wp-json\/wp\/v2\/pages"}],"about":[{"href":"https:\/\/agora.xtec.cat\/ceip-jverdaguer-palleja\/wp-json\/wp\/v2\/types\/page"}],"author":[{"embeddable":true,"href":"https:\/\/agora.xtec.cat\/ceip-jverdaguer-palleja\/wp-json\/wp\/v2\/users\/1"}],"replies":[{"embeddable":true,"href":"https:\/\/agora.xtec.cat\/ceip-jverdaguer-palleja\/wp-json\/wp\/v2\/comments?post=1494"}],"version-history":[{"count":3,"href":"https:\/\/agora.xtec.cat\/ceip-jverdaguer-palleja\/wp-json\/wp\/v2\/pages\/1494\/revisions"}],"predecessor-version":[{"id":1509,"href":"https:\/\/agora.xtec.cat\/ceip-jverdaguer-palleja\/wp-json\/wp\/v2\/pages\/1494\/revisions\/1509"}],"wp:attachment":[{"href":"https:\/\/agora.xtec.cat\/ceip-jverdaguer-palleja\/wp-json\/wp\/v2\/media?parent=1494"}],"curies":[{"name":"wp","href":"https:\/\/api.w.org\/{rel}","templated":true}]}}

<p><b>PROJECTE DE RENOVACIÓ DEL PATI DE L’ESCOLA</b></p>
<p>Com ja sabeu hi ha en marxa un projecte per renovar el pati de l’escola. Es tracta d’un projecte que tot just ha començat i l’objectiu del qual és treballar perquè els patis es converteixin en espais d’aprenentatge en el que els infants puguin aprendre i desenvolupar les seves capacitats a través del joc.</p>
<p>Volem treballar perquè aquesta iniciativa estigui sempre en marxa, donant resposta a les noves necessitats que puguin sorgir.</p>
<p>Es tracta d’adaptar-nos a formes d’aprenentatge més significatives pels alumnes.</p>
<p>Per portar a terme aquesta tasca hem de treballar conjuntament<b><i> l’escola,les famílies i els alumnes</i></b>, donant així un valor inqüestionable als resultats.</p>
<p>Algunes de les actuacions en les que la comissió està treballant actualment són :</p>
<p>&nbsp;</p>
<ul>
<li><b>La creació d’un hort. </b></li>
</ul>
<ul>
<li>Plantada de flors i plantes aromàtiques en diferents espais.</li>
</ul>
<ul>
<li>Circuit de pneumàtics.</li>
</ul>
<ul>
<li>Circuit de troncs.</li>
</ul>
<ul>
<li>Hotel d’insectes.</li>
</ul>
<ul>
<li>Pissarres.</li>
</ul>
<ul>
<li>Pintar els murs del pati.</li>
</ul>
<ul>
<li>Pintar al terra jocs de gran format.</li>
</ul>
<ul>
<li>Rocòdrom</li>
</ul>
<ul>
<li>Cuineta</li>
</ul>
<p>&nbsp;</p>
<p>Els alumnes de l’escola, ajudats per l’equip de mestres,  tenen un paper important en l’elaboració del disseny de les diferents actuacions, i les famílies tenim la possibilitat de participar de diferents maneres: amb<b> aportacions econòmiques, amb idees, amb  mà d’obra</b><b> i gestió.. Tota ajuda és benvinguda !!! </b></p>
<blockquote class="twitter-tweet" data-lang="ca">
<p dir="ltr" lang="ca">
</blockquote>

<p>PROJECTE DE RENOVACIÓ DEL PATI DE L’ESCOLA Com ja sabeu hi ha en marxa un projecte per renovar el pati de l’escola. Es tracta d’un projecte que tot just ha començat i l’objectiu del qual és treballar perquè els patis es converteixin en espais d’aprenentatge en el que els infants puguin aprendre i desenvolupar les [&hellip;]</p>
