{"id":964,"date":"2019-11-29T09:58:56","date_gmt":"2019-11-29T08:58:56","guid":{"rendered":"https:\/\/agora.xtec.cat\/ceip-jruyra-l-h\/?page_id=964"},"modified":"2022-12-19T09:01:15","modified_gmt":"2022-12-19T08:01:15","slug":"universitats","status":"publish","type":"page","link":"https:\/\/agora.xtec.cat\/ceip-jruyra-l-h\/collaboradors\/universitats\/","title":{"rendered":"Universitats"},"content":{"rendered":"<p>Com a escola estem compromesos en la formaci\u00f3 inicial dels futurs mestres. El nostre centre \u00e9s un espai d&#8217;aprenentatge on els estudiants poden fer una immersi\u00f3 en el projecte educatiu Comunitats d&#8217;Aprenentatge i en la implementaci\u00f3 de les diferents Actuacions Educatives d&#8217;\u00c8xit.<\/p>\n<p>Col\u00b7laborem com a Centre Formador de futurs mestres i professionals de l\u2019educaci\u00f3 amb les seg\u00fcents Universitats:<\/p>\n<p><a href=\"https:\/\/agora.xtec.cat\/ceip-jruyra-l-h\/wp-content\/uploads\/usu2049\/2019\/11\/UB.jpg\"><img loading=\"lazy\" decoding=\"async\" class=\"wp-image-940 size-medium alignleft\" src=\"https:\/\/agora.xtec.cat\/ceip-jruyra-l-h\/wp-content\/uploads\/usu2049\/2019\/11\/UB-300x97.jpg\" alt=\"\" width=\"300\" height=\"97\" srcset=\"https:\/\/agora.xtec.cat\/ceip-jruyra-l-h\/wp-content\/uploads\/usu2049\/2019\/11\/UB-300x97.jpg 300w, https:\/\/agora.xtec.cat\/ceip-jruyra-l-h\/wp-content\/uploads\/usu2049\/2019\/11\/UB-768x248.jpg 768w, https:\/\/agora.xtec.cat\/ceip-jruyra-l-h\/wp-content\/uploads\/usu2049\/2019\/11\/UB-1024x331.jpg 1024w, https:\/\/agora.xtec.cat\/ceip-jruyra-l-h\/wp-content\/uploads\/usu2049\/2019\/11\/UB.jpg 1092w\" sizes=\"auto, (max-width: 300px) 100vw, 300px\" \/><\/a><\/p>\n<p style=\"text-align: center;\"><a href=\"https:\/\/agora.xtec.cat\/ceip-jruyra-l-h\/wp-content\/uploads\/usu2049\/2019\/11\/UAB.jpg\"><img loading=\"lazy\" decoding=\"async\" class=\"wp-image-939 size-medium alignnone\" src=\"https:\/\/agora.xtec.cat\/ceip-jruyra-l-h\/wp-content\/uploads\/usu2049\/2019\/11\/UAB-300x97.jpg\" alt=\"\" width=\"300\" height=\"97\" srcset=\"https:\/\/agora.xtec.cat\/ceip-jruyra-l-h\/wp-content\/uploads\/usu2049\/2019\/11\/UAB-300x97.jpg 300w, https:\/\/agora.xtec.cat\/ceip-jruyra-l-h\/wp-content\/uploads\/usu2049\/2019\/11\/UAB-768x248.jpg 768w, https:\/\/agora.xtec.cat\/ceip-jruyra-l-h\/wp-content\/uploads\/usu2049\/2019\/11\/UAB-1024x331.jpg 1024w, https:\/\/agora.xtec.cat\/ceip-jruyra-l-h\/wp-content\/uploads\/usu2049\/2019\/11\/UAB.jpg 1092w\" sizes=\"auto, (max-width: 300px) 100vw, 300px\" \/><\/a><\/p>\n<p style=\"text-align: center;\"><a href=\"https:\/\/agora.xtec.cat\/ceip-jruyra-l-h\/wp-content\/uploads\/usu2049\/2019\/11\/UNIR.jpg\"><img loading=\"lazy\" decoding=\"async\" class=\"wp-image-941 size-medium alignright\" src=\"https:\/\/agora.xtec.cat\/ceip-jruyra-l-h\/wp-content\/uploads\/usu2049\/2019\/11\/UNIR-300x89.jpg\" alt=\"\" width=\"300\" height=\"89\" srcset=\"https:\/\/agora.xtec.cat\/ceip-jruyra-l-h\/wp-content\/uploads\/usu2049\/2019\/11\/UNIR-300x89.jpg 300w, https:\/\/agora.xtec.cat\/ceip-jruyra-l-h\/wp-content\/uploads\/usu2049\/2019\/11\/UNIR-768x229.jpg 768w, https:\/\/agora.xtec.cat\/ceip-jruyra-l-h\/wp-content\/uploads\/usu2049\/2019\/11\/UNIR.jpg 1015w\" sizes=\"auto, (max-width: 300px) 100vw, 300px\" \/><\/a><\/p>\n<p style=\"text-align: center;\"><a href=\"https:\/\/agora.xtec.cat\/ceip-jruyra-l-h\/wp-content\/uploads\/usu2049\/2019\/11\/Pere-Tarres.jpg\"><img loading=\"lazy\" decoding=\"async\" class=\"wp-image-938 size-medium aligncenter\" src=\"https:\/\/agora.xtec.cat\/ceip-jruyra-l-h\/wp-content\/uploads\/usu2049\/2019\/11\/Pere-Tarres-300x123.jpg\" alt=\"\" width=\"300\" height=\"123\" srcset=\"https:\/\/agora.xtec.cat\/ceip-jruyra-l-h\/wp-content\/uploads\/usu2049\/2019\/11\/Pere-Tarres-300x123.jpg 300w, https:\/\/agora.xtec.cat\/ceip-jruyra-l-h\/wp-content\/uploads\/usu2049\/2019\/11\/Pere-Tarres-768x314.jpg 768w, https:\/\/agora.xtec.cat\/ceip-jruyra-l-h\/wp-content\/uploads\/usu2049\/2019\/11\/Pere-Tarres-1024x419.jpg 1024w, https:\/\/agora.xtec.cat\/ceip-jruyra-l-h\/wp-content\/uploads\/usu2049\/2019\/11\/Pere-Tarres.jpg 1135w\" sizes=\"auto, (max-width: 300px) 100vw, 300px\" \/><\/a><\/p>\n<p style=\"text-align: center;\"><a href=\"https:\/\/agora.xtec.cat\/ceip-jruyra-l-h\/wp-content\/uploads\/usu2049\/2019\/11\/Universitat-de-Mondragon.jpg\"><img loading=\"lazy\" decoding=\"async\" class=\"wp-image-942 size-medium alignleft\" src=\"https:\/\/agora.xtec.cat\/ceip-jruyra-l-h\/wp-content\/uploads\/usu2049\/2019\/11\/Universitat-de-Mondragon-300x79.jpg\" alt=\"\" width=\"300\" height=\"79\" srcset=\"https:\/\/agora.xtec.cat\/ceip-jruyra-l-h\/wp-content\/uploads\/usu2049\/2019\/11\/Universitat-de-Mondragon-300x79.jpg 300w, https:\/\/agora.xtec.cat\/ceip-jruyra-l-h\/wp-content\/uploads\/usu2049\/2019\/11\/Universitat-de-Mondragon-768x201.jpg 768w, https:\/\/agora.xtec.cat\/ceip-jruyra-l-h\/wp-content\/uploads\/usu2049\/2019\/11\/Universitat-de-Mondragon-1024x268.jpg 1024w, https:\/\/agora.xtec.cat\/ceip-jruyra-l-h\/wp-content\/uploads\/usu2049\/2019\/11\/Universitat-de-Mondragon.jpg 1152w\" sizes=\"auto, (max-width: 300px) 100vw, 300px\" \/><\/a><\/p>\n<p style=\"text-align: center;\"><img loading=\"lazy\" decoding=\"async\" class=\"wp-image-13646 size-medium alignnone\" src=\"https:\/\/agora.xtec.cat\/ceip-jruyra-l-h\/wp-content\/uploads\/usu2049\/2022\/12\/156430_Logoprimeraversion-300x150.png\" alt=\"\" width=\"300\" height=\"150\" srcset=\"https:\/\/agora.xtec.cat\/ceip-jruyra-l-h\/wp-content\/uploads\/usu2049\/2022\/12\/156430_Logoprimeraversion-300x150.png 300w, https:\/\/agora.xtec.cat\/ceip-jruyra-l-h\/wp-content\/uploads\/usu2049\/2022\/12\/156430_Logoprimeraversion-1024x512.png 1024w, https:\/\/agora.xtec.cat\/ceip-jruyra-l-h\/wp-content\/uploads\/usu2049\/2022\/12\/156430_Logoprimeraversion-768x384.png 768w, https:\/\/agora.xtec.cat\/ceip-jruyra-l-h\/wp-content\/uploads\/usu2049\/2022\/12\/156430_Logoprimeraversion-1536x768.png 1536w, https:\/\/agora.xtec.cat\/ceip-jruyra-l-h\/wp-content\/uploads\/usu2049\/2022\/12\/156430_Logoprimeraversion-2048x1024.png 2048w\" sizes=\"auto, (max-width: 300px) 100vw, 300px\" \/><\/p>\n<p style=\"text-align: center;\"><a href=\"https:\/\/agora.xtec.cat\/ceip-jruyra-l-h\/wp-content\/uploads\/usu2049\/2019\/11\/UVIC.jpg\"><img loading=\"lazy\" decoding=\"async\" class=\"wp-image-944 size-medium alignright\" src=\"https:\/\/agora.xtec.cat\/ceip-jruyra-l-h\/wp-content\/uploads\/usu2049\/2019\/11\/UVIC-300x155.jpg\" alt=\"\" width=\"300\" height=\"155\" srcset=\"https:\/\/agora.xtec.cat\/ceip-jruyra-l-h\/wp-content\/uploads\/usu2049\/2019\/11\/UVIC-300x155.jpg 300w, https:\/\/agora.xtec.cat\/ceip-jruyra-l-h\/wp-content\/uploads\/usu2049\/2019\/11\/UVIC-768x397.jpg 768w, https:\/\/agora.xtec.cat\/ceip-jruyra-l-h\/wp-content\/uploads\/usu2049\/2019\/11\/UVIC-1024x530.jpg 1024w, https:\/\/agora.xtec.cat\/ceip-jruyra-l-h\/wp-content\/uploads\/usu2049\/2019\/11\/UVIC.jpg 1121w\" sizes=\"auto, (max-width: 300px) 100vw, 300px\" \/><\/a><\/p>\n<p>&nbsp;<\/p>\n<p><img loading=\"lazy\" decoding=\"async\" class=\"wp-image-7467 size-medium aligncenter\" src=\"https:\/\/agora.xtec.cat\/ceip-jruyra-l-h\/wp-content\/uploads\/usu2049\/2021\/04\/Logo-Blanquerna-color-300x100.png\" alt=\"\" width=\"300\" height=\"100\" srcset=\"https:\/\/agora.xtec.cat\/ceip-jruyra-l-h\/wp-content\/uploads\/usu2049\/2021\/04\/Logo-Blanquerna-color-300x100.png 300w, https:\/\/agora.xtec.cat\/ceip-jruyra-l-h\/wp-content\/uploads\/usu2049\/2021\/04\/Logo-Blanquerna-color-768x256.png 768w, https:\/\/agora.xtec.cat\/ceip-jruyra-l-h\/wp-content\/uploads\/usu2049\/2021\/04\/Logo-Blanquerna-color-1024x341.png 1024w\" sizes=\"auto, (max-width: 300px) 100vw, 300px\" \/><\/p>\n<p>&nbsp;<\/p>\n<p><img loading=\"lazy\" decoding=\"async\" class=\"wp-image-13644 size-medium alignleft\" src=\"https:\/\/agora.xtec.cat\/ceip-jruyra-l-h\/wp-content\/uploads\/usu2049\/2022\/12\/descarga-300x60.png\" alt=\"\" width=\"300\" height=\"60\" srcset=\"https:\/\/agora.xtec.cat\/ceip-jruyra-l-h\/wp-content\/uploads\/usu2049\/2022\/12\/descarga-300x60.png 300w, https:\/\/agora.xtec.cat\/ceip-jruyra-l-h\/wp-content\/uploads\/usu2049\/2022\/12\/descarga.png 503w\" sizes=\"auto, (max-width: 300px) 100vw, 300px\" \/><\/p>\n","protected":false},"excerpt":{"rendered":"<p>Com a escola estem compromesos en la formaci\u00f3 inicial dels futurs mestres. El nostre centre \u00e9s un espai d&#8217;aprenentatge on els estudiants poden fer una immersi\u00f3 en el projecte educatiu Comunitats d&#8217;Aprenentatge i en la implementaci\u00f3 de les diferents Actuacions Educatives d&#8217;\u00c8xit.<br \/>\nCol\u00b7laborem com a Centre&hellip;  <a href=\"https:\/\/agora.xtec.cat\/ceip-jruyra-l-h\/collaboradors\/universitats\/\" title=\"Read Universitats\">Llegeix m\u00e9s\u00bb<\/a><\/p>\n","protected":false},"author":3,"featured_media":0,"parent":953,"menu_order":1,"comment_status":"closed","ping_status":"closed","template":"page-templates\/side-menu.php","meta":{"_bbp_topic_count":0,"_bbp_reply_count":0,"_bbp_total_topic_count":0,"_bbp_total_reply_count":0,"_bbp_voice_count":0,"_bbp_anonymous_reply_count":0,"_bbp_topic_count_hidden":0,"_bbp_reply_count_hidden":0,"_bbp_forum_subforum_count":0,"footnotes":""},"class_list":["post-964","page","type-page","status-publish","hentry"],"post_mailing_queue_ids":[],"_links":{"self":[{"href":"https:\/\/agora.xtec.cat\/ceip-jruyra-l-h\/wp-json\/wp\/v2\/pages\/964","targetHints":{"allow":["GET"]}}],"collection":[{"href":"https:\/\/agora.xtec.cat\/ceip-jruyra-l-h\/wp-json\/wp\/v2\/pages"}],"about":[{"href":"https:\/\/agora.xtec.cat\/ceip-jruyra-l-h\/wp-json\/wp\/v2\/types\/page"}],"author":[{"embeddable":true,"href":"https:\/\/agora.xtec.cat\/ceip-jruyra-l-h\/wp-json\/wp\/v2\/users\/3"}],"replies":[{"embeddable":true,"href":"https:\/\/agora.xtec.cat\/ceip-jruyra-l-h\/wp-json\/wp\/v2\/comments?post=964"}],"version-history":[{"count":3,"href":"https:\/\/agora.xtec.cat\/ceip-jruyra-l-h\/wp-json\/wp\/v2\/pages\/964\/revisions"}],"predecessor-version":[{"id":7469,"href":"https:\/\/agora.xtec.cat\/ceip-jruyra-l-h\/wp-json\/wp\/v2\/pages\/964\/revisions\/7469"}],"up":[{"embeddable":true,"href":"https:\/\/agora.xtec.cat\/ceip-jruyra-l-h\/wp-json\/wp\/v2\/pages\/953"}],"wp:attachment":[{"href":"https:\/\/agora.xtec.cat\/ceip-jruyra-l-h\/wp-json\/wp\/v2\/media?parent=964"}],"curies":[{"name":"wp","href":"https:\/\/api.w.org\/{rel}","templated":true}]}}

<p>Com a escola estem compromesos en la formació inicial dels futurs mestres. El nostre centre és un espai d&#8217;aprenentatge on els estudiants poden fer una immersió en el projecte educatiu Comunitats d&#8217;Aprenentatge i en la implementació de les diferents Actuacions Educatives d&#8217;Èxit.</p>
<p>Col·laborem com a Centre Formador de futurs mestres i professionals de l’educació amb les següents Universitats:</p>
<p><a href="https://agora.xtec.cat/ceip-jruyra-l-h/wp-content/uploads/usu2049/2019/11/UB.jpg"><img loading="lazy" decoding="async" class="wp-image-940 size-medium alignleft" src="https://agora.xtec.cat/ceip-jruyra-l-h/wp-content/uploads/usu2049/2019/11/UB-300x97.jpg" alt="" width="300" height="97" srcset="https://agora.xtec.cat/ceip-jruyra-l-h/wp-content/uploads/usu2049/2019/11/UB-300x97.jpg 300w, https://agora.xtec.cat/ceip-jruyra-l-h/wp-content/uploads/usu2049/2019/11/UB-768x248.jpg 768w, https://agora.xtec.cat/ceip-jruyra-l-h/wp-content/uploads/usu2049/2019/11/UB-1024x331.jpg 1024w, https://agora.xtec.cat/ceip-jruyra-l-h/wp-content/uploads/usu2049/2019/11/UB.jpg 1092w" sizes="auto, (max-width: 300px) 100vw, 300px" /></a></p>
<p style="text-align: center;"><a href="https://agora.xtec.cat/ceip-jruyra-l-h/wp-content/uploads/usu2049/2019/11/UAB.jpg"><img loading="lazy" decoding="async" class="wp-image-939 size-medium alignnone" src="https://agora.xtec.cat/ceip-jruyra-l-h/wp-content/uploads/usu2049/2019/11/UAB-300x97.jpg" alt="" width="300" height="97" srcset="https://agora.xtec.cat/ceip-jruyra-l-h/wp-content/uploads/usu2049/2019/11/UAB-300x97.jpg 300w, https://agora.xtec.cat/ceip-jruyra-l-h/wp-content/uploads/usu2049/2019/11/UAB-768x248.jpg 768w, https://agora.xtec.cat/ceip-jruyra-l-h/wp-content/uploads/usu2049/2019/11/UAB-1024x331.jpg 1024w, https://agora.xtec.cat/ceip-jruyra-l-h/wp-content/uploads/usu2049/2019/11/UAB.jpg 1092w" sizes="auto, (max-width: 300px) 100vw, 300px" /></a></p>
<p style="text-align: center;"><a href="https://agora.xtec.cat/ceip-jruyra-l-h/wp-content/uploads/usu2049/2019/11/UNIR.jpg"><img loading="lazy" decoding="async" class="wp-image-941 size-medium alignright" src="https://agora.xtec.cat/ceip-jruyra-l-h/wp-content/uploads/usu2049/2019/11/UNIR-300x89.jpg" alt="" width="300" height="89" srcset="https://agora.xtec.cat/ceip-jruyra-l-h/wp-content/uploads/usu2049/2019/11/UNIR-300x89.jpg 300w, https://agora.xtec.cat/ceip-jruyra-l-h/wp-content/uploads/usu2049/2019/11/UNIR-768x229.jpg 768w, https://agora.xtec.cat/ceip-jruyra-l-h/wp-content/uploads/usu2049/2019/11/UNIR.jpg 1015w" sizes="auto, (max-width: 300px) 100vw, 300px" /></a></p>
<p style="text-align: center;"><a href="https://agora.xtec.cat/ceip-jruyra-l-h/wp-content/uploads/usu2049/2019/11/Pere-Tarres.jpg"><img loading="lazy" decoding="async" class="wp-image-938 size-medium aligncenter" src="https://agora.xtec.cat/ceip-jruyra-l-h/wp-content/uploads/usu2049/2019/11/Pere-Tarres-300x123.jpg" alt="" width="300" height="123" srcset="https://agora.xtec.cat/ceip-jruyra-l-h/wp-content/uploads/usu2049/2019/11/Pere-Tarres-300x123.jpg 300w, https://agora.xtec.cat/ceip-jruyra-l-h/wp-content/uploads/usu2049/2019/11/Pere-Tarres-768x314.jpg 768w, https://agora.xtec.cat/ceip-jruyra-l-h/wp-content/uploads/usu2049/2019/11/Pere-Tarres-1024x419.jpg 1024w, https://agora.xtec.cat/ceip-jruyra-l-h/wp-content/uploads/usu2049/2019/11/Pere-Tarres.jpg 1135w" sizes="auto, (max-width: 300px) 100vw, 300px" /></a></p>
<p style="text-align: center;"><a href="https://agora.xtec.cat/ceip-jruyra-l-h/wp-content/uploads/usu2049/2019/11/Universitat-de-Mondragon.jpg"><img loading="lazy" decoding="async" class="wp-image-942 size-medium alignleft" src="https://agora.xtec.cat/ceip-jruyra-l-h/wp-content/uploads/usu2049/2019/11/Universitat-de-Mondragon-300x79.jpg" alt="" width="300" height="79" srcset="https://agora.xtec.cat/ceip-jruyra-l-h/wp-content/uploads/usu2049/2019/11/Universitat-de-Mondragon-300x79.jpg 300w, https://agora.xtec.cat/ceip-jruyra-l-h/wp-content/uploads/usu2049/2019/11/Universitat-de-Mondragon-768x201.jpg 768w, https://agora.xtec.cat/ceip-jruyra-l-h/wp-content/uploads/usu2049/2019/11/Universitat-de-Mondragon-1024x268.jpg 1024w, https://agora.xtec.cat/ceip-jruyra-l-h/wp-content/uploads/usu2049/2019/11/Universitat-de-Mondragon.jpg 1152w" sizes="auto, (max-width: 300px) 100vw, 300px" /></a></p>
<p style="text-align: center;"><img loading="lazy" decoding="async" class="wp-image-13646 size-medium alignnone" src="https://agora.xtec.cat/ceip-jruyra-l-h/wp-content/uploads/usu2049/2022/12/156430_Logoprimeraversion-300x150.png" alt="" width="300" height="150" srcset="https://agora.xtec.cat/ceip-jruyra-l-h/wp-content/uploads/usu2049/2022/12/156430_Logoprimeraversion-300x150.png 300w, https://agora.xtec.cat/ceip-jruyra-l-h/wp-content/uploads/usu2049/2022/12/156430_Logoprimeraversion-1024x512.png 1024w, https://agora.xtec.cat/ceip-jruyra-l-h/wp-content/uploads/usu2049/2022/12/156430_Logoprimeraversion-768x384.png 768w, https://agora.xtec.cat/ceip-jruyra-l-h/wp-content/uploads/usu2049/2022/12/156430_Logoprimeraversion-1536x768.png 1536w, https://agora.xtec.cat/ceip-jruyra-l-h/wp-content/uploads/usu2049/2022/12/156430_Logoprimeraversion-2048x1024.png 2048w" sizes="auto, (max-width: 300px) 100vw, 300px" /></p>
<p style="text-align: center;"><a href="https://agora.xtec.cat/ceip-jruyra-l-h/wp-content/uploads/usu2049/2019/11/UVIC.jpg"><img loading="lazy" decoding="async" class="wp-image-944 size-medium alignright" src="https://agora.xtec.cat/ceip-jruyra-l-h/wp-content/uploads/usu2049/2019/11/UVIC-300x155.jpg" alt="" width="300" height="155" srcset="https://agora.xtec.cat/ceip-jruyra-l-h/wp-content/uploads/usu2049/2019/11/UVIC-300x155.jpg 300w, https://agora.xtec.cat/ceip-jruyra-l-h/wp-content/uploads/usu2049/2019/11/UVIC-768x397.jpg 768w, https://agora.xtec.cat/ceip-jruyra-l-h/wp-content/uploads/usu2049/2019/11/UVIC-1024x530.jpg 1024w, https://agora.xtec.cat/ceip-jruyra-l-h/wp-content/uploads/usu2049/2019/11/UVIC.jpg 1121w" sizes="auto, (max-width: 300px) 100vw, 300px" /></a></p>
<p>&nbsp;</p>
<p><img loading="lazy" decoding="async" class="wp-image-7467 size-medium aligncenter" src="https://agora.xtec.cat/ceip-jruyra-l-h/wp-content/uploads/usu2049/2021/04/Logo-Blanquerna-color-300x100.png" alt="" width="300" height="100" srcset="https://agora.xtec.cat/ceip-jruyra-l-h/wp-content/uploads/usu2049/2021/04/Logo-Blanquerna-color-300x100.png 300w, https://agora.xtec.cat/ceip-jruyra-l-h/wp-content/uploads/usu2049/2021/04/Logo-Blanquerna-color-768x256.png 768w, https://agora.xtec.cat/ceip-jruyra-l-h/wp-content/uploads/usu2049/2021/04/Logo-Blanquerna-color-1024x341.png 1024w" sizes="auto, (max-width: 300px) 100vw, 300px" /></p>
<p>&nbsp;</p>
<p><img loading="lazy" decoding="async" class="wp-image-13644 size-medium alignleft" src="https://agora.xtec.cat/ceip-jruyra-l-h/wp-content/uploads/usu2049/2022/12/descarga-300x60.png" alt="" width="300" height="60" srcset="https://agora.xtec.cat/ceip-jruyra-l-h/wp-content/uploads/usu2049/2022/12/descarga-300x60.png 300w, https://agora.xtec.cat/ceip-jruyra-l-h/wp-content/uploads/usu2049/2022/12/descarga.png 503w" sizes="auto, (max-width: 300px) 100vw, 300px" /></p>

<p>Com a escola estem compromesos en la formació inicial dels futurs mestres. El nostre centre és un espai d&#8217;aprenentatge on els estudiants poden fer una immersió en el projecte educatiu Comunitats d&#8217;Aprenentatge i en la implementació de les diferents Actuacions Educatives d&#8217;Èxit.<br />
Col·laborem com a Centre&hellip;  <a href="https://agora.xtec.cat/ceip-jruyra-l-h/collaboradors/universitats/" title="Read Universitats">Llegeix més»</a></p>
