{"id":960,"date":"2019-11-29T09:56:47","date_gmt":"2019-11-29T08:56:47","guid":{"rendered":"https:\/\/agora.xtec.cat\/ceip-jruyra-l-h\/?page_id=960"},"modified":"2021-10-18T13:11:13","modified_gmt":"2021-10-18T11:11:13","slug":"fem-tandem-lh","status":"publish","type":"page","link":"https:\/\/agora.xtec.cat\/ceip-jruyra-l-h\/collaboradors\/fem-tandem-lh\/","title":{"rendered":"Fem T\u00e0ndem L&#8217;H"},"content":{"rendered":"<p>&nbsp;<\/p>\n<p><img loading=\"lazy\" decoding=\"async\" class=\"\" src=\"http:\/\/www.l-h.cat\/utils\/obreFitxer.ashx?Fw9EVw48XS4jUwQvy2gx31eVqazAqJczowinH5bHPy4J43BoDjqazCE5pdpynbFjDOxpUEJZ0oAOdEe3gqazB\" width=\"600\" height=\"394\" \/><img loading=\"lazy\" decoding=\"async\" class=\"alignnone size-full wp-image-9211\" src=\"https:\/\/agora.xtec.cat\/ceip-jruyra-l-h\/wp-content\/uploads\/usu2049\/2021\/10\/cats-2.jpg\" alt=\"\" width=\"900\" height=\"346\" srcset=\"https:\/\/agora.xtec.cat\/ceip-jruyra-l-h\/wp-content\/uploads\/usu2049\/2021\/10\/cats-2.jpg 900w, https:\/\/agora.xtec.cat\/ceip-jruyra-l-h\/wp-content\/uploads\/usu2049\/2021\/10\/cats-2-300x115.jpg 300w, https:\/\/agora.xtec.cat\/ceip-jruyra-l-h\/wp-content\/uploads\/usu2049\/2021\/10\/cats-2-768x295.jpg 768w\" sizes=\"auto, (max-width: 900px) 100vw, 900px\" \/><\/p>\n<p>FEM T\u00c0NDEM L&#8217;H \u00e9s un projecte de singularitzaci\u00f3 de les escoles p\u00fabliques de L&#8217;Hospitalet mitjan\u00e7ant un element d&#8217;excel\u00b7l\u00e8ncia del camp de les arts, la cultura i les ci\u00e8ncies. Vol desenvolupar la funci\u00f3 educativa de la cultura enfortint els vincles i la col\u00b7laboraci\u00f3 dels equipaments culturals amb les escoles p\u00fabliques de L&#8217;Hospitalet.<\/p>\n<p>1. Eduquem per la cultura. Projecte de singularitzaci\u00f3 de les escoles p\u00fabliques de L&#8217;Hospitalet mitjan\u00e7ant un element d&#8217;excel\u00b7l\u00e8ncia en el camp de les arts, la cultura i les ci\u00e8ncies.<\/p>\n<p>2. Cultivem l&#8217;educaci\u00f3. Desenvolupar la funci\u00f3 educativa de la cultura enfortint els vincles i la col\u00b7laboraci\u00f3 dels equipametns culturals amb les escoles p\u00fabliques de L&#8217;Hospitalet.<\/p>\n<p>En el nostre cas, Fem T\u00e0ndem amb <a href=\"http:\/\/www.nuboticalh.es\/#\">Nubotica<\/a>, una acad\u00e8mia de rob\u00f2tica educativa amb la seva seu a l&#8217;Hospitalet de Llobregat.<\/p>\n<p>M\u00e9s informaci\u00f3 a <a href=\"http:\/\/www.culturalheduca.cat\/1236376_1.aspx?id=1\">Fem T\u00e0ndem CulturaLH Educa<\/a><\/p>\n","protected":false},"excerpt":{"rendered":"<p>&nbsp;<\/p>\n<p>FEM T\u00c0NDEM L&#8217;H \u00e9s un projecte de singularitzaci\u00f3 de les escoles p\u00fabliques de L&#8217;Hospitalet mitjan\u00e7ant un element d&#8217;excel\u00b7l\u00e8ncia del camp de les arts, la cultura i les ci\u00e8ncies. Vol desenvolupar la funci\u00f3 educativa de la cultura enfortint els vincles i la col\u00b7laboraci\u00f3 dels equipaments culturals&hellip;  <a href=\"https:\/\/agora.xtec.cat\/ceip-jruyra-l-h\/collaboradors\/fem-tandem-lh\/\" title=\"Read Fem T\u00e0ndem L&#8217;H\">Llegeix m\u00e9s\u00bb<\/a><\/p>\n","protected":false},"author":3,"featured_media":0,"parent":953,"menu_order":2,"comment_status":"closed","ping_status":"closed","template":"page-templates\/side-menu.php","meta":{"_bbp_topic_count":0,"_bbp_reply_count":0,"_bbp_total_topic_count":0,"_bbp_total_reply_count":0,"_bbp_voice_count":0,"_bbp_anonymous_reply_count":0,"_bbp_topic_count_hidden":0,"_bbp_reply_count_hidden":0,"_bbp_forum_subforum_count":0,"footnotes":""},"class_list":["post-960","page","type-page","status-publish","hentry"],"post_mailing_queue_ids":[],"_links":{"self":[{"href":"https:\/\/agora.xtec.cat\/ceip-jruyra-l-h\/wp-json\/wp\/v2\/pages\/960","targetHints":{"allow":["GET"]}}],"collection":[{"href":"https:\/\/agora.xtec.cat\/ceip-jruyra-l-h\/wp-json\/wp\/v2\/pages"}],"about":[{"href":"https:\/\/agora.xtec.cat\/ceip-jruyra-l-h\/wp-json\/wp\/v2\/types\/page"}],"author":[{"embeddable":true,"href":"https:\/\/agora.xtec.cat\/ceip-jruyra-l-h\/wp-json\/wp\/v2\/users\/3"}],"replies":[{"embeddable":true,"href":"https:\/\/agora.xtec.cat\/ceip-jruyra-l-h\/wp-json\/wp\/v2\/comments?post=960"}],"version-history":[{"count":3,"href":"https:\/\/agora.xtec.cat\/ceip-jruyra-l-h\/wp-json\/wp\/v2\/pages\/960\/revisions"}],"predecessor-version":[{"id":9216,"href":"https:\/\/agora.xtec.cat\/ceip-jruyra-l-h\/wp-json\/wp\/v2\/pages\/960\/revisions\/9216"}],"up":[{"embeddable":true,"href":"https:\/\/agora.xtec.cat\/ceip-jruyra-l-h\/wp-json\/wp\/v2\/pages\/953"}],"wp:attachment":[{"href":"https:\/\/agora.xtec.cat\/ceip-jruyra-l-h\/wp-json\/wp\/v2\/media?parent=960"}],"curies":[{"name":"wp","href":"https:\/\/api.w.org\/{rel}","templated":true}]}}

Fem Tàndem L&#8217;H

<p>&nbsp;</p>
<p><img loading="lazy" decoding="async" class="" src="http://www.l-h.cat/utils/obreFitxer.ashx?Fw9EVw48XS4jUwQvy2gx31eVqazAqJczowinH5bHPy4J43BoDjqazCE5pdpynbFjDOxpUEJZ0oAOdEe3gqazB" width="600" height="394" /><img loading="lazy" decoding="async" class="alignnone size-full wp-image-9211" src="https://agora.xtec.cat/ceip-jruyra-l-h/wp-content/uploads/usu2049/2021/10/cats-2.jpg" alt="" width="900" height="346" srcset="https://agora.xtec.cat/ceip-jruyra-l-h/wp-content/uploads/usu2049/2021/10/cats-2.jpg 900w, https://agora.xtec.cat/ceip-jruyra-l-h/wp-content/uploads/usu2049/2021/10/cats-2-300x115.jpg 300w, https://agora.xtec.cat/ceip-jruyra-l-h/wp-content/uploads/usu2049/2021/10/cats-2-768x295.jpg 768w" sizes="auto, (max-width: 900px) 100vw, 900px" /></p>
<p>FEM TÀNDEM L&#8217;H és un projecte de singularització de les escoles públiques de L&#8217;Hospitalet mitjançant un element d&#8217;excel·lència del camp de les arts, la cultura i les ciències. Vol desenvolupar la funció educativa de la cultura enfortint els vincles i la col·laboració dels equipaments culturals amb les escoles públiques de L&#8217;Hospitalet.</p>
<p>1. Eduquem per la cultura. Projecte de singularització de les escoles públiques de L&#8217;Hospitalet mitjançant un element d&#8217;excel·lència en el camp de les arts, la cultura i les ciències.</p>
<p>2. Cultivem l&#8217;educació. Desenvolupar la funció educativa de la cultura enfortint els vincles i la col·laboració dels equipametns culturals amb les escoles públiques de L&#8217;Hospitalet.</p>
<p>En el nostre cas, Fem Tàndem amb <a href="http://www.nuboticalh.es/#">Nubotica</a>, una acadèmia de robòtica educativa amb la seva seu a l&#8217;Hospitalet de Llobregat.</p>
<p>Més informació a <a href="http://www.culturalheduca.cat/1236376_1.aspx?id=1">Fem Tàndem CulturaLH Educa</a></p>

<p>&nbsp;</p>
<p>FEM TÀNDEM L&#8217;H és un projecte de singularització de les escoles públiques de L&#8217;Hospitalet mitjançant un element d&#8217;excel·lència del camp de les arts, la cultura i les ciències. Vol desenvolupar la funció educativa de la cultura enfortint els vincles i la col·laboració dels equipaments culturals&hellip;  <a href="https://agora.xtec.cat/ceip-jruyra-l-h/collaboradors/fem-tandem-lh/" title="Read Fem Tàndem L&#8217;H">Llegeix més»</a></p>
