{"id":876,"date":"2019-11-23T22:25:02","date_gmt":"2019-11-23T21:25:02","guid":{"rendered":"https:\/\/agora.xtec.cat\/ceip-jruyra-l-h\/?page_id=876"},"modified":"2022-11-10T10:58:23","modified_gmt":"2022-11-10T09:58:23","slug":"formacio-de-familiars","status":"publish","type":"page","link":"https:\/\/agora.xtec.cat\/ceip-jruyra-l-h\/cda\/formacio-de-familiars\/","title":{"rendered":"Formaci\u00f3 de Familiars &#8211; Escola de Vida"},"content":{"rendered":"<p><iframe loading=\"lazy\" title=\"YouTube video player\" src=\"https:\/\/www.youtube.com\/embed\/LhajQ_TpDHg\" width=\"560\" height=\"315\" frameborder=\"0\" allowfullscreen=\"allowfullscreen\"><\/iframe><\/p>\n<p style=\"text-align: justify;\"><strong>La formaci\u00f3 de familiars<\/strong><strong>\u00a0<\/strong>incideix significativament en\u00a0l\u2019aprenentatge dels vostres fills i filles. Les Comunitats\u00a0d\u2019aprenentatge es caracteritzen per obrir les possibilitats\u00a0formatives no nom\u00e9s al professorat i l\u2019alumnat sin\u00f3 tamb\u00e9 als seus familiars. D\u2019aquesta manera s\u2019aconsegueix, a m\u00e9s d\u2019afavorir la\u00a0formaci\u00f3 demanada pels familiars, avan\u00e7ar cap a la coordinaci\u00f3\u00a0amb les fam\u00edlies, un dels aspectes on es posa m\u00e9s \u00e8mfasi des de\u00a0les Comunitats d\u2019Aprenentatge. Alguns exemples d\u2019aquestes\u00a0formacions que portem a terme a l&#8217;Escola Joaquim Ruyra s\u00f3n d&#8217;inform\u00e0tica i catal\u00e0. Tamb\u00e9 organitzem xerrades informatives sobre salut, internet segura, tradicions catalanes, etc.<\/p>\n<p style=\"text-align: justify;\">El curs 2019-2020 neix <a href=\"https:\/\/escoladevida.cat\/\"><strong>l&#8217;Escola de Vida Les Planes &#8211; Florida<\/strong><\/a> per donar resposta a les necessitats formatives de la poblaci\u00f3 de m\u00e9s de 16 anys del nostre barri i tota la localitat. Des de l&#8217;escola participem activament en la creaci\u00f3 d&#8217;aquest espai de formaci\u00f3, amb la Seu a les nostres instal\u00b7lacions. \u00c9s per nosaltres tot un luxe poder comptar amb una major oferta formativa per donar resposta a la Formaci\u00f3 de Familiars del nostre centre. Podeu trobar molta m\u00e9s informaci\u00f3<a href=\"https:\/\/escoladevida.cat\/\"> fent click aqu\u00ed <img loading=\"lazy\" decoding=\"async\" class=\"\" src=\"https:\/\/agora.xtec.cat\/ceipvictorcatala\/wp-content\/uploads\/usu1671\/2020\/05\/aqui%CC%81-2.png\" width=\"20\" height=\"20\" \/><\/a><\/p>\n<p><iframe loading=\"lazy\" title=\"YouTube video player\" src=\"https:\/\/www.youtube.com\/embed\/qm3wGhkSO4I\" width=\"560\" height=\"315\" frameborder=\"0\" allowfullscreen=\"allowfullscreen\"><\/iframe><\/p>\n<p><a href=\"https:\/\/escoladevida.cat\/\"><img loading=\"lazy\" decoding=\"async\" class=\"alignnone wp-image-5232\" src=\"https:\/\/agora.xtec.cat\/ceip-jruyra-l-h\/wp-content\/uploads\/usu2049\/2020\/06\/cats-4-1024x362.jpg\" alt=\"\" width=\"560\" height=\"198\" srcset=\"https:\/\/agora.xtec.cat\/ceip-jruyra-l-h\/wp-content\/uploads\/usu2049\/2020\/06\/cats-4-1024x362.jpg 1024w, https:\/\/agora.xtec.cat\/ceip-jruyra-l-h\/wp-content\/uploads\/usu2049\/2020\/06\/cats-4-300x106.jpg 300w, https:\/\/agora.xtec.cat\/ceip-jruyra-l-h\/wp-content\/uploads\/usu2049\/2020\/06\/cats-4-768x271.jpg 768w, https:\/\/agora.xtec.cat\/ceip-jruyra-l-h\/wp-content\/uploads\/usu2049\/2020\/06\/cats-4.jpg 1239w\" sizes=\"auto, (max-width: 560px) 100vw, 560px\" \/><\/a><\/p>\n<p><a href=\"https:\/\/escoladevida.cat\/\">www.escoladevida.cat<\/a><\/p>\n","protected":false},"excerpt":{"rendered":"<p>La formaci\u00f3 de familiars\u00a0incideix significativament en\u00a0l\u2019aprenentatge dels vostres fills i filles. Les Comunitats\u00a0d\u2019aprenentatge es caracteritzen per obrir les possibilitats\u00a0formatives no nom\u00e9s al professorat i l\u2019alumnat sin\u00f3 tamb\u00e9 als seus familiars. D\u2019aquesta manera s\u2019aconsegueix, a m\u00e9s d\u2019afavorir la\u00a0formaci\u00f3 demanada pels familiars, avan\u00e7ar cap a la coordinaci\u00f3\u00a0amb&hellip;  <a href=\"https:\/\/agora.xtec.cat\/ceip-jruyra-l-h\/cda\/formacio-de-familiars\/\" title=\"Read Formaci\u00f3 de Familiars &#8211; Escola de Vida\">Llegeix m\u00e9s\u00bb<\/a><\/p>\n","protected":false},"author":1,"featured_media":0,"parent":2,"menu_order":7,"comment_status":"closed","ping_status":"closed","template":"page-templates\/side-menu.php","meta":{"_bbp_topic_count":0,"_bbp_reply_count":0,"_bbp_total_topic_count":0,"_bbp_total_reply_count":0,"_bbp_voice_count":0,"_bbp_anonymous_reply_count":0,"_bbp_topic_count_hidden":0,"_bbp_reply_count_hidden":0,"_bbp_forum_subforum_count":0,"footnotes":""},"class_list":["post-876","page","type-page","status-publish","hentry"],"post_mailing_queue_ids":[],"_links":{"self":[{"href":"https:\/\/agora.xtec.cat\/ceip-jruyra-l-h\/wp-json\/wp\/v2\/pages\/876","targetHints":{"allow":["GET"]}}],"collection":[{"href":"https:\/\/agora.xtec.cat\/ceip-jruyra-l-h\/wp-json\/wp\/v2\/pages"}],"about":[{"href":"https:\/\/agora.xtec.cat\/ceip-jruyra-l-h\/wp-json\/wp\/v2\/types\/page"}],"author":[{"embeddable":true,"href":"https:\/\/agora.xtec.cat\/ceip-jruyra-l-h\/wp-json\/wp\/v2\/users\/1"}],"replies":[{"embeddable":true,"href":"https:\/\/agora.xtec.cat\/ceip-jruyra-l-h\/wp-json\/wp\/v2\/comments?post=876"}],"version-history":[{"count":4,"href":"https:\/\/agora.xtec.cat\/ceip-jruyra-l-h\/wp-json\/wp\/v2\/pages\/876\/revisions"}],"predecessor-version":[{"id":13376,"href":"https:\/\/agora.xtec.cat\/ceip-jruyra-l-h\/wp-json\/wp\/v2\/pages\/876\/revisions\/13376"}],"up":[{"embeddable":true,"href":"https:\/\/agora.xtec.cat\/ceip-jruyra-l-h\/wp-json\/wp\/v2\/pages\/2"}],"wp:attachment":[{"href":"https:\/\/agora.xtec.cat\/ceip-jruyra-l-h\/wp-json\/wp\/v2\/media?parent=876"}],"curies":[{"name":"wp","href":"https:\/\/api.w.org\/{rel}","templated":true}]}}

Formació de Familiars &#8211; Escola de Vida

<p><iframe loading="lazy" title="YouTube video player" src="https://www.youtube.com/embed/LhajQ_TpDHg" width="560" height="315" frameborder="0" allowfullscreen="allowfullscreen"></iframe></p>
<p style="text-align: justify;"><strong>La formació de familiars</strong><strong> </strong>incideix significativament en l’aprenentatge dels vostres fills i filles. Les Comunitats d’aprenentatge es caracteritzen per obrir les possibilitats formatives no només al professorat i l’alumnat sinó també als seus familiars. D’aquesta manera s’aconsegueix, a més d’afavorir la formació demanada pels familiars, avançar cap a la coordinació amb les famílies, un dels aspectes on es posa més èmfasi des de les Comunitats d’Aprenentatge. Alguns exemples d’aquestes formacions que portem a terme a l&#8217;Escola Joaquim Ruyra són d&#8217;informàtica i català. També organitzem xerrades informatives sobre salut, internet segura, tradicions catalanes, etc.</p>
<p style="text-align: justify;">El curs 2019-2020 neix <a href="https://escoladevida.cat/"><strong>l&#8217;Escola de Vida Les Planes &#8211; Florida</strong></a> per donar resposta a les necessitats formatives de la població de més de 16 anys del nostre barri i tota la localitat. Des de l&#8217;escola participem activament en la creació d&#8217;aquest espai de formació, amb la Seu a les nostres instal·lacions. És per nosaltres tot un luxe poder comptar amb una major oferta formativa per donar resposta a la Formació de Familiars del nostre centre. Podeu trobar molta més informació<a href="https://escoladevida.cat/"> fent click aquí <img loading="lazy" decoding="async" class="" src="https://agora.xtec.cat/ceipvictorcatala/wp-content/uploads/usu1671/2020/05/aqui%CC%81-2.png" width="20" height="20" /></a></p>
<p><iframe loading="lazy" title="YouTube video player" src="https://www.youtube.com/embed/qm3wGhkSO4I" width="560" height="315" frameborder="0" allowfullscreen="allowfullscreen"></iframe></p>
<p><a href="https://escoladevida.cat/"><img loading="lazy" decoding="async" class="alignnone wp-image-5232" src="https://agora.xtec.cat/ceip-jruyra-l-h/wp-content/uploads/usu2049/2020/06/cats-4-1024x362.jpg" alt="" width="560" height="198" srcset="https://agora.xtec.cat/ceip-jruyra-l-h/wp-content/uploads/usu2049/2020/06/cats-4-1024x362.jpg 1024w, https://agora.xtec.cat/ceip-jruyra-l-h/wp-content/uploads/usu2049/2020/06/cats-4-300x106.jpg 300w, https://agora.xtec.cat/ceip-jruyra-l-h/wp-content/uploads/usu2049/2020/06/cats-4-768x271.jpg 768w, https://agora.xtec.cat/ceip-jruyra-l-h/wp-content/uploads/usu2049/2020/06/cats-4.jpg 1239w" sizes="auto, (max-width: 560px) 100vw, 560px" /></a></p>
<p><a href="https://escoladevida.cat/">www.escoladevida.cat</a></p>

<p>La formació de familiars incideix significativament en l’aprenentatge dels vostres fills i filles. Les Comunitats d’aprenentatge es caracteritzen per obrir les possibilitats formatives no només al professorat i l’alumnat sinó també als seus familiars. D’aquesta manera s’aconsegueix, a més d’afavorir la formació demanada pels familiars, avançar cap a la coordinació amb&hellip;  <a href="https://agora.xtec.cat/ceip-jruyra-l-h/cda/formacio-de-familiars/" title="Read Formació de Familiars &#8211; Escola de Vida">Llegeix més»</a></p>
