{"id":863,"date":"2019-11-23T22:20:08","date_gmt":"2019-11-23T21:20:08","guid":{"rendered":"https:\/\/agora.xtec.cat\/ceip-jruyra-l-h\/?page_id=863"},"modified":"2023-06-20T14:05:31","modified_gmt":"2023-06-20T12:05:31","slug":"grups-interactius","status":"publish","type":"page","link":"https:\/\/agora.xtec.cat\/ceip-jruyra-l-h\/cda\/grups-interactius\/","title":{"rendered":"Grups Interactius"},"content":{"rendered":"<p><iframe loading=\"lazy\" title=\"YouTube video player\" src=\"https:\/\/www.youtube.com\/embed\/PciXC7id0Xs\" width=\"560\" height=\"315\" frameborder=\"0\" allowfullscreen=\"allowfullscreen\"><\/iframe><\/p>\n<p><span style=\"font-family: inherit; font-size: 1em; text-align: justify;\">Els grups interactius s\u00f3n una Actuaci\u00f3 Educativa d&#8217;\u00c8xit que consisteix en organitzar l&#8217;aula de manera que hi hagi petits grups heterogenis d&#8217;uns 4 a 6 alumnes que en col.laboraci\u00f3, resolen tasques de classe amb la supervisi\u00f3 d\u00b4una persona adulta (familiar, voluntari, etc.) que est\u00e0 dins el grup. El ritme de treball \u00e9s alt i a m\u00e9s a m\u00e9s, solidari. La tasca del professor o professora \u00e9s la coordinaci\u00f3 de la classe. La composici\u00f3 d\u2019aquests grups afavoreix la barreja de nivells, de manera que en l\u2019elaboraci\u00f3 de les tasques de classe, els alumnes col\u00b7laboren en la seva resoluci\u00f3. D\u2019aquesta manera, els alumnes que han adquirit un aprenentatge el reforcen explicant-lo als que encara no ho han fet, que l\u2019entenen millor confrontant l\u2019explicaci\u00f3 dels educadors i la dels companys.<\/span><\/p>\n<p><iframe loading=\"lazy\" title=\"YouTube video player\" src=\"https:\/\/www.youtube.com\/embed\/hvNHkZHRyTg\" width=\"560\" height=\"315\" frameborder=\"0\" allowfullscreen=\"allowfullscreen\"><\/iframe><\/p>\n<p><iframe loading=\"lazy\" src=\"https:\/\/www.youtube.com\/embed\/ItA2SOSlZHA\" width=\"560\" height=\"315\" frameborder=\"0\" allowfullscreen=\"allowfullscreen\"><\/iframe><\/p>\n<p style=\"text-align: justify;\">\n","protected":false},"excerpt":{"rendered":"<p>Els grups interactius s\u00f3n una Actuaci\u00f3 Educativa d&#8217;\u00c8xit que consisteix en organitzar l&#8217;aula de manera que hi hagi petits grups heterogenis d&#8217;uns 4 a 6 alumnes que en col.laboraci\u00f3, resolen tasques de classe amb la supervisi\u00f3 d\u00b4una persona adulta (familiar, voluntari, etc.) que est\u00e0 dins&hellip;  <a href=\"https:\/\/agora.xtec.cat\/ceip-jruyra-l-h\/cda\/grups-interactius\/\" title=\"Read Grups Interactius\">Llegeix m\u00e9s\u00bb<\/a><\/p>\n","protected":false},"author":1,"featured_media":0,"parent":2,"menu_order":1,"comment_status":"closed","ping_status":"closed","template":"page-templates\/side-menu.php","meta":{"_bbp_topic_count":0,"_bbp_reply_count":0,"_bbp_total_topic_count":0,"_bbp_total_reply_count":0,"_bbp_voice_count":0,"_bbp_anonymous_reply_count":0,"_bbp_topic_count_hidden":0,"_bbp_reply_count_hidden":0,"_bbp_forum_subforum_count":0,"footnotes":""},"class_list":["post-863","page","type-page","status-publish","hentry"],"post_mailing_queue_ids":[],"_links":{"self":[{"href":"https:\/\/agora.xtec.cat\/ceip-jruyra-l-h\/wp-json\/wp\/v2\/pages\/863","targetHints":{"allow":["GET"]}}],"collection":[{"href":"https:\/\/agora.xtec.cat\/ceip-jruyra-l-h\/wp-json\/wp\/v2\/pages"}],"about":[{"href":"https:\/\/agora.xtec.cat\/ceip-jruyra-l-h\/wp-json\/wp\/v2\/types\/page"}],"author":[{"embeddable":true,"href":"https:\/\/agora.xtec.cat\/ceip-jruyra-l-h\/wp-json\/wp\/v2\/users\/1"}],"replies":[{"embeddable":true,"href":"https:\/\/agora.xtec.cat\/ceip-jruyra-l-h\/wp-json\/wp\/v2\/comments?post=863"}],"version-history":[{"count":3,"href":"https:\/\/agora.xtec.cat\/ceip-jruyra-l-h\/wp-json\/wp\/v2\/pages\/863\/revisions"}],"predecessor-version":[{"id":14611,"href":"https:\/\/agora.xtec.cat\/ceip-jruyra-l-h\/wp-json\/wp\/v2\/pages\/863\/revisions\/14611"}],"up":[{"embeddable":true,"href":"https:\/\/agora.xtec.cat\/ceip-jruyra-l-h\/wp-json\/wp\/v2\/pages\/2"}],"wp:attachment":[{"href":"https:\/\/agora.xtec.cat\/ceip-jruyra-l-h\/wp-json\/wp\/v2\/media?parent=863"}],"curies":[{"name":"wp","href":"https:\/\/api.w.org\/{rel}","templated":true}]}}

<p><iframe loading="lazy" title="YouTube video player" src="https://www.youtube.com/embed/PciXC7id0Xs" width="560" height="315" frameborder="0" allowfullscreen="allowfullscreen"></iframe></p>
<p><span style="font-family: inherit; font-size: 1em; text-align: justify;">Els grups interactius són una Actuació Educativa d&#8217;Èxit que consisteix en organitzar l&#8217;aula de manera que hi hagi petits grups heterogenis d&#8217;uns 4 a 6 alumnes que en col.laboració, resolen tasques de classe amb la supervisió d´una persona adulta (familiar, voluntari, etc.) que està dins el grup. El ritme de treball és alt i a més a més, solidari. La tasca del professor o professora és la coordinació de la classe. La composició d’aquests grups afavoreix la barreja de nivells, de manera que en l’elaboració de les tasques de classe, els alumnes col·laboren en la seva resolució. D’aquesta manera, els alumnes que han adquirit un aprenentatge el reforcen explicant-lo als que encara no ho han fet, que l’entenen millor confrontant l’explicació dels educadors i la dels companys.</span></p>
<p><iframe loading="lazy" title="YouTube video player" src="https://www.youtube.com/embed/hvNHkZHRyTg" width="560" height="315" frameborder="0" allowfullscreen="allowfullscreen"></iframe></p>
<p><iframe loading="lazy" src="https://www.youtube.com/embed/ItA2SOSlZHA" width="560" height="315" frameborder="0" allowfullscreen="allowfullscreen"></iframe></p>
<p style="text-align: justify;">

<p>Els grups interactius són una Actuació Educativa d&#8217;Èxit que consisteix en organitzar l&#8217;aula de manera que hi hagi petits grups heterogenis d&#8217;uns 4 a 6 alumnes que en col.laboració, resolen tasques de classe amb la supervisió d´una persona adulta (familiar, voluntari, etc.) que està dins&hellip;  <a href="https://agora.xtec.cat/ceip-jruyra-l-h/cda/grups-interactius/" title="Read Grups Interactius">Llegeix més»</a></p>
