{"id":32,"date":"2014-09-18T12:31:33","date_gmt":"2014-09-18T11:31:33","guid":{"rendered":"http:\/\/agora.xtec.cat\/ceip-jruyra-l-h\/?page_id=32"},"modified":"2025-10-27T10:41:34","modified_gmt":"2025-10-27T09:41:34","slug":"calendari-del-curs","status":"publish","type":"page","link":"https:\/\/agora.xtec.cat\/ceip-jruyra-l-h\/lescola\/calendari-del-curs\/","title":{"rendered":"Calendari del curs"},"content":{"rendered":"<h4><strong>Inici i final de curs:<\/strong><\/h4>\n<p><strong>Les classes comencen el 8 de setembre de 2025 i acabaran el 19 de juny de 2026.<\/strong><\/p>\n<h4><strong>Vacances:<\/strong><\/h4>\n<p><strong>Del 20 de desembre al 7 de gener, ambd\u00f3s inclosos: vacances de Nadal.<br \/>\nDel 28 de mar\u00e7 al 6 d\u2019abril de 2026, ambd\u00f3s inclosos: vacances de Setmana Santa.<\/strong><\/p>\n<h4><strong>Dies festius:<\/strong><\/h4>\n<p><strong>11\/09\/2025<\/strong><strong>\u00a0\u00a0\u00a0\u00a0\u00a0\u00a0\u00a0 <\/strong><strong>24\/09\/2025<\/strong><strong>\u00a0\u00a0\u00a0\u00a0\u00a0\u00a0\u00a0 <\/strong><strong>08\/12\/2025<\/strong><strong>\u00a0\u00a0\u00a0\u00a0\u00a0\u00a0\u00a0 <\/strong><strong>01\/05\/2026<\/strong><strong>\u00a0\u00a0\u00a0\u00a0\u00a0\u00a0\u00a0 <\/strong><strong>25\/05\/2026<\/strong><\/p>\n<h4><strong>Dies festius de lliure disposici\u00f3:<\/strong><\/h4>\n<p><strong>03\/11\/2025\u00a0\u00a0\u00a0\u00a0\u00a0 05\/12\/2025\u00a0\u00a0\u00a0\u00a0\u00a0 16\/02\/2026\u00a0\u00a0\u00a0\u00a0\u00a0 22\/05\/2026<\/strong><\/p>\n<h4><strong>Jornada intensiva:<\/strong><\/h4>\n<p><strong>19 de desembre de 2025<\/strong><\/p>\n<p><strong>A partir del dia 8 de juny de 2026<\/strong><\/p>\n<p style=\"text-align: justify;\">L\u2019<b>horari lectiu<\/b> del centre \u00e9s de 8:30 a 13 h i de 15.00 a 16.30 h pels alumnes d&#8217;Educaci\u00f3 Prim\u00e0ria i de 9.30 a 13 h i de 15.00 a 16.30 h pels alumnes d&#8217;Educaci\u00f3 Infantil.<\/p>\n<p style=\"text-align: justify;\">Per als alumnes que inicien l\u2019escolaritzaci\u00f3 a I3 s\u2019organitza un breu per\u00edode d\u2019adaptaci\u00f3 que suposa una certa modificaci\u00f3 dels horaris dels primers dies de classe, i que es fa saber a les fam\u00edlies en les reunions pr\u00e8vies corresponents.<\/p>\n<p>Podeu consultar el calendari fent <a href=\"https:\/\/agora.xtec.cat\/ceip-jruyra-l-h\/wp-content\/uploads\/usu2049\/2025\/07\/CALENDARI.png\">click aqu\u00ed<\/a><\/p>\n<p>&nbsp;<\/p>\n<p><a href=\"https:\/\/agora.xtec.cat\/ceip-jruyra-l-h\/wp-content\/uploads\/usu2049\/2025\/07\/CALENDARI.png\"><img loading=\"lazy\" decoding=\"async\" class=\"alignnone wp-image-16917 size-large\" src=\"https:\/\/agora.xtec.cat\/ceip-jruyra-l-h\/wp-content\/uploads\/usu2049\/2025\/07\/CALENDARI-543x768.png\" alt=\"\" width=\"543\" height=\"768\" srcset=\"https:\/\/agora.xtec.cat\/ceip-jruyra-l-h\/wp-content\/uploads\/usu2049\/2025\/07\/CALENDARI-543x768.png 543w, https:\/\/agora.xtec.cat\/ceip-jruyra-l-h\/wp-content\/uploads\/usu2049\/2025\/07\/CALENDARI-212x300.png 212w, https:\/\/agora.xtec.cat\/ceip-jruyra-l-h\/wp-content\/uploads\/usu2049\/2025\/07\/CALENDARI-768x1086.png 768w, https:\/\/agora.xtec.cat\/ceip-jruyra-l-h\/wp-content\/uploads\/usu2049\/2025\/07\/CALENDARI-1086x1536.png 1086w, https:\/\/agora.xtec.cat\/ceip-jruyra-l-h\/wp-content\/uploads\/usu2049\/2025\/07\/CALENDARI-1448x2048.png 1448w, https:\/\/agora.xtec.cat\/ceip-jruyra-l-h\/wp-content\/uploads\/usu2049\/2025\/07\/CALENDARI.png 1944w\" sizes=\"auto, (max-width: 543px) 100vw, 543px\" \/><\/a><\/p>\n","protected":false},"excerpt":{"rendered":"<p>Inici i final de curs:<br \/>\nLes classes comencen el 8 de setembre de 2025 i acabaran el 19 de juny de 2026.<br \/>\nVacances:<br \/>\nDel 20 de desembre al 7 de gener, ambd\u00f3s inclosos: vacances de Nadal.<br \/>\nDel 28 de mar\u00e7 al 6 d\u2019abril de 2026, ambd\u00f3s inclosos: vacances de&hellip;  <a href=\"https:\/\/agora.xtec.cat\/ceip-jruyra-l-h\/lescola\/calendari-del-curs\/\" title=\"Read Calendari del curs\">Llegeix m\u00e9s\u00bb<\/a><\/p>\n","protected":false},"author":1,"featured_media":0,"parent":22,"menu_order":7,"comment_status":"closed","ping_status":"closed","template":"page-templates\/side-menu.php","meta":{"_bbp_topic_count":0,"_bbp_reply_count":0,"_bbp_total_topic_count":0,"_bbp_total_reply_count":0,"_bbp_voice_count":0,"_bbp_anonymous_reply_count":0,"_bbp_topic_count_hidden":0,"_bbp_reply_count_hidden":0,"_bbp_forum_subforum_count":0,"footnotes":""},"class_list":["post-32","page","type-page","status-publish","hentry"],"post_mailing_queue_ids":[],"_links":{"self":[{"href":"https:\/\/agora.xtec.cat\/ceip-jruyra-l-h\/wp-json\/wp\/v2\/pages\/32","targetHints":{"allow":["GET"]}}],"collection":[{"href":"https:\/\/agora.xtec.cat\/ceip-jruyra-l-h\/wp-json\/wp\/v2\/pages"}],"about":[{"href":"https:\/\/agora.xtec.cat\/ceip-jruyra-l-h\/wp-json\/wp\/v2\/types\/page"}],"author":[{"embeddable":true,"href":"https:\/\/agora.xtec.cat\/ceip-jruyra-l-h\/wp-json\/wp\/v2\/users\/1"}],"replies":[{"embeddable":true,"href":"https:\/\/agora.xtec.cat\/ceip-jruyra-l-h\/wp-json\/wp\/v2\/comments?post=32"}],"version-history":[{"count":7,"href":"https:\/\/agora.xtec.cat\/ceip-jruyra-l-h\/wp-json\/wp\/v2\/pages\/32\/revisions"}],"predecessor-version":[{"id":16991,"href":"https:\/\/agora.xtec.cat\/ceip-jruyra-l-h\/wp-json\/wp\/v2\/pages\/32\/revisions\/16991"}],"up":[{"embeddable":true,"href":"https:\/\/agora.xtec.cat\/ceip-jruyra-l-h\/wp-json\/wp\/v2\/pages\/22"}],"wp:attachment":[{"href":"https:\/\/agora.xtec.cat\/ceip-jruyra-l-h\/wp-json\/wp\/v2\/media?parent=32"}],"curies":[{"name":"wp","href":"https:\/\/api.w.org\/{rel}","templated":true}]}}

<h4><strong>Inici i final de curs:</strong></h4>
<p><strong>Les classes comencen el 8 de setembre de 2025 i acabaran el 19 de juny de 2026.</strong></p>
<h4><strong>Vacances:</strong></h4>
<p><strong>Del 20 de desembre al 7 de gener, ambdós inclosos: vacances de Nadal.<br />
Del 28 de març al 6 d’abril de 2026, ambdós inclosos: vacances de Setmana Santa.</strong></p>
<h4><strong>Dies festius:</strong></h4>
<p><strong>11/09/2025</strong><strong>        </strong><strong>24/09/2025</strong><strong>        </strong><strong>08/12/2025</strong><strong>        </strong><strong>01/05/2026</strong><strong>        </strong><strong>25/05/2026</strong></p>
<h4><strong>Dies festius de lliure disposició:</strong></h4>
<p><strong>03/11/2025      05/12/2025      16/02/2026      22/05/2026</strong></p>
<h4><strong>Jornada intensiva:</strong></h4>
<p><strong>19 de desembre de 2025</strong></p>
<p><strong>A partir del dia 8 de juny de 2026</strong></p>
<p style="text-align: justify;">L’<b>horari lectiu</b> del centre és de 8:30 a 13 h i de 15.00 a 16.30 h pels alumnes d&#8217;Educació Primària i de 9.30 a 13 h i de 15.00 a 16.30 h pels alumnes d&#8217;Educació Infantil.</p>
<p style="text-align: justify;">Per als alumnes que inicien l’escolarització a I3 s’organitza un breu període d’adaptació que suposa una certa modificació dels horaris dels primers dies de classe, i que es fa saber a les famílies en les reunions prèvies corresponents.</p>
<p>Podeu consultar el calendari fent <a href="https://agora.xtec.cat/ceip-jruyra-l-h/wp-content/uploads/usu2049/2025/07/CALENDARI.png">click aquí</a></p>
<p>&nbsp;</p>
<p><a href="https://agora.xtec.cat/ceip-jruyra-l-h/wp-content/uploads/usu2049/2025/07/CALENDARI.png"><img loading="lazy" decoding="async" class="alignnone wp-image-16917 size-large" src="https://agora.xtec.cat/ceip-jruyra-l-h/wp-content/uploads/usu2049/2025/07/CALENDARI-543x768.png" alt="" width="543" height="768" srcset="https://agora.xtec.cat/ceip-jruyra-l-h/wp-content/uploads/usu2049/2025/07/CALENDARI-543x768.png 543w, https://agora.xtec.cat/ceip-jruyra-l-h/wp-content/uploads/usu2049/2025/07/CALENDARI-212x300.png 212w, https://agora.xtec.cat/ceip-jruyra-l-h/wp-content/uploads/usu2049/2025/07/CALENDARI-768x1086.png 768w, https://agora.xtec.cat/ceip-jruyra-l-h/wp-content/uploads/usu2049/2025/07/CALENDARI-1086x1536.png 1086w, https://agora.xtec.cat/ceip-jruyra-l-h/wp-content/uploads/usu2049/2025/07/CALENDARI-1448x2048.png 1448w, https://agora.xtec.cat/ceip-jruyra-l-h/wp-content/uploads/usu2049/2025/07/CALENDARI.png 1944w" sizes="auto, (max-width: 543px) 100vw, 543px" /></a></p>

<p>Inici i final de curs:<br />
Les classes comencen el 8 de setembre de 2025 i acabaran el 19 de juny de 2026.<br />
Vacances:<br />
Del 20 de desembre al 7 de gener, ambdós inclosos: vacances de Nadal.<br />
Del 28 de març al 6 d’abril de 2026, ambdós inclosos: vacances de&hellip;  <a href="https://agora.xtec.cat/ceip-jruyra-l-h/lescola/calendari-del-curs/" title="Read Calendari del curs">Llegeix més»</a></p>
