{"id":22,"date":"2014-09-18T12:19:57","date_gmt":"2014-09-18T11:19:57","guid":{"rendered":"http:\/\/agora.xtec.cat\/ceip-jruyra-l-h\/?page_id=22"},"modified":"2022-05-30T13:52:24","modified_gmt":"2022-05-30T11:52:24","slug":"lescola","status":"publish","type":"page","link":"https:\/\/agora.xtec.cat\/ceip-jruyra-l-h\/lescola\/","title":{"rendered":"L&#8217;escola"},"content":{"rendered":"<p><a href=\"https:\/\/agora.xtec.cat\/ceip-jruyra-l-h\/wp-content\/uploads\/usu2049\/2019\/12\/image001.png\"><img loading=\"lazy\" decoding=\"async\" class=\"alignnone wp-image-1052\" src=\"https:\/\/agora.xtec.cat\/ceip-jruyra-l-h\/wp-content\/uploads\/usu2049\/2019\/12\/image001.png\" alt=\"\" width=\"351\" height=\"268\" srcset=\"https:\/\/agora.xtec.cat\/ceip-jruyra-l-h\/wp-content\/uploads\/usu2049\/2019\/12\/image001.png 499w, https:\/\/agora.xtec.cat\/ceip-jruyra-l-h\/wp-content\/uploads\/usu2049\/2019\/12\/image001-300x229.png 300w\" sizes=\"auto, (max-width: 351px) 100vw, 351px\" \/><\/a><\/p>\n<p>&nbsp;<\/p>\n<p style=\"text-align: justify;\">L&#8217;Escola Joaquim Ruyra el curs 2009-2010 va decidir implicar-se en el projecte de Comunitats d&#8217;Aprenentatge amb l&#8217;objectiu de generar processos de transformaci\u00f3 social i educativa i garantir la igualtat d&#8217;oportunitats en l&#8217;acc\u00e9s a la societat de la informaci\u00f3.<\/p>\n<p style=\"text-align: justify;\">Situada en el barri de la Florida, en un context d&#8217;alta diversitat i complexitat, ha aconseguit la implicaci\u00f3 i la complicitat de la comunitat educativa i del seu entorn en la vida escolar di\u00e0ria de l&#8217;alumnat. Fa una aposta clara per la conviv\u00e8ncia i el respecte per les difer\u00e8ncies \u00a0amb un repte fonamental, l\u2019assoliment de l\u2019\u00e8xit escolar.<\/p>\n<p style=\"text-align: justify;\">Per aconseguir aquests resultats ha estat clau la implementaci\u00f3 de les actuacions educatives d&#8217;\u00e8xit avalades per la comunitat cient\u00edfica internacional: el treball en Grups Interactius, les Tert\u00falies Dial\u00f2giques, l&#8217;Extensi\u00f3 del Temps d&#8217;Aprenentatge, El Model Dial\u00f2gic de Prevenci\u00f3 i Resoluci\u00f3 de Conflictes, La Participaci\u00f3 Educativa de la Comunitat, La Formaci\u00f3 de Familiars i La Formaci\u00f3 Dial\u00f2gica del Professorat.<\/p>\n","protected":false},"excerpt":{"rendered":"<p><a href=\"https:\/\/agora.xtec.cat\/ceip-jruyra-l-h\/wp-content\/uploads\/usu2049\/2019\/12\/image001.png\"><\/a><br \/>\n&nbsp;<br \/>\nL&#8217;Escola Joaquim Ruyra el curs 2009-2010 va decidir implicar-se en el projecte de Comunitats d&#8217;Aprenentatge amb l&#8217;objectiu de generar processos de transformaci\u00f3 social i educativa i garantir la igualtat d&#8217;oportunitats en l&#8217;acc\u00e9s a la societat de la informaci\u00f3.<br \/>\nSituada en el barri de la Florida,&hellip;  <a href=\"https:\/\/agora.xtec.cat\/ceip-jruyra-l-h\/lescola\/\" title=\"Read L&#8217;escola\">Llegeix m\u00e9s\u00bb<\/a><\/p>\n","protected":false},"author":1,"featured_media":0,"parent":0,"menu_order":4,"comment_status":"closed","ping_status":"closed","template":"page-templates\/side-menu.php","meta":{"_bbp_topic_count":0,"_bbp_reply_count":0,"_bbp_total_topic_count":0,"_bbp_total_reply_count":0,"_bbp_voice_count":0,"_bbp_anonymous_reply_count":0,"_bbp_topic_count_hidden":0,"_bbp_reply_count_hidden":0,"_bbp_forum_subforum_count":0,"footnotes":""},"class_list":["post-22","page","type-page","status-publish","hentry"],"post_mailing_queue_ids":[],"_links":{"self":[{"href":"https:\/\/agora.xtec.cat\/ceip-jruyra-l-h\/wp-json\/wp\/v2\/pages\/22","targetHints":{"allow":["GET"]}}],"collection":[{"href":"https:\/\/agora.xtec.cat\/ceip-jruyra-l-h\/wp-json\/wp\/v2\/pages"}],"about":[{"href":"https:\/\/agora.xtec.cat\/ceip-jruyra-l-h\/wp-json\/wp\/v2\/types\/page"}],"author":[{"embeddable":true,"href":"https:\/\/agora.xtec.cat\/ceip-jruyra-l-h\/wp-json\/wp\/v2\/users\/1"}],"replies":[{"embeddable":true,"href":"https:\/\/agora.xtec.cat\/ceip-jruyra-l-h\/wp-json\/wp\/v2\/comments?post=22"}],"version-history":[{"count":3,"href":"https:\/\/agora.xtec.cat\/ceip-jruyra-l-h\/wp-json\/wp\/v2\/pages\/22\/revisions"}],"predecessor-version":[{"id":1053,"href":"https:\/\/agora.xtec.cat\/ceip-jruyra-l-h\/wp-json\/wp\/v2\/pages\/22\/revisions\/1053"}],"wp:attachment":[{"href":"https:\/\/agora.xtec.cat\/ceip-jruyra-l-h\/wp-json\/wp\/v2\/media?parent=22"}],"curies":[{"name":"wp","href":"https:\/\/api.w.org\/{rel}","templated":true}]}}

<p><a href="https://agora.xtec.cat/ceip-jruyra-l-h/wp-content/uploads/usu2049/2019/12/image001.png"><img loading="lazy" decoding="async" class="alignnone wp-image-1052" src="https://agora.xtec.cat/ceip-jruyra-l-h/wp-content/uploads/usu2049/2019/12/image001.png" alt="" width="351" height="268" srcset="https://agora.xtec.cat/ceip-jruyra-l-h/wp-content/uploads/usu2049/2019/12/image001.png 499w, https://agora.xtec.cat/ceip-jruyra-l-h/wp-content/uploads/usu2049/2019/12/image001-300x229.png 300w" sizes="auto, (max-width: 351px) 100vw, 351px" /></a></p>
<p>&nbsp;</p>
<p style="text-align: justify;">L&#8217;Escola Joaquim Ruyra el curs 2009-2010 va decidir implicar-se en el projecte de Comunitats d&#8217;Aprenentatge amb l&#8217;objectiu de generar processos de transformació social i educativa i garantir la igualtat d&#8217;oportunitats en l&#8217;accés a la societat de la informació.</p>
<p style="text-align: justify;">Situada en el barri de la Florida, en un context d&#8217;alta diversitat i complexitat, ha aconseguit la implicació i la complicitat de la comunitat educativa i del seu entorn en la vida escolar diària de l&#8217;alumnat. Fa una aposta clara per la convivència i el respecte per les diferències  amb un repte fonamental, l’assoliment de l’èxit escolar.</p>
<p style="text-align: justify;">Per aconseguir aquests resultats ha estat clau la implementació de les actuacions educatives d&#8217;èxit avalades per la comunitat científica internacional: el treball en Grups Interactius, les Tertúlies Dialògiques, l&#8217;Extensió del Temps d&#8217;Aprenentatge, El Model Dialògic de Prevenció i Resolució de Conflictes, La Participació Educativa de la Comunitat, La Formació de Familiars i La Formació Dialògica del Professorat.</p>

<p><a href="https://agora.xtec.cat/ceip-jruyra-l-h/wp-content/uploads/usu2049/2019/12/image001.png"></a><br />
&nbsp;<br />
L&#8217;Escola Joaquim Ruyra el curs 2009-2010 va decidir implicar-se en el projecte de Comunitats d&#8217;Aprenentatge amb l&#8217;objectiu de generar processos de transformació social i educativa i garantir la igualtat d&#8217;oportunitats en l&#8217;accés a la societat de la informació.<br />
Situada en el barri de la Florida,&hellip;  <a href="https://agora.xtec.cat/ceip-jruyra-l-h/lescola/" title="Read L&#8217;escola">Llegeix més»</a></p>
