{"id":2,"date":"2014-09-12T11:10:47","date_gmt":"2014-09-12T09:10:47","guid":{"rendered":"http:\/\/agora.xtec.cat\/ceip-jruyra-l-h\/?page_id=2"},"modified":"2023-07-06T11:01:29","modified_gmt":"2023-07-06T09:01:29","slug":"cda","status":"publish","type":"page","link":"https:\/\/agora.xtec.cat\/ceip-jruyra-l-h\/cda\/","title":{"rendered":"Comunitats d&#8217;Aprenentatge"},"content":{"rendered":"<p><iframe loading=\"lazy\" src=\"https:\/\/www.youtube.com\/embed\/9dvWOq5rgLc\" width=\"560\" height=\"315\" frameborder=\"0\"><\/iframe><\/p>\n<p><span style=\"font-family: inherit; font-size: 1em; text-align: justify;\">L&#8217;Escola Joaquim Ruyra \u00e9s una <\/span><a style=\"font-family: inherit; font-size: 1em; text-align: justify;\" href=\"http:\/\/xtec.gencat.cat\/ca\/projectes\/comunitats\/\">Comunitat d&#8217;Aprenentatge<\/a><span style=\"font-family: inherit; font-size: 1em; text-align: justify;\"> des del curs 2009-2010. El 6 de maig de 2010 es va celebrar la <\/span><a style=\"font-family: inherit; font-size: 1em; text-align: justify;\" href=\"https:\/\/www.youtube.com\/watch?v=Q0WjbVqZzbM\">1\u00aa Assemblea General<\/a><span style=\"font-family: inherit; font-size: 1em; text-align: justify;\"> en la qual tota la Comunitat Educativa va votar a favor de la Transformaci\u00f3 en Comunitat d&#8217;Aprenentatge.<\/span><\/p>\n<p>Comunitats d&#8217;Aprenentatge \u00e9s un projecte basat en un conjunt d&#8217;Actuacions Educatives d&#8217;\u00c8xit per assolir la transformaci\u00f3 educativa i social. Aquest model educatiu est\u00e0 en l\u00ednia amb les teories cient\u00edfiques internacionals que emfatitzen dos factors clau per a l&#8217;aprenentatge i el desenvolupament en la societat actual: les interaccions i la participaci\u00f3 de la comunitat.<\/p>\n<div style=\"text-align: justify;\">\n<div style=\"text-align: justify;\">\n<p>L&#8217;Objectiu principal \u00e9s potenciar una educaci\u00f3 participativa de tota la comunitat educativa, basada en l&#8217;aprenentatge dial\u00f2gic que es concreta en tots els espais del centre. Per aquest motiu la nostra escola i les nostres aules, est\u00e0 oberta a la participaci\u00f3 activa de tota la comunitat educativa (fam\u00edlies, voluntaris, gent del barri, etc.).<\/p>\n<p>Dins el Projecte d&#8217;Innovaci\u00f3 en Comunitats d&#8217;Aprenentatge, treballem a partir de les diferents actuacions d&#8217;\u00e8xit educatiu, com s\u00f3n <a href=\"https:\/\/agora.xtec.cat\/ceip-jruyra-l-h\/cda\/grups-interactius\/\">Els Grups Interactius<\/a>, <a href=\"https:\/\/agora.xtec.cat\/ceip-jruyra-l-h\/cda\/tertulies-dialogiques\/\">Les Tert\u00falies Dial\u00f2giques<\/a>, <a href=\"https:\/\/agora.xtec.cat\/ceip-jruyra-l-h\/cda\/model-dialogic-prevencio-i-resolucio-de-conflictes\/\">El Model Dial\u00f2gic de Prevenci\u00f3 i Resoluci\u00f3 de Conflictes<\/a>, <a href=\"https:\/\/agora.xtec.cat\/ceip-jruyra-l-h\/cda\/participacio-educativa-de-la-comunitat\/\">La Participaci\u00f3 Educativa de La Comunitat<\/a>, <a href=\"https:\/\/agora.xtec.cat\/ceip-jruyra-l-h\/cda\/extensio-del-temps-daprenentatge\/\">l&#8217;Extensi\u00f3 del Temps d&#8217;Aprenentatge<\/a>, <a href=\"https:\/\/agora.xtec.cat\/ceip-jruyra-l-h\/cda\/formacio-de-familiars\/\">La Formaci\u00f3 de Familiars<\/a> i <a href=\"https:\/\/agora.xtec.cat\/ceip-jruyra-l-h\/cda\/formacio-dialogica-del-professorat\/\">la Formaci\u00f3 Dial\u00f2gica del Professorat<\/a>, potenciant l&#8217;assoliment de les Compet\u00e8ncies B\u00e0siques.<\/p>\n<p>Les fam\u00edlies participen activament en la vida del centre. Hi ha diferents vies de participaci\u00f3, ja sigui a partir de les diferents comissions mixtes, la participaci\u00f3 directa a l&#8217;aula mitjan\u00e7ant els grups interactius o la formaci\u00f3 de familiars.<\/p>\n<\/div>\n<\/div>\n<p><iframe loading=\"lazy\" src=\"https:\/\/www.youtube.com\/embed\/yFTI-U2aUCQ\" width=\"560\" height=\"315\" frameborder=\"0\"><\/iframe><\/p>\n","protected":false},"excerpt":{"rendered":"<p>L&#8217;Escola Joaquim Ruyra \u00e9s una <a style=\"font-family: inherit; font-size: 1em; text-align: justify;\" href=\"http:\/\/xtec.gencat.cat\/ca\/projectes\/comunitats\/\">Comunitat d&#8217;Aprenentatge<\/a> des del curs 2009-2010. El 6 de maig de 2010 es va celebrar la <a style=\"font-family: inherit; font-size: 1em; text-align: justify;\" href=\"https:\/\/www.youtube.com\/watch?v=Q0WjbVqZzbM\">1\u00aa Assemblea General<\/a> en la qual tota la Comunitat Educativa&hellip;  <a href=\"https:\/\/agora.xtec.cat\/ceip-jruyra-l-h\/cda\/\" title=\"Read Comunitats d&#8217;Aprenentatge\">Llegeix m\u00e9s\u00bb<\/a><\/p>\n","protected":false},"author":1,"featured_media":0,"parent":0,"menu_order":0,"comment_status":"closed","ping_status":"closed","template":"page-templates\/side-menu.php","meta":{"_bbp_topic_count":0,"_bbp_reply_count":0,"_bbp_total_topic_count":0,"_bbp_total_reply_count":0,"_bbp_voice_count":0,"_bbp_anonymous_reply_count":0,"_bbp_topic_count_hidden":0,"_bbp_reply_count_hidden":0,"_bbp_forum_subforum_count":0,"footnotes":""},"class_list":["post-2","page","type-page","status-publish","hentry"],"post_mailing_queue_ids":[],"_links":{"self":[{"href":"https:\/\/agora.xtec.cat\/ceip-jruyra-l-h\/wp-json\/wp\/v2\/pages\/2","targetHints":{"allow":["GET"]}}],"collection":[{"href":"https:\/\/agora.xtec.cat\/ceip-jruyra-l-h\/wp-json\/wp\/v2\/pages"}],"about":[{"href":"https:\/\/agora.xtec.cat\/ceip-jruyra-l-h\/wp-json\/wp\/v2\/types\/page"}],"author":[{"embeddable":true,"href":"https:\/\/agora.xtec.cat\/ceip-jruyra-l-h\/wp-json\/wp\/v2\/users\/1"}],"replies":[{"embeddable":true,"href":"https:\/\/agora.xtec.cat\/ceip-jruyra-l-h\/wp-json\/wp\/v2\/comments?post=2"}],"version-history":[{"count":5,"href":"https:\/\/agora.xtec.cat\/ceip-jruyra-l-h\/wp-json\/wp\/v2\/pages\/2\/revisions"}],"predecessor-version":[{"id":14668,"href":"https:\/\/agora.xtec.cat\/ceip-jruyra-l-h\/wp-json\/wp\/v2\/pages\/2\/revisions\/14668"}],"wp:attachment":[{"href":"https:\/\/agora.xtec.cat\/ceip-jruyra-l-h\/wp-json\/wp\/v2\/media?parent=2"}],"curies":[{"name":"wp","href":"https:\/\/api.w.org\/{rel}","templated":true}]}}

<p><iframe loading="lazy" src="https://www.youtube.com/embed/9dvWOq5rgLc" width="560" height="315" frameborder="0"></iframe></p>
<p><span style="font-family: inherit; font-size: 1em; text-align: justify;">L&#8217;Escola Joaquim Ruyra és una </span><a style="font-family: inherit; font-size: 1em; text-align: justify;" href="http://xtec.gencat.cat/ca/projectes/comunitats/">Comunitat d&#8217;Aprenentatge</a><span style="font-family: inherit; font-size: 1em; text-align: justify;"> des del curs 2009-2010. El 6 de maig de 2010 es va celebrar la </span><a style="font-family: inherit; font-size: 1em; text-align: justify;" href="https://www.youtube.com/watch?v=Q0WjbVqZzbM">1ª Assemblea General</a><span style="font-family: inherit; font-size: 1em; text-align: justify;"> en la qual tota la Comunitat Educativa va votar a favor de la Transformació en Comunitat d&#8217;Aprenentatge.</span></p>
<p>Comunitats d&#8217;Aprenentatge és un projecte basat en un conjunt d&#8217;Actuacions Educatives d&#8217;Èxit per assolir la transformació educativa i social. Aquest model educatiu està en línia amb les teories científiques internacionals que emfatitzen dos factors clau per a l&#8217;aprenentatge i el desenvolupament en la societat actual: les interaccions i la participació de la comunitat.</p>
<div style="text-align: justify;">
<div style="text-align: justify;">
<p>L&#8217;Objectiu principal és potenciar una educació participativa de tota la comunitat educativa, basada en l&#8217;aprenentatge dialògic que es concreta en tots els espais del centre. Per aquest motiu la nostra escola i les nostres aules, està oberta a la participació activa de tota la comunitat educativa (famílies, voluntaris, gent del barri, etc.).</p>
<p>Dins el Projecte d&#8217;Innovació en Comunitats d&#8217;Aprenentatge, treballem a partir de les diferents actuacions d&#8217;èxit educatiu, com són <a href="https://agora.xtec.cat/ceip-jruyra-l-h/cda/grups-interactius/">Els Grups Interactius</a>, <a href="https://agora.xtec.cat/ceip-jruyra-l-h/cda/tertulies-dialogiques/">Les Tertúlies Dialògiques</a>, <a href="https://agora.xtec.cat/ceip-jruyra-l-h/cda/model-dialogic-prevencio-i-resolucio-de-conflictes/">El Model Dialògic de Prevenció i Resolució de Conflictes</a>, <a href="https://agora.xtec.cat/ceip-jruyra-l-h/cda/participacio-educativa-de-la-comunitat/">La Participació Educativa de La Comunitat</a>, <a href="https://agora.xtec.cat/ceip-jruyra-l-h/cda/extensio-del-temps-daprenentatge/">l&#8217;Extensió del Temps d&#8217;Aprenentatge</a>, <a href="https://agora.xtec.cat/ceip-jruyra-l-h/cda/formacio-de-familiars/">La Formació de Familiars</a> i <a href="https://agora.xtec.cat/ceip-jruyra-l-h/cda/formacio-dialogica-del-professorat/">la Formació Dialògica del Professorat</a>, potenciant l&#8217;assoliment de les Competències Bàsiques.</p>
<p>Les famílies participen activament en la vida del centre. Hi ha diferents vies de participació, ja sigui a partir de les diferents comissions mixtes, la participació directa a l&#8217;aula mitjançant els grups interactius o la formació de familiars.</p>
</div>
</div>
<p><iframe loading="lazy" src="https://www.youtube.com/embed/yFTI-U2aUCQ" width="560" height="315" frameborder="0"></iframe></p>

<p>L&#8217;Escola Joaquim Ruyra és una <a style="font-family: inherit; font-size: 1em; text-align: justify;" href="http://xtec.gencat.cat/ca/projectes/comunitats/">Comunitat d&#8217;Aprenentatge</a> des del curs 2009-2010. El 6 de maig de 2010 es va celebrar la <a style="font-family: inherit; font-size: 1em; text-align: justify;" href="https://www.youtube.com/watch?v=Q0WjbVqZzbM">1ª Assemblea General</a> en la qual tota la Comunitat Educativa&hellip;  <a href="https://agora.xtec.cat/ceip-jruyra-l-h/cda/" title="Read Comunitats d&#8217;Aprenentatge">Llegeix més»</a></p>
