{"id":14961,"date":"2023-11-15T11:50:52","date_gmt":"2023-11-15T10:50:52","guid":{"rendered":"https:\/\/agora.xtec.cat\/ceip-jruyra-l-h\/?page_id=14961"},"modified":"2025-10-07T10:03:25","modified_gmt":"2025-10-07T08:03:25","slug":"programa-tecnics-dintegracio-social-i-educadors-socials","status":"publish","type":"page","link":"https:\/\/agora.xtec.cat\/ceip-jruyra-l-h\/lescola\/programa-tecnics-dintegracio-social-i-educadors-socials\/","title":{"rendered":"Programa de contractaci\u00f3 de t\u00e8cnics d\u2019integraci\u00f3 social i educadors socials"},"content":{"rendered":"<p><img loading=\"lazy\" decoding=\"async\" class=\"alignnone size-large wp-image-16966\" src=\"https:\/\/agora.xtec.cat\/ceip-jruyra-l-h\/wp-content\/uploads\/usu2049\/2025\/10\/cartell-tis-es_page-0001-1-1024x576.jpg\" alt=\"\" width=\"1024\" height=\"576\" srcset=\"https:\/\/agora.xtec.cat\/ceip-jruyra-l-h\/wp-content\/uploads\/usu2049\/2025\/10\/cartell-tis-es_page-0001-1-1024x576.jpg 1024w, https:\/\/agora.xtec.cat\/ceip-jruyra-l-h\/wp-content\/uploads\/usu2049\/2025\/10\/cartell-tis-es_page-0001-1-300x169.jpg 300w, https:\/\/agora.xtec.cat\/ceip-jruyra-l-h\/wp-content\/uploads\/usu2049\/2025\/10\/cartell-tis-es_page-0001-1-768x432.jpg 768w, https:\/\/agora.xtec.cat\/ceip-jruyra-l-h\/wp-content\/uploads\/usu2049\/2025\/10\/cartell-tis-es_page-0001-1-1536x864.jpg 1536w, https:\/\/agora.xtec.cat\/ceip-jruyra-l-h\/wp-content\/uploads\/usu2049\/2025\/10\/cartell-tis-es_page-0001-1-2048x1152.jpg 2048w\" sizes=\"auto, (max-width: 1024px) 100vw, 1024px\" \/><\/p>\n<p>&nbsp;<\/p>\n<p>El nostre centre disposa d&#8217;una professional d\u2019atenci\u00f3 educativa amb la finalitat de garantir l\u2019equitat en l\u2019acc\u00e9s a l\u2019educaci\u00f3: Una t\u00e8cnica d\u2019integraci\u00f3 social.<\/p>\n<p>La contractaci\u00f3 d\u2019aquesta professional est\u00e0 cofinan\u00e7ada en un 40 % per la Uni\u00f3 Europea i la resta pel Departament d\u2019Educaci\u00f3 i Formaci\u00f3 Professional, fet que comporta complir unes mesures de publicitat i comunicaci\u00f3.<\/p>\n<p>La incorporaci\u00f3 de t\u00e8cnics d\u2019integraci\u00f3 social<strong>\u00a0t\u00e9 com a objecte<\/strong> suplementar amb professionals d&#8217;atenci\u00f3 educativa l&#8217;activitat que es presta en els centres educatius, amb la finalitat de garantir l&#8217;equitat en l&#8217;acc\u00e9s a l\u2019educaci\u00f3.<\/p>\n<p>Els objectius del <strong>Programa de t\u00e8cnics d\u2019integraci\u00f3 social i educadors socials<\/strong>, <strong>cofinan\u00e7at per la Uni\u00f3 Europea<\/strong>, s\u00f3n:<\/p>\n<ul>\n<li>Prevenir l\u2019abandonament prematur i el frac\u00e0s escolar.<\/li>\n<li>Procurar el benestar emocional dels alumnes.<\/li>\n<li>Facilitar una bona conviv\u00e8ncia en els centres educatius.<\/li>\n<li>Contribuir a l\u2019orientaci\u00f3 dels alumnes.<\/li>\n<li>Fomentar la implicaci\u00f3 de les fam\u00edlies.<\/li>\n<li>Fomentar el vincle entre l\u2019escola i el seu entorn.<\/li>\n<li>Contribuir al desenvolupament de plans d\u2019\u00e0mbit comunitari.<\/li>\n<\/ul>\n<p>El resultat esperat del programa \u00e9s reduir l\u2019absentisme escolar i l\u2019abandonament prematur.<\/p>\n","protected":false},"excerpt":{"rendered":"<p>&nbsp;<br \/>\nEl nostre centre disposa d&#8217;una professional d\u2019atenci\u00f3 educativa amb la finalitat de garantir l\u2019equitat en l\u2019acc\u00e9s a l\u2019educaci\u00f3: Una t\u00e8cnica d\u2019integraci\u00f3 social.<br \/>\nLa contractaci\u00f3 d\u2019aquesta professional est\u00e0 cofinan\u00e7ada en un 40 % per la Uni\u00f3 Europea i la resta pel Departament d\u2019Educaci\u00f3 i Formaci\u00f3 Professional, fet&hellip;  <a href=\"https:\/\/agora.xtec.cat\/ceip-jruyra-l-h\/lescola\/programa-tecnics-dintegracio-social-i-educadors-socials\/\" title=\"Read Programa de contractaci\u00f3 de t\u00e8cnics d\u2019integraci\u00f3 social i educadors socials\">Llegeix m\u00e9s\u00bb<\/a><\/p>\n","protected":false},"author":3,"featured_media":0,"parent":22,"menu_order":6,"comment_status":"closed","ping_status":"closed","template":"","meta":{"_bbp_topic_count":0,"_bbp_reply_count":0,"_bbp_total_topic_count":0,"_bbp_total_reply_count":0,"_bbp_voice_count":0,"_bbp_anonymous_reply_count":0,"_bbp_topic_count_hidden":0,"_bbp_reply_count_hidden":0,"_bbp_forum_subforum_count":0,"footnotes":""},"class_list":["post-14961","page","type-page","status-publish","hentry"],"post_mailing_queue_ids":[],"_links":{"self":[{"href":"https:\/\/agora.xtec.cat\/ceip-jruyra-l-h\/wp-json\/wp\/v2\/pages\/14961","targetHints":{"allow":["GET"]}}],"collection":[{"href":"https:\/\/agora.xtec.cat\/ceip-jruyra-l-h\/wp-json\/wp\/v2\/pages"}],"about":[{"href":"https:\/\/agora.xtec.cat\/ceip-jruyra-l-h\/wp-json\/wp\/v2\/types\/page"}],"author":[{"embeddable":true,"href":"https:\/\/agora.xtec.cat\/ceip-jruyra-l-h\/wp-json\/wp\/v2\/users\/3"}],"replies":[{"embeddable":true,"href":"https:\/\/agora.xtec.cat\/ceip-jruyra-l-h\/wp-json\/wp\/v2\/comments?post=14961"}],"version-history":[{"count":6,"href":"https:\/\/agora.xtec.cat\/ceip-jruyra-l-h\/wp-json\/wp\/v2\/pages\/14961\/revisions"}],"predecessor-version":[{"id":16967,"href":"https:\/\/agora.xtec.cat\/ceip-jruyra-l-h\/wp-json\/wp\/v2\/pages\/14961\/revisions\/16967"}],"up":[{"embeddable":true,"href":"https:\/\/agora.xtec.cat\/ceip-jruyra-l-h\/wp-json\/wp\/v2\/pages\/22"}],"wp:attachment":[{"href":"https:\/\/agora.xtec.cat\/ceip-jruyra-l-h\/wp-json\/wp\/v2\/media?parent=14961"}],"curies":[{"name":"wp","href":"https:\/\/api.w.org\/{rel}","templated":true}]}}

Programa de contractació de tècnics d’integració social i educadors socials

<p><img loading="lazy" decoding="async" class="alignnone size-large wp-image-16966" src="https://agora.xtec.cat/ceip-jruyra-l-h/wp-content/uploads/usu2049/2025/10/cartell-tis-es_page-0001-1-1024x576.jpg" alt="" width="1024" height="576" srcset="https://agora.xtec.cat/ceip-jruyra-l-h/wp-content/uploads/usu2049/2025/10/cartell-tis-es_page-0001-1-1024x576.jpg 1024w, https://agora.xtec.cat/ceip-jruyra-l-h/wp-content/uploads/usu2049/2025/10/cartell-tis-es_page-0001-1-300x169.jpg 300w, https://agora.xtec.cat/ceip-jruyra-l-h/wp-content/uploads/usu2049/2025/10/cartell-tis-es_page-0001-1-768x432.jpg 768w, https://agora.xtec.cat/ceip-jruyra-l-h/wp-content/uploads/usu2049/2025/10/cartell-tis-es_page-0001-1-1536x864.jpg 1536w, https://agora.xtec.cat/ceip-jruyra-l-h/wp-content/uploads/usu2049/2025/10/cartell-tis-es_page-0001-1-2048x1152.jpg 2048w" sizes="auto, (max-width: 1024px) 100vw, 1024px" /></p>
<p>&nbsp;</p>
<p>El nostre centre disposa d&#8217;una professional d’atenció educativa amb la finalitat de garantir l’equitat en l’accés a l’educació: Una tècnica d’integració social.</p>
<p>La contractació d’aquesta professional està cofinançada en un 40 % per la Unió Europea i la resta pel Departament d’Educació i Formació Professional, fet que comporta complir unes mesures de publicitat i comunicació.</p>
<p>La incorporació de tècnics d’integració social<strong> té com a objecte</strong> suplementar amb professionals d&#8217;atenció educativa l&#8217;activitat que es presta en els centres educatius, amb la finalitat de garantir l&#8217;equitat en l&#8217;accés a l’educació.</p>
<p>Els objectius del <strong>Programa de tècnics d’integració social i educadors socials</strong>, <strong>cofinançat per la Unió Europea</strong>, són:</p>
<ul>
<li>Prevenir l’abandonament prematur i el fracàs escolar.</li>
<li>Procurar el benestar emocional dels alumnes.</li>
<li>Facilitar una bona convivència en els centres educatius.</li>
<li>Contribuir a l’orientació dels alumnes.</li>
<li>Fomentar la implicació de les famílies.</li>
<li>Fomentar el vincle entre l’escola i el seu entorn.</li>
<li>Contribuir al desenvolupament de plans d’àmbit comunitari.</li>
</ul>
<p>El resultat esperat del programa és reduir l’absentisme escolar i l’abandonament prematur.</p>

<p>&nbsp;<br />
El nostre centre disposa d&#8217;una professional d’atenció educativa amb la finalitat de garantir l’equitat en l’accés a l’educació: Una tècnica d’integració social.<br />
La contractació d’aquesta professional està cofinançada en un 40 % per la Unió Europea i la resta pel Departament d’Educació i Formació Professional, fet&hellip;  <a href="https://agora.xtec.cat/ceip-jruyra-l-h/lescola/programa-tecnics-dintegracio-social-i-educadors-socials/" title="Read Programa de contractació de tècnics d’integració social i educadors socials">Llegeix més»</a></p>
