{"id":12627,"date":"2022-06-01T09:21:36","date_gmt":"2022-06-01T07:21:36","guid":{"rendered":"https:\/\/agora.xtec.cat\/ceip-jruyra-l-h\/?page_id=12627"},"modified":"2023-03-08T14:03:23","modified_gmt":"2023-03-08T13:03:23","slug":"documents","status":"publish","type":"page","link":"https:\/\/agora.xtec.cat\/ceip-jruyra-l-h\/documents\/","title":{"rendered":"Cultura Digital"},"content":{"rendered":"<p><img loading=\"lazy\" decoding=\"async\" class=\"alignnone size-large wp-image-12507\" src=\"https:\/\/agora.xtec.cat\/ceip-jruyra-l-h\/wp-content\/uploads\/usu2049\/2022\/05\/cats-2-1024x134.jpg\" alt=\"\" width=\"1024\" height=\"134\" srcset=\"https:\/\/agora.xtec.cat\/ceip-jruyra-l-h\/wp-content\/uploads\/usu2049\/2022\/05\/cats-2-1024x134.jpg 1024w, https:\/\/agora.xtec.cat\/ceip-jruyra-l-h\/wp-content\/uploads\/usu2049\/2022\/05\/cats-2-300x39.jpg 300w, https:\/\/agora.xtec.cat\/ceip-jruyra-l-h\/wp-content\/uploads\/usu2049\/2022\/05\/cats-2-768x100.jpg 768w, https:\/\/agora.xtec.cat\/ceip-jruyra-l-h\/wp-content\/uploads\/usu2049\/2022\/05\/cats-2-1536x200.jpg 1536w, https:\/\/agora.xtec.cat\/ceip-jruyra-l-h\/wp-content\/uploads\/usu2049\/2022\/05\/cats-2.jpg 1900w\" sizes=\"auto, (max-width: 1024px) 100vw, 1024px\" \/><\/p>\n<ul class=\"side-nav\">\n<li>\n<h4><strong>\u00cdNDEX<\/strong><\/h4>\n<\/li>\n<li class=\"page_item page-item-12513\"><a title=\"Comissi\u00f3 Estrat\u00e8gia Digital de Centre\" href=\"https:\/\/agora.xtec.cat\/ceip-jruyra-l-h\/lescola\/estrategia-digital-de-centre\/comissio-estrategia-digital-de-centre\/\">&#8211; Comissi\u00f3 Estrat\u00e8gia Digital de Centre<\/a><\/li>\n<li class=\"page_item page-item-12517\"><a title=\"Diagnosi\" href=\"https:\/\/agora.xtec.cat\/ceip-jruyra-l-h\/lescola\/estrategia-digital-de-centre\/diagnosi\/\">&#8211; Diagnosi<\/a><\/li>\n<li class=\"page_item page-item-12528\"><a title=\"Objectius\" href=\"https:\/\/docs.google.com\/spreadsheets\/u\/2\/d\/e\/2PACX-1vQbCPDY-MZ9clnAG8qrR2wO4g_SRMCnAS36AJgVZBJFPC-y1yoI6fFWh6nUWjwwcrU0c2OMnJEWaOBd\/pubhtml\" target=\"_blank\" rel=\"noopener\">&#8211; Objectius<\/a><\/li>\n<li><a href=\"https:\/\/docs.google.com\/spreadsheets\/d\/e\/2PACX-1vQbSdtxamj-FhAcbB-4ziQhF1aKAzRQ-UjvLkh4W0Lb3gwYSY0Wa1wiOhOvHwpCmw0mt74wGkrMvQsj\/pubhtml\" target=\"_blank\" rel=\"noopener\">&#8211; Indicadors<\/a><\/li>\n<li><a href=\"https:\/\/docs.google.com\/spreadsheets\/d\/e\/2PACX-1vRPov2YsypqgsRjw-SGrq7jDsDtguMC57lAiFS2pE9dO-nizftHwFtBeHSzIxzaDeOCetQ6id2FBF6c\/pubhtml\" target=\"_blank\" rel=\"noopener\">&#8211; Planificaci\u00f3 d&#8217;activitats<\/a><\/li>\n<li><a title=\"Objectius\" href=\"https:\/\/agora.xtec.cat\/ceip-jruyra-l-h\/lescola\/estrategia-digital-de-centre\/documents\/\">&#8211; Cultura Digital<\/a><\/li>\n<\/ul>\n<h4 style=\"text-align: center;\">Cultura Digital<\/h4>\n<p>&nbsp;<\/p>\n<p>En aquest apartat es recullen tots els documents del centre que fan refer\u00e8ncia a aspectes de la cultura digital. D&#8217;aquesta manera, es pot tenir una visi\u00f3 completa de l&#8217;assoliment d&#8217;aquesta cultura pel que fa a centre.<\/p>\n<section id=\"h.5b0a12b269118bd0_3\" class=\"yaqOZd lQAHbd\">\n<div class=\"mYVXT\">\n<div class=\"LS81yb VICjCf j5pSsc db35Fc\" tabindex=\"-1\">\n<div class=\"hJDwNd-AhqUyc-uQSCkd Ft7HRd-AhqUyc-uQSCkd purZT-AhqUyc-II5mzb ZcASvf-AhqUyc-II5mzb pSzOP-AhqUyc-qWD73c Ktthjf-AhqUyc-qWD73c JNdkSc SQVYQc\">\n<div class=\"JNdkSc-SmKAyb LkDMRd\">\n<div class=\"\">\n<div class=\"oKdM2c ZZyype Kzv0Me\">\n<div id=\"h.5b0a12b269118bd0_0\" class=\"hJDwNd-AhqUyc-uQSCkd Ft7HRd-AhqUyc-uQSCkd jXK9ad D2fZ2 zu5uec OjCsFc dmUFtb wHaque g5GTcb JYTMs\">\n<div class=\"jXK9ad-SmKAyb\">\n<div class=\"tyJCtd mGzaTb Depvyb baZpAe\">\n<div><\/div>\n<div><\/div>\n<div class=\"CjVfdc\"><\/div>\n<h6><strong>ENTORN VIRTUAL D&#8217;APRENENTATGE<\/strong><\/h6>\n<p class=\"CjVfdc\"><span style=\"font-family: inherit; font-size: 1em;\">El centre disposa d&#8217;un domini G Suite for Education propi. D&#8217;aquesta manera l&#8217;alumnat i el professorat disposen d&#8217;un usuari @joaquimruyra.cat .per fer \u00fas dels Chromebooks amb els quals treballem a l&#8217;escola.<\/span><\/p>\n<\/div>\n<\/div>\n<\/div>\n<\/div>\n<\/div>\n<\/div>\n<\/div>\n<\/div>\n<\/div>\n<\/section>\n<section id=\"h.5b0a12b269118bd0_7\" class=\"yaqOZd\">\n<div class=\"mYVXT\">\n<div class=\"LS81yb VICjCf j5pSsc db35Fc\" tabindex=\"-1\">\n<div class=\"hJDwNd-AhqUyc-OiUrBf Ft7HRd-AhqUyc-OiUrBf purZT-AhqUyc-II5mzb ZcASvf-AhqUyc-II5mzb pSzOP-AhqUyc-qWD73c Ktthjf-AhqUyc-qWD73c JNdkSc SQVYQc\">\n<div class=\"JNdkSc-SmKAyb LkDMRd\">\n<div class=\"\">\n<div class=\"oKdM2c ZZyype Kzv0Me\">\n<div id=\"h.5b0a12b269118bd0_4\" class=\"hJDwNd-AhqUyc-OiUrBf Ft7HRd-AhqUyc-OiUrBf jXK9ad D2fZ2 zu5uec OjCsFc dmUFtb wHaque g5GTcb JYTMs\">\n<div class=\"jXK9ad-SmKAyb\">\n<div class=\"tyJCtd mGzaTb Depvyb baZpAe\">\n<p dir=\"ltr\"><img loading=\"lazy\" decoding=\"async\" class=\"alignnone wp-image-14051 size-medium\" src=\"https:\/\/agora.xtec.cat\/ceip-jruyra-l-h\/wp-content\/uploads\/usu2049\/2023\/03\/EmbeddedImage-300x123.png\" alt=\"\" width=\"300\" height=\"123\" srcset=\"https:\/\/agora.xtec.cat\/ceip-jruyra-l-h\/wp-content\/uploads\/usu2049\/2023\/03\/EmbeddedImage-300x123.png 300w, https:\/\/agora.xtec.cat\/ceip-jruyra-l-h\/wp-content\/uploads\/usu2049\/2023\/03\/EmbeddedImage-1024x421.png 1024w, https:\/\/agora.xtec.cat\/ceip-jruyra-l-h\/wp-content\/uploads\/usu2049\/2023\/03\/EmbeddedImage-768x316.png 768w, https:\/\/agora.xtec.cat\/ceip-jruyra-l-h\/wp-content\/uploads\/usu2049\/2023\/03\/EmbeddedImage.png 1280w\" sizes=\"auto, (max-width: 300px) 100vw, 300px\" \/><\/p>\n<h6 dir=\"ltr\"><strong>PLA DE COMUNICACI\u00d3<\/strong><\/h6>\n<p dir=\"ltr\">El Pla de Comunicaci\u00f3 \u00e9s un document que explica com s\u2019organitza la comunicaci\u00f3 a la nostra Comunitat d\u2019Aprenentatge. Aquest document ha de garantir que tothom pugui con\u00e8ixer quines s\u00f3n les l\u00ednies mestres a seguir i objectius en aquest \u00e0mbit; ha de marcar les estrat\u00e8gies, recursos, canals i accions a desenvolupar per generar una comunicaci\u00f3 eficient que ens permeti difondre de manera sistem\u00e0tica tot all\u00f2 que es desenvolupa en el nostre centre.<\/p>\n<p dir=\"ltr\"><a href=\"https:\/\/agora.xtec.cat\/ceip-jruyra-l-h\/docs\/documents-oficials\/?bp-attachment=Pla-Comunicacio-Web.pdf\"><img loading=\"lazy\" decoding=\"async\" class=\"alignnone wp-image-14054 size-medium\" src=\"https:\/\/agora.xtec.cat\/ceip-jruyra-l-h\/wp-content\/uploads\/usu2049\/2023\/03\/Captura-2-300x129.png\" alt=\"\" width=\"300\" height=\"129\" srcset=\"https:\/\/agora.xtec.cat\/ceip-jruyra-l-h\/wp-content\/uploads\/usu2049\/2023\/03\/Captura-2-300x129.png 300w, https:\/\/agora.xtec.cat\/ceip-jruyra-l-h\/wp-content\/uploads\/usu2049\/2023\/03\/Captura-2.png 655w\" sizes=\"auto, (max-width: 300px) 100vw, 300px\" \/><\/a><\/p>\n<\/div>\n<\/div>\n<\/div>\n<\/div>\n<\/div>\n<\/div>\n<\/div>\n<\/div>\n<\/div>\n<\/section>\n<p>&nbsp;<\/p>\n","protected":false},"excerpt":{"rendered":"<ul class=\"side-nav\">\n<li>\n\u00cdNDEX\n<\/li>\n<li class=\"page_item page-item-12513\"><a title=\"Comissi\u00f3 Estrat\u00e8gia Digital de Centre\" href=\"https:\/\/agora.xtec.cat\/ceip-jruyra-l-h\/lescola\/estrategia-digital-de-centre\/comissio-estrategia-digital-de-centre\/\">&#8211; Comissi\u00f3 Estrat\u00e8gia Digital de Centre<\/a><\/li>\n<li class=\"page_item page-item-12517\"><a title=\"Diagnosi\" href=\"https:\/\/agora.xtec.cat\/ceip-jruyra-l-h\/lescola\/estrategia-digital-de-centre\/diagnosi\/\">&#8211; Diagnosi<\/a><\/li>\n<li class=\"page_item page-item-12528\"><a title=\"Objectius\" href=\"https:\/\/docs.google.com\/spreadsheets\/u\/2\/d\/e\/2PACX-1vQbCPDY-MZ9clnAG8qrR2wO4g_SRMCnAS36AJgVZBJFPC-y1yoI6fFWh6nUWjwwcrU0c2OMnJEWaOBd\/pubhtml\" target=\"_blank\" rel=\"noopener\">&#8211; Objectius<\/a><\/li>\n<li><a href=\"https:\/\/docs.google.com\/spreadsheets\/d\/e\/2PACX-1vQbSdtxamj-FhAcbB-4ziQhF1aKAzRQ-UjvLkh4W0Lb3gwYSY0Wa1wiOhOvHwpCmw0mt74wGkrMvQsj\/pubhtml\" target=\"_blank\" rel=\"noopener\">&#8211; Indicadors<\/a><\/li>\n<li><a href=\"https:\/\/docs.google.com\/spreadsheets\/d\/e\/2PACX-1vRPov2YsypqgsRjw-SGrq7jDsDtguMC57lAiFS2pE9dO-nizftHwFtBeHSzIxzaDeOCetQ6id2FBF6c\/pubhtml\" target=\"_blank\" rel=\"noopener\">&#8211; Planificaci\u00f3 d&#8217;activitats<\/a><\/li>\n<li><a title=\"Objectius\" href=\"https:\/\/agora.xtec.cat\/ceip-jruyra-l-h\/lescola\/estrategia-digital-de-centre\/documents\/\">&#8211; Cultura Digital<\/a><\/li>\n<\/ul>\n<p>Cultura Digital<br \/>\n&nbsp;<br \/>\nEn aquest apartat es recullen&hellip;  <a href=\"https:\/\/agora.xtec.cat\/ceip-jruyra-l-h\/documents\/\" title=\"Read Cultura Digital\">Llegeix m\u00e9s\u00bb<\/a><\/p>\n","protected":false},"author":3,"featured_media":0,"parent":0,"menu_order":4,"comment_status":"closed","ping_status":"closed","template":"page-templates\/side-menu.php","meta":{"_bbp_topic_count":0,"_bbp_reply_count":0,"_bbp_total_topic_count":0,"_bbp_total_reply_count":0,"_bbp_voice_count":0,"_bbp_anonymous_reply_count":0,"_bbp_topic_count_hidden":0,"_bbp_reply_count_hidden":0,"_bbp_forum_subforum_count":0,"footnotes":""},"class_list":["post-12627","page","type-page","status-publish","hentry"],"post_mailing_queue_ids":[],"_links":{"self":[{"href":"https:\/\/agora.xtec.cat\/ceip-jruyra-l-h\/wp-json\/wp\/v2\/pages\/12627","targetHints":{"allow":["GET"]}}],"collection":[{"href":"https:\/\/agora.xtec.cat\/ceip-jruyra-l-h\/wp-json\/wp\/v2\/pages"}],"about":[{"href":"https:\/\/agora.xtec.cat\/ceip-jruyra-l-h\/wp-json\/wp\/v2\/types\/page"}],"author":[{"embeddable":true,"href":"https:\/\/agora.xtec.cat\/ceip-jruyra-l-h\/wp-json\/wp\/v2\/users\/3"}],"replies":[{"embeddable":true,"href":"https:\/\/agora.xtec.cat\/ceip-jruyra-l-h\/wp-json\/wp\/v2\/comments?post=12627"}],"version-history":[{"count":4,"href":"https:\/\/agora.xtec.cat\/ceip-jruyra-l-h\/wp-json\/wp\/v2\/pages\/12627\/revisions"}],"predecessor-version":[{"id":14059,"href":"https:\/\/agora.xtec.cat\/ceip-jruyra-l-h\/wp-json\/wp\/v2\/pages\/12627\/revisions\/14059"}],"wp:attachment":[{"href":"https:\/\/agora.xtec.cat\/ceip-jruyra-l-h\/wp-json\/wp\/v2\/media?parent=12627"}],"curies":[{"name":"wp","href":"https:\/\/api.w.org\/{rel}","templated":true}]}}