{"id":5682,"date":"2022-10-17T00:02:55","date_gmt":"2022-10-16T22:02:55","guid":{"rendered":"https:\/\/agora.xtec.cat\/ceip-jrj\/?page_id=5682"},"modified":"2025-02-14T15:45:34","modified_gmt":"2025-02-14T14:45:34","slug":"gestio-economica","status":"publish","type":"page","link":"https:\/\/agora.xtec.cat\/ceip-jrj\/gestio-economica\/","title":{"rendered":"Gesti\u00f3 econ\u00f2mica"},"content":{"rendered":"<div class=\"flex max-w-full flex-col flex-grow\">\n<div class=\"min-h-8 text-message flex w-full flex-col items-end gap-2 whitespace-normal break-words text-start [.text-message+&amp;]:mt-5\" dir=\"auto\" data-message-author-role=\"assistant\" data-message-id=\"253ec46e-8b4a-4781-8f0a-37fd9924e47c\" data-message-model-slug=\"gpt-4o\">\n<div class=\"flex w-full flex-col gap-1 empty:hidden first:pt-[3px]\">\n<div class=\"markdown prose w-full break-words dark:prose-invert light\">\n<p data-start=\"24\" data-end=\"303\">A la nostra escola creiem en la transpar\u00e8ncia i la responsabilitat en la gesti\u00f3 dels recursos econ\u00f2mics. En aquest apartat trobareu tota la informaci\u00f3 relacionada amb el pressupost del centre.<\/p>\n<p data-start=\"305\" data-end=\"583\" data-is-last-node=\"\">El nostre objectiu \u00e9s garantir una administraci\u00f3 eficient i equilibrada que respongui a les necessitats educatives de l&#8217;alumnat i al funcionament de l&#8217;escola. Us convidem a consultar la documentaci\u00f3 disponible per con\u00e8ixer de primera m\u00e0 com es gestionen els recursos del centre.<\/p>\n<p data-start=\"305\" data-end=\"583\" data-is-last-node=\"\"><a href=\"https:\/\/drive.google.com\/file\/d\/1bJUubtrxogsrk-gZIXI3W4UpCvlsWwGI\/view?usp=sharing\">Curs 2024-2025<\/a><\/p>\n<\/div>\n<\/div>\n<\/div>\n<\/div>\n","protected":false},"excerpt":{"rendered":"<p>A la nostra escola creiem en la transpar\u00e8ncia i la responsabilitat en la gesti\u00f3 dels recursos econ\u00f2mics. En aquest apartat trobareu tota la informaci\u00f3 relacionada amb el pressupost del centre.<br \/>\nEl nostre objectiu \u00e9s garantir una administraci\u00f3 eficient i equilibrada que respongui a les necessitats educatives&hellip;  <a href=\"https:\/\/agora.xtec.cat\/ceip-jrj\/gestio-economica\/\" title=\"Read Gesti\u00f3 econ\u00f2mica\">Llegeix m\u00e9s\u00bb<\/a><\/p>\n","protected":false},"author":1,"featured_media":0,"parent":0,"menu_order":0,"comment_status":"closed","ping_status":"closed","template":"","meta":{"_bbp_topic_count":0,"_bbp_reply_count":0,"_bbp_total_topic_count":0,"_bbp_total_reply_count":0,"_bbp_voice_count":0,"_bbp_anonymous_reply_count":0,"_bbp_topic_count_hidden":0,"_bbp_reply_count_hidden":0,"_bbp_forum_subforum_count":0,"footnotes":""},"class_list":["post-5682","page","type-page","status-publish","hentry"],"post_mailing_queue_ids":[],"_links":{"self":[{"href":"https:\/\/agora.xtec.cat\/ceip-jrj\/wp-json\/wp\/v2\/pages\/5682","targetHints":{"allow":["GET"]}}],"collection":[{"href":"https:\/\/agora.xtec.cat\/ceip-jrj\/wp-json\/wp\/v2\/pages"}],"about":[{"href":"https:\/\/agora.xtec.cat\/ceip-jrj\/wp-json\/wp\/v2\/types\/page"}],"author":[{"embeddable":true,"href":"https:\/\/agora.xtec.cat\/ceip-jrj\/wp-json\/wp\/v2\/users\/1"}],"replies":[{"embeddable":true,"href":"https:\/\/agora.xtec.cat\/ceip-jrj\/wp-json\/wp\/v2\/comments?post=5682"}],"version-history":[{"count":6,"href":"https:\/\/agora.xtec.cat\/ceip-jrj\/wp-json\/wp\/v2\/pages\/5682\/revisions"}],"predecessor-version":[{"id":7359,"href":"https:\/\/agora.xtec.cat\/ceip-jrj\/wp-json\/wp\/v2\/pages\/5682\/revisions\/7359"}],"wp:attachment":[{"href":"https:\/\/agora.xtec.cat\/ceip-jrj\/wp-json\/wp\/v2\/media?parent=5682"}],"curies":[{"name":"wp","href":"https:\/\/api.w.org\/{rel}","templated":true}]}}

Gestió econòmica

<div class="flex max-w-full flex-col flex-grow">
<div class="min-h-8 text-message flex w-full flex-col items-end gap-2 whitespace-normal break-words text-start [.text-message+&amp;]:mt-5" dir="auto" data-message-author-role="assistant" data-message-id="253ec46e-8b4a-4781-8f0a-37fd9924e47c" data-message-model-slug="gpt-4o">
<div class="flex w-full flex-col gap-1 empty:hidden first:pt-[3px]">
<div class="markdown prose w-full break-words dark:prose-invert light">
<p data-start="24" data-end="303">A la nostra escola creiem en la transparència i la responsabilitat en la gestió dels recursos econòmics. En aquest apartat trobareu tota la informació relacionada amb el pressupost del centre.</p>
<p data-start="305" data-end="583" data-is-last-node="">El nostre objectiu és garantir una administració eficient i equilibrada que respongui a les necessitats educatives de l&#8217;alumnat i al funcionament de l&#8217;escola. Us convidem a consultar la documentació disponible per conèixer de primera mà com es gestionen els recursos del centre.</p>
<p data-start="305" data-end="583" data-is-last-node=""><a href="https://drive.google.com/file/d/1bJUubtrxogsrk-gZIXI3W4UpCvlsWwGI/view?usp=sharing">Curs 2024-2025</a></p>
</div>
</div>
</div>
</div>

<p>A la nostra escola creiem en la transparència i la responsabilitat en la gestió dels recursos econòmics. En aquest apartat trobareu tota la informació relacionada amb el pressupost del centre.<br />
El nostre objectiu és garantir una administració eficient i equilibrada que respongui a les necessitats educatives&hellip;  <a href="https://agora.xtec.cat/ceip-jrj/gestio-economica/" title="Read Gestió econòmica">Llegeix més»</a></p>
