{"id":3884,"date":"2021-01-31T17:30:35","date_gmt":"2021-01-31T16:30:35","guid":{"rendered":"http:\/\/agora.xtec.cat\/ceip-jrj\/?page_id=3884"},"modified":"2026-03-27T17:28:01","modified_gmt":"2026-03-27T16:28:01","slug":"altres","status":"publish","type":"page","link":"https:\/\/agora.xtec.cat\/ceip-jrj\/serveis-2\/menjador\/altres\/","title":{"rendered":"Men\u00fa"},"content":{"rendered":"<p>Aqu\u00ed podeu veure els men\u00fas basal de cada trimestre i les derivacions que se&#8217;n fan.<\/p>\n<p><strong>Men\u00fa:<\/strong><\/p>\n<p><img loading=\"lazy\" decoding=\"async\" class=\"alignnone wp-image-8073\" src=\"https:\/\/agora.xtec.cat\/ceip-jrj\/wp-content\/uploads\/usu280\/2026\/03\/basal-1.pptx_pages-to-jpg-0002.jpg\" alt=\"\" width=\"496\" height=\"701\" srcset=\"https:\/\/agora.xtec.cat\/ceip-jrj\/wp-content\/uploads\/usu280\/2026\/03\/basal-1.pptx_pages-to-jpg-0002.jpg 1240w, https:\/\/agora.xtec.cat\/ceip-jrj\/wp-content\/uploads\/usu280\/2026\/03\/basal-1.pptx_pages-to-jpg-0002-212x300.jpg 212w, https:\/\/agora.xtec.cat\/ceip-jrj\/wp-content\/uploads\/usu280\/2026\/03\/basal-1.pptx_pages-to-jpg-0002-724x1024.jpg 724w, https:\/\/agora.xtec.cat\/ceip-jrj\/wp-content\/uploads\/usu280\/2026\/03\/basal-1.pptx_pages-to-jpg-0002-768x1086.jpg 768w, https:\/\/agora.xtec.cat\/ceip-jrj\/wp-content\/uploads\/usu280\/2026\/03\/basal-1.pptx_pages-to-jpg-0002-1087x1536.jpg 1087w\" sizes=\"auto, (max-width: 496px) 100vw, 496px\" \/> <img loading=\"lazy\" decoding=\"async\" class=\"alignnone wp-image-8074\" src=\"https:\/\/agora.xtec.cat\/ceip-jrj\/wp-content\/uploads\/usu280\/2026\/03\/basal-1.pptx_pages-to-jpg-0003.jpg\" alt=\"\" width=\"496\" height=\"701\" srcset=\"https:\/\/agora.xtec.cat\/ceip-jrj\/wp-content\/uploads\/usu280\/2026\/03\/basal-1.pptx_pages-to-jpg-0003.jpg 1240w, https:\/\/agora.xtec.cat\/ceip-jrj\/wp-content\/uploads\/usu280\/2026\/03\/basal-1.pptx_pages-to-jpg-0003-212x300.jpg 212w, https:\/\/agora.xtec.cat\/ceip-jrj\/wp-content\/uploads\/usu280\/2026\/03\/basal-1.pptx_pages-to-jpg-0003-724x1024.jpg 724w, https:\/\/agora.xtec.cat\/ceip-jrj\/wp-content\/uploads\/usu280\/2026\/03\/basal-1.pptx_pages-to-jpg-0003-768x1086.jpg 768w, https:\/\/agora.xtec.cat\/ceip-jrj\/wp-content\/uploads\/usu280\/2026\/03\/basal-1.pptx_pages-to-jpg-0003-1087x1536.jpg 1087w\" sizes=\"auto, (max-width: 496px) 100vw, 496px\" \/><\/p>\n<p>Aquest trimestre segueixen els dies especials que van comen\u00e7ar el curs passat:<\/p>\n<ul type=\"disc\">\n<li><b>Iaia\u2019s day:\u00a0\u00a0<\/b>plats t\u00edpics de la nostra terra que cuinaven els nostres avis i \u00e0vies.<\/li>\n<li><b>Blau o fresh<\/b>: introducci\u00f3 de varietats de peix fresc i\/o blau.<\/li>\n<li><b>No sugar day<\/b>: jornada amb iogurt sense sucre afegit per acostumar el paladar de forma progressiva.<\/li>\n<li><b>Meatless Day<\/b>: promoci\u00f3 del consum de prote\u00efna vegetal per salut i sostenibilitat.<\/li>\n<li><b>Fets al col\u00b7le<\/b>: receptes d\u2019elaboraci\u00f3 pr\u00f2pia, seguint el pas a pas de forma casolana.<\/li>\n<li><b>Triem la fruita<\/b>: diferents varietats a escollir, sempre de forma assistida per part de l\u2019equip de monitors que s\u2019encarreguen de seguir les normes de seguretat.<\/li>\n<li><b>Integral si t\u2019atreveixes<\/b>: foment d\u2019aliments com l\u2019arr\u00f2s, la pasta o el pa, amb propietats beneficioses pels infants.<\/li>\n<li><strong>Tria l&#8217;amanida&#8230;<\/strong><\/li>\n<\/ul>\n","protected":false},"excerpt":{"rendered":"<p>Aqu\u00ed podeu veure els men\u00fas basal de cada trimestre i les derivacions que se&#8217;n fan.<br \/>\nMen\u00fa:<\/p>\n<p>Aquest trimestre segueixen els dies especials que van comen\u00e7ar el curs passat:<\/p>\n<ul type=\"disc\">\n<li>Iaia\u2019s day:\u00a0\u00a0plats t\u00edpics de la nostra terra que cuinaven els nostres avis i \u00e0vies.<\/li>\n<li>Blau o fresh: introducci\u00f3 de&hellip;  <a href=\"https:\/\/agora.xtec.cat\/ceip-jrj\/serveis-2\/menjador\/altres\/\" title=\"Read Men\u00fa\">Llegeix m\u00e9s\u00bb<\/a><br \/>\n","protected":false},"author":1,"featured_media":0,"parent":322,"menu_order":0,"comment_status":"closed","ping_status":"closed","template":"","meta":{"_bbp_topic_count":0,"_bbp_reply_count":0,"_bbp_total_topic_count":0,"_bbp_total_reply_count":0,"_bbp_voice_count":0,"_bbp_anonymous_reply_count":0,"_bbp_topic_count_hidden":0,"_bbp_reply_count_hidden":0,"_bbp_forum_subforum_count":0,"footnotes":""},"class_list":["post-3884","page","type-page","status-publish","hentry"],"post_mailing_queue_ids":[],"_links":{"self":[{"href":"https:\/\/agora.xtec.cat\/ceip-jrj\/wp-json\/wp\/v2\/pages\/3884","targetHints":{"allow":["GET"]}}],"collection":[{"href":"https:\/\/agora.xtec.cat\/ceip-jrj\/wp-json\/wp\/v2\/pages"}],"about":[{"href":"https:\/\/agora.xtec.cat\/ceip-jrj\/wp-json\/wp\/v2\/types\/page"}],"author":[{"embeddable":true,"href":"https:\/\/agora.xtec.cat\/ceip-jrj\/wp-json\/wp\/v2\/users\/1"}],"replies":[{"embeddable":true,"href":"https:\/\/agora.xtec.cat\/ceip-jrj\/wp-json\/wp\/v2\/comments?post=3884"}],"version-history":[{"count":6,"href":"https:\/\/agora.xtec.cat\/ceip-jrj\/wp-json\/wp\/v2\/pages\/3884\/revisions"}],"predecessor-version":[{"id":8093,"href":"https:\/\/agora.xtec.cat\/ceip-jrj\/wp-json\/wp\/v2\/pages\/3884\/revisions\/8093"}],"up":[{"embeddable":true,"href":"https:\/\/agora.xtec.cat\/ceip-jrj\/wp-json\/wp\/v2\/pages\/322"}],"wp:attachment":[{"href":"https:\/\/agora.xtec.cat\/ceip-jrj\/wp-json\/wp\/v2\/media?parent=3884"}],"curies":[{"name":"wp","href":"https:\/\/api.w.org\/{rel}","templated":true}]}}

Menú

<p>Aquí podeu veure els menús basal de cada trimestre i les derivacions que se&#8217;n fan.</p>
<p><strong>Menú:</strong></p>
<p><img loading="lazy" decoding="async" class="alignnone wp-image-8073" src="https://agora.xtec.cat/ceip-jrj/wp-content/uploads/usu280/2026/03/basal-1.pptx_pages-to-jpg-0002.jpg" alt="" width="496" height="701" srcset="https://agora.xtec.cat/ceip-jrj/wp-content/uploads/usu280/2026/03/basal-1.pptx_pages-to-jpg-0002.jpg 1240w, https://agora.xtec.cat/ceip-jrj/wp-content/uploads/usu280/2026/03/basal-1.pptx_pages-to-jpg-0002-212x300.jpg 212w, https://agora.xtec.cat/ceip-jrj/wp-content/uploads/usu280/2026/03/basal-1.pptx_pages-to-jpg-0002-724x1024.jpg 724w, https://agora.xtec.cat/ceip-jrj/wp-content/uploads/usu280/2026/03/basal-1.pptx_pages-to-jpg-0002-768x1086.jpg 768w, https://agora.xtec.cat/ceip-jrj/wp-content/uploads/usu280/2026/03/basal-1.pptx_pages-to-jpg-0002-1087x1536.jpg 1087w" sizes="auto, (max-width: 496px) 100vw, 496px" /> <img loading="lazy" decoding="async" class="alignnone wp-image-8074" src="https://agora.xtec.cat/ceip-jrj/wp-content/uploads/usu280/2026/03/basal-1.pptx_pages-to-jpg-0003.jpg" alt="" width="496" height="701" srcset="https://agora.xtec.cat/ceip-jrj/wp-content/uploads/usu280/2026/03/basal-1.pptx_pages-to-jpg-0003.jpg 1240w, https://agora.xtec.cat/ceip-jrj/wp-content/uploads/usu280/2026/03/basal-1.pptx_pages-to-jpg-0003-212x300.jpg 212w, https://agora.xtec.cat/ceip-jrj/wp-content/uploads/usu280/2026/03/basal-1.pptx_pages-to-jpg-0003-724x1024.jpg 724w, https://agora.xtec.cat/ceip-jrj/wp-content/uploads/usu280/2026/03/basal-1.pptx_pages-to-jpg-0003-768x1086.jpg 768w, https://agora.xtec.cat/ceip-jrj/wp-content/uploads/usu280/2026/03/basal-1.pptx_pages-to-jpg-0003-1087x1536.jpg 1087w" sizes="auto, (max-width: 496px) 100vw, 496px" /></p>
<p>Aquest trimestre segueixen els dies especials que van començar el curs passat:</p>
<ul type="disc">
<li><b>Iaia’s day:  </b>plats típics de la nostra terra que cuinaven els nostres avis i àvies.</li>
<li><b>Blau o fresh</b>: introducció de varietats de peix fresc i/o blau.</li>
<li><b>No sugar day</b>: jornada amb iogurt sense sucre afegit per acostumar el paladar de forma progressiva.</li>
<li><b>Meatless Day</b>: promoció del consum de proteïna vegetal per salut i sostenibilitat.</li>
<li><b>Fets al col·le</b>: receptes d’elaboració pròpia, seguint el pas a pas de forma casolana.</li>
<li><b>Triem la fruita</b>: diferents varietats a escollir, sempre de forma assistida per part de l’equip de monitors que s’encarreguen de seguir les normes de seguretat.</li>
<li><b>Integral si t’atreveixes</b>: foment d’aliments com l’arròs, la pasta o el pa, amb propietats beneficioses pels infants.</li>
<li><strong>Tria l&#8217;amanida&#8230;</strong></li>
</ul>

<p>Aquí podeu veure els menús basal de cada trimestre i les derivacions que se&#8217;n fan.<br />
Menú:</p>
<p>Aquest trimestre segueixen els dies especials que van començar el curs passat:</p>
<ul type="disc">
<li>Iaia’s day:  plats típics de la nostra terra que cuinaven els nostres avis i àvies.</li>
<li>Blau o fresh: introducció de&hellip;  <a href="https://agora.xtec.cat/ceip-jrj/serveis-2/menjador/altres/" title="Read Menú">Llegeix més»</a><br />
